-- Table structure for table `ps_image_shop`
--

CREATE TABLE `ps_image_shop` (
  `id_image` int(11) unsigned NOT NULL,
  `id_shop` int(11) unsigned NOT NULL,
  `cover` tinyint(1) NOT NULL DEFAULT '0',
  KEY `id_image` (`id_image`,`id_shop`,`cover`),
  KEY `id_shop` (`id_shop`)
) ENGINE=InnoDB DEFAULT CHARSET=utf8;

--
-- Dumping data for table `ps_image_shop`
--

INSERT INTO `ps_image_shop` VALUES (1,1,1),(8,1,1),(9,1,1),(13,1,1),(17,1,1),(24,1,1),(25,1,1),(38,1,1),(45,1,0),(46,1,1),(48,1,0),(52,1,0),(54,1,0),(55,1,1),(60,1,1),(61,1,1),(68,1,1),(73,1,1),(80,1,0),(85,1,0),(93,1,0),(99,1,0),(149,1,0),(154,1,0),(155,1,0),(158,1,0),(159,1,0),(262,1,0),(268,1,0),(269,1,0),(272,1,0),(276,1,0),(280,1,0),(281,1,0),(284,1,0),(288,1,0),(292,1,0),(293,1,0),(296,1,1),(297,1,0),(300,1,0),(304,1,0),(308,1,0),(312,1,0),(316,1,0),(320,1,0),(324,1,0),(328,1,0),(332,1,0),(336,1,0),(340,1,0),(344,1,0),(348,1,0),(352,1,0),(356,1,0),(360,1,1),(361,1,0),(364,1,1),(366,1,0),(368,1,1),(369,1,0),(370,1,0),(371,1,0),(372,1,1),(374,1,0),(375,1,0),(376,1,1),(377,1,0),(378,1,0),(379,1,0),(380,1,1),(381,1,0),(382,1,0),(383,1,0),(384,1,1),(385,1,0),(386,1,0),(388,1,1),(389,1,0),(390,1,0),(392,1,1),(396,1,1),(397,1,0),(399,1,0),(400,1,1),(401,1,0),(402,1,0),(403,1,0),(404,1,1),(405,1,0),(406,1,0),(407,1,0),(408,1,1),(409,1,0),(410,1,0),(411,1,0),(412,1,1),(413,1,0),(414,1,0),(415,1,0),(416,1,1),(418,1,0),(419,1,0),(420,1,1),(424,1,1),(428,1,1),(432,1,1),(436,1,1),(438,1,0),(439,1,0),(440,1,1),(444,1,1),(448,1,1),(450,1,0),(451,1,0),(452,1,1),(453,1,0),(456,1,1),(457,1,0),(460,1,1),(461,1,0),(464,1,1),(468,1,1),(472,1,1),(476,1,1),(477,1,0),(478,1,0),(480,1,1),(481,1,0),(484,1,1),(485,1,0),(486,1,0),(488,1,1),(489,1,0),(490,1,0),(492,1,1),(493,1,0),(496,1,1),(497,1,0),(498,1,0),(499,1,0),(500,1,1),(504,1,1),(508,1,1),(512,1,1),(516,1,1),(520,1,1),(521,1,0),(536,1,1),(540,1,1),(544,1,1),(548,1,1),(552,1,1),(553,1,0),(554,1,0),(555,1,0),(556,1,1),(560,1,1),(564,1,1),(568,1,1),(572,1,1),(576,1,1),(580,1,1),(585,1,1),(589,1,1),(593,1,1),(597,1,1),(601,1,1),(605,1,1),(609,1,1),(613,1,1),(621,1,1),(625,1,1),(629,1,1),(633,1,1),(637,1,1),(641,1,1),(645,1,1),(649,1,1),(653,1,1),(657,1,1),(661,1,1),(667,1,1),(671,1,1),(675,1,1),(679,1,1),(683,1,1),(687,1,1),(691,1,1),(695,1,1),(699,1,1),(703,1,1),(707,1,1),(711,1,1),(715,1,1),(719,1,1),(723,1,1),(729,1,1),(730,1,1),(731,1,1),(732,1,0),(733,1,1),(734,1,1),(738,1,1),(742,1,1),(746,1,1),(750,1,1),(754,1,1),(758,1,1),(762,1,1),(766,1,1),(770,1,1),(774,1,1),(778,1,1),(782,1,1),(786,1,1),(787,1,0),(790,1,1),(792,1,0),(793,1,0),(794,1,1),(798,1,1),(802,1,1),(806,1,1),(810,1,1),(814,1,1),(820,1,1),(821,1,1),(822,1,0),(825,1,1),(829,1,1),(833,1,1),(837,1,1),(841,1,1),(845,1,1),(849,1,1),(853,1,1),(857,1,1),(858,1,0),(861,1,1),(865,1,1),(869,1,1),(873,1,1),(877,1,1),(878,1,0),(881,1,1),(885,1,1),(889,1,1),(893,1,1),(897,1,1),(901,1,1),(905,1,1),(909,1,1),(916,1,1),(917,1,0),(920,1,1),(924,1,1),(925,1,0),(928,1,1),(932,1,1),(936,1,1),(937,1,0),(940,1,1),(941,1,0),(944,1,1),(945,1,0),(948,1,1),(949,1,0),(952,1,1),(956,1,1),(960,1,1),(964,1,1),(972,1,1),(976,1,1),(980,1,1),(984,1,1),(988,1,1),(992,1,1),(993,1,0),(996,1,1),(997,1,0),(998,1,0),(1000,1,1),(1004,1,1),(1005,1,0),(1008,1,1),(1012,1,1),(1016,1,1),(1017,1,0),(1020,1,1),(1021,1,0),(1024,1,1),(1025,1,0),(1028,1,1),(1032,1,1),(1044,1,1),(1045,1,0),(1048,1,1),(1052,1,1),(1053,1,0),(1056,1,1),(1060,1,1),(1064,1,1),(1068,1,1),(1072,1,1),(1076,1,1),(1080,1,1),(1084,1,1),(1088,1,1),(1092,1,1),(1096,1,1),(1100,1,1),(1101,1,0),(1102,1,0),(1104,1,1),(1105,1,0),(1108,1,1),(1109,1,0),(1110,1,0),(1112,1,1),(1113,1,0),(1114,1,0),(1116,1,1),(1117,1,0),(1118,1,0),(1121,1,1),(1124,1,1),(1125,1,0),(1126,1,0),(1128,1,1),(1129,1,0),(1132,1,1),(1133,1,0),(1136,1,1),(1137,1,0),(1138,1,0),(1140,1,1),(1141,1,0),(1142,1,0),(1144,1,1),(1148,1,1),(1152,1,1),(1156,1,1),(1160,1,1),(1164,1,1),(1165,1,0),(1168,1,1),(1169,1,0),(1172,1,1),(1173,1,0),(1176,1,1),(1180,1,1),(1181,1,0),(1182,1,0),(1184,1,1),(1185,1,0),(1186,1,0),(1188,1,1),(1189,1,0),(1190,1,0),(1192,1,1),(1193,1,0),(1194,1,0),(1196,1,1),(1197,1,0),(1200,1,1),(1204,1,1),(1208,1,1),(1212,1,1),(1216,1,1),(1220,1,1),(1224,1,1),(1228,1,1),(1232,1,1),(1236,1,1),(1240,1,1),(1244,1,1),(1248,1,1),(1252,1,1),(1256,1,1),(1260,1,1),(1264,1,1),(1268,1,1),(1272,1,1),(1276,1,1),(1280,1,1),(1284,1,1),(1288,1,1),(1292,1,1),(1296,1,1),(1300,1,1),(1304,1,1),(1308,1,1),(1312,1,1),(1316,1,1),(1320,1,1),(1328,1,1),(1332,1,1),(1336,1,1),(1340,1,1),(1344,1,1),(1348,1,1),(1352,1,1),(1356,1,1),(1360,1,1),(1372,1,1),(1376,1,1),(1380,1,1),(1388,1,1),(1392,1,1),(1400,1,1),(1404,1,1),(1408,1,1),(1409,1,0),(1412,1,1),(1413,1,0),(1420,1,1),(1428,1,1),(1432,1,1),(1433,1,0),(1436,1,1),(1437,1,0),(1440,1,1),(1444,1,1),(1448,1,1),(1452,1,1),(1456,1,1),(1460,1,1),(1715,1,1),(1716,1,1),(1717,1,1),(1718,1,1),(1719,1,1),(1720,1,1),(1721,1,1),(1722,1,1),(1723,1,1),(1724,1,1),(1725,1,1),(1726,1,1),(1727,1,1),(1728,1,1),(1729,1,1),(1730,1,1),(1731,1,1),(1732,1,1),(1733,1,1),(1734,1,1),(1735,1,1),(1736,1,1),(1737,1,1),(1738,1,1),(1739,1,1),(1740,1,1),(1741,1,1),(1742,1,1),(1743,1,1),(1744,1,1),(1745,1,1),(1746,1,1),(1747,1,1),(1748,1,1),(1749,1,1),(1750,1,1),(1751,1,1),(1752,1,1),(1753,1,1),(1754,1,1),(1755,1,1),(1756,1,1),(1757,1,1),(1758,1,1),(1759,1,1),(1760,1,1),(1761,1,1),(1762,1,1),(1763,1,1),(1764,1,1),(1765,1,1),(1766,1,1),(1767,1,1),(1768,1,1),(1769,1,1),(1770,1,1),(1771,1,1),(1772,1,1),(1773,1,1),(1774,1,1),(1775,1,1),(1776,1,1),(1777,1,1),(1778,1,1),(1781,1,1),(1785,1,0),(1786,1,0),(1788,1,1),(1791,1,1),(1792,1,0),(1793,1,0),(1794,1,0),(1799,1,1),(1800,1,0),(1801,1,0),(1802,1,0),(1803,1,1),(1804,1,0),(1805,1,0),(1806,1,0),(1807,1,1),(1808,1,0),(1809,1,0),(1810,1,0),(1811,1,1),(1812,1,0),(1813,1,0),(1814,1,0),(1815,1,1),(1816,1,0),(1817,1,0),(1818,1,0),(1819,1,1),(1820,1,0),(1821,1,0),(1822,1,0),(1823,1,1),(1824,1,0),(1825,1,0),(1826,1,0),(1827,1,1),(1828,1,0),(1829,1,0),(1830,1,0),(1831,1,1),(1832,1,0),(1833,1,0),(1834,1,0),(1835,1,1),(1836,1,0),(1837,1,0),(1838,1,0),(1839,1,1),(1840,1,0),(1841,1,0),(1842,1,0),(1843,1,1),(1844,1,0),(1845,1,0),(1846,1,0),(1851,1,1),(1852,1,0),(1853,1,0),(1854,1,0),(1856,1,1),(1858,1,1),(1859,1,0),(1860,1,1),(1867,1,0),(1869,1,1),(1870,1,1),(1871,1,1),(1872,1,1),(1873,1,1),(1874,1,1),(1875,1,1),(1876,1,1),(1877,1,1),(1879,1,1),(1880,1,1),(1881,1,1),(1882,1,1),(1883,1,1),(1884,1,1),(1885,1,1),(1886,1,1),(1887,1,1),(1888,1,1),(1889,1,1),(1890,1,1),(1891,1,1),(1892,1,1),(1893,1,1),(1894,1,1),(1895,1,1),(1896,1,1),(1897,1,1),(1898,1,1),(1899,1,1),(1900,1,1),(1901,1,1),(1902,1,1),(1904,1,1),(1905,1,1),(1906,1,1),(1907,1,1),(1908,1,1),(1909,1,1),(1910,1,1),(1911,1,1),(1912,1,1),(1913,1,1),(1914,1,1),(1915,1,1),(1916,1,1),(1917,1,1),(1918,1,1),(1919,1,1),(1920,1,1),(1921,1,1),(1922,1,1),(1923,1,1),(1924,1,1),(1925,1,1),(1926,1,1),(1927,1,1),(1928,1,1),(1929,1,1),(1930,1,1),(1931,1,1),(1932,1,1),(1933,1,1),(1934,1,1),(1935,1,1),(1936,1,1),(1937,1,1),(1938,1,1),(1939,1,1),(1940,1,1),(1941,1,1),(1942,1,1),(1943,1,1),(1944,1,1),(1945,1,1),(1946,1,1),(1947,1,1),(1948,1,1),(1949,1,1),(1950,1,1),(1951,1,1),(1952,1,1),(1953,1,1),(1954,1,1),(1955,1,1),(1956,1,1),(1957,1,1),(1958,1,1),(1959,1,1),(1960,1,1),(1961,1,1),(1962,1,1),(1963,1,1),(1964,1,1),(1965,1,1),(1966,1,1),(1967,1,1),(1968,1,1),(1969,1,1),(1970,1,1),(1971,1,1),(1972,1,1),(1973,1,1),(1974,1,1),(1975,1,1),(1976,1,1),(1977,1,1),(1979,1,0),(1980,1,0),(1981,1,0),(1982,1,0),(1983,1,0),(1984,1,1),(1985,1,1),(1986,1,0),(1987,1,0),(1988,1,1),(1989,1,0),(1990,1,0),(1995,1,1),(1996,1,0),(1997,1,0),(1999,1,0),(2000,1,1),(2001,1,0),(2002,1,0),(2003,1,0),(2004,1,1),(2005,1,0),(2006,1,0),(2007,1,0),(2008,1,0),(2009,1,0),(2010,1,0),(2011,1,1),(2012,1,0),(2015,1,0),(2016,1,0),(2017,1,1),(2021,1,0),(2022,1,1),(2023,1,0),(2024,1,0),(2025,1,0),(2026,1,0),(2039,1,1),(2040,1,0),(2041,1,1),(2043,1,1),(2044,1,0),(2045,1,1),(2046,1,0),(2056,1,1),(2060,1,0),(2061,1,1),(2062,1,0),(2063,1,0),(2064,1,0),(2065,1,0),(2066,1,0),(2069,1,0),(2070,1,0),(2071,1,0),(2072,1,1),(2074,1,0),(2075,1,0),(2076,1,1),(2077,1,0),(2078,1,1),(2079,1,0),(2080,1,0),(2081,1,1),(2082,1,1),(2083,1,0),(2084,1,0),(2088,1,1),(2091,1,1),(2092,1,0),(2093,1,1),(2095,1,1),(2096,1,0),(2097,1,0),(2101,1,0),(2102,1,0),(2103,1,0),(2104,1,1),(2105,1,0),(2106,1,0),(2107,1,0),(2108,1,1),(2109,1,1),(2110,1,0),(2116,1,0),(2117,1,0),(2118,1,0),(2119,1,0),(2120,1,0),(2121,1,0),(2122,1,0),(2123,1,1),(2124,1,0),(2125,1,0),(2126,1,0),(2127,1,0),(2128,1,1),(2129,1,0),(2130,1,1),(2137,1,0),(2147,1,0),(2148,1,0),(2152,1,0),(2153,1,0),(2154,1,0),(2155,1,1),(2156,1,1),(2157,1,0),(2158,1,0),(2159,1,0),(2162,1,1),(2163,1,0),(2169,1,0),(2170,1,0),(2171,1,0),(2172,1,0),(2173,1,0),(2174,1,1),(2175,1,0),(2176,1,0),(2178,1,0),(2184,1,1),(2187,1,0),(2190,1,1),(2191,1,0),(2192,1,1),(2193,1,1),(2195,1,0),(2196,1,1),(2197,1,0),(2198,1,1),(2199,1,1),(2200,1,0),(2201,1,0),(2202,1,0),(2203,1,0),(2204,1,1),(2205,1,0),(2206,1,1),(2207,1,1),(2208,1,0),(2209,1,0),(2210,1,0),(2211,1,0),(2212,1,1),(2213,1,0),(2214,1,0),(2215,1,0),(2216,1,1),(2217,1,1),(2218,1,1),(2219,1,0),(2220,1,1),(2221,1,0),(2222,1,0),(2223,1,0),(2224,1,0),(2225,1,1),(2226,1,1),(2227,1,0),(2228,1,0),(2229,1,0),(2230,1,0),(2236,1,1),(2237,1,0),(2238,1,0),(2239,1,1),(2240,1,0),(2241,1,1),(2242,1,0),(2243,1,1),(2244,1,0),(2245,1,1),(2246,1,0),(2247,1,1),(2250,1,1),(2251,1,0),(2252,1,1),(2253,1,0),(2254,1,1),(2255,1,1),(2256,1,0),(2257,1,0),(2258,1,0),(2259,1,1),(2260,1,0),(2261,1,1),(2262,1,1),(2263,1,0),(2264,1,0),(2266,1,1),(2267,1,0),(2268,1,0),(2269,1,0),(2270,1,0),(2272,1,0),(2273,1,0),(2275,1,0),(2276,1,0),(2284,1,0),(2285,1,0),(2286,1,1),(2287,1,0),(2288,1,0),(2289,1,0),(2290,1,1),(2291,1,1),(2292,1,1),(2293,1,1),(2294,1,0),(2295,1,0),(2296,1,1),(2297,1,1),(2298,1,0),(2299,1,0),(2300,1,0),(2301,1,1),(2302,1,0),(2303,1,0),(2304,1,0),(2305,1,1),(2306,1,1),(2307,1,0),(2308,1,1),(2309,1,0),(2310,1,0),(2311,1,1),(2312,1,0),(2313,1,0),(2314,1,0),(2315,1,1),(2316,1,0),(2317,1,1),(2318,1,0),(2319,1,0),(2320,1,0),(2321,1,0),(2322,1,0),(2323,1,1),(2324,1,0),(2325,1,0),(2326,1,1),(2327,1,1),(2328,1,0),(2329,1,0),(2330,1,1),(2331,1,0),(2332,1,1),(2333,1,1),(2334,1,0),(2337,1,1),(2338,1,0),(2339,1,1),(2340,1,0),(2341,1,1),(2342,1,0),(2343,1,1),(2344,1,0),(2345,1,0),(2346,1,1),(2347,1,0),(2348,1,0),(2349,1,0),(2350,1,1),(2351,1,0),(2352,1,0),(2353,1,0),(2354,1,1),(2355,1,0),(2356,1,1),(2357,1,0),(2358,1,0),(2359,1,0),(2360,1,1),(2361,1,0),(2364,1,1),(2365,1,0),(2366,1,0),(2367,1,0),(2368,1,0),(2369,1,0),(2370,1,1),(2371,1,1),(2372,1,0),(2373,1,1),(2374,1,1),(2375,1,0),(2376,1,0),(2377,1,1),(2378,1,1),(2379,1,0),(2380,1,1),(2381,1,0),(2382,1,0),(2383,1,0),(2384,1,1),(2385,1,1),(2386,1,0),(2387,1,0),(2388,1,1),(2389,1,0),(2390,1,0),(2391,1,0),(2392,1,1),(2393,1,0),(2394,1,0),(2395,1,1),(2396,1,0),(2397,1,0),(2398,1,0),(2399,1,0),(2400,1,0),(2401,1,1),(2402,1,0),(2403,1,0),(2404,1,0),(2405,1,1),(2406,1,0),(2407,1,0),(2408,1,1),(2409,1,0),(2410,1,0),(2411,1,1),(2412,1,0),(2413,1,0),(2414,1,0),(2415,1,0),(2416,1,1),(2417,1,1),(2418,1,0),(2420,1,0),(2421,1,1),(2422,1,0),(2423,1,0),(2424,1,1),(2425,1,0),(2426,1,0),(2427,1,0),(2428,1,0),(2429,1,1),(2430,1,0),(2431,1,1),(2432,1,0),(2433,1,1),(2434,1,1),(2435,1,1),(2436,1,1),(2437,1,1),(2438,1,1),(2439,1,0),(2440,1,0),(2441,1,1),(2442,1,0),(2443,1,0),(2445,1,0),(2446,1,1),(2447,1,0),(2448,1,1),(2449,1,0),(2450,1,1),(2451,1,0),(2452,1,1),(2453,1,0),(2454,1,1),(2455,1,0),(2456,1,1),(2457,1,1),(2458,1,0),(2459,1,1),(2460,1,1),(2461,1,1),(2462,1,1),(2463,1,1),(2464,1,1),(2465,1,1),(2466,1,1),(2467,1,1),(2468,1,1),(2469,1,1),(2470,1,1),(2471,1,1),(2472,1,0),(2473,1,1),(2484,1,1),(2485,1,0),(2486,1,0),(2487,1,0),(2488,1,0),(2489,1,0),(2490,1,0),(2491,1,0),(2492,1,0),(2502,1,1),(2503,1,0),(2504,1,0),(2505,1,0),(2506,1,0),(2507,1,0),(2508,1,1),(2509,1,0),(2510,1,1),(2511,1,0),(2512,1,1),(2513,1,0),(2514,1,0),(2515,1,1),(2516,1,0),(2517,1,1),(2518,1,0),(2519,1,1),(2520,1,0),(2521,1,0),(2522,1,1),(2523,1,0),(2524,1,1),(2525,1,0),(2526,1,0),(2527,1,1),(2528,1,1),(2529,1,1),(2530,1,0),(2531,1,0),(2532,1,1),(2533,1,1),(2534,1,0),(2535,1,1),(2536,1,1),(2537,1,0),(2538,1,0),(2539,1,0),(2540,1,0),(2546,1,1),(2547,1,0),(2548,1,0),(2549,1,0),(2550,1,0),(2551,1,0),(2552,1,0),(2553,1,1),(2554,1,0),(2555,1,0),(2556,1,0),(2557,1,0),(2558,1,0),(2559,1,0),(2560,1,1),(2561,1,0),(2562,1,0),(2563,1,1),(2564,1,0),(2565,1,0),(2566,1,0),(2567,1,1),(2568,1,0),(2569,1,1),(2570,1,0),(2571,1,0),(2572,1,1),(2573,1,0),(2574,1,0),(2575,1,1),(2576,1,0),(2577,1,0),(2578,1,0),(2579,1,0),(2580,1,1),(2581,1,0),(2582,1,0),(2583,1,1),(2586,1,0),(2587,1,1),(2588,1,0),(2589,1,0),(2590,1,0),(2591,1,0),(2592,1,1),(2593,1,0),(2594,1,1),(2595,1,1),(2596,1,0),(2597,1,0),(2598,1,1),(2599,1,0),(2600,1,0),(2601,1,0),(2602,1,0),(2603,1,1),(2604,1,0),(2605,1,0),(2606,1,1),(2607,1,0),(2608,1,0),(2609,1,1),(2610,1,0),(2611,1,1),(2612,1,1),(2613,1,0),(2614,1,0),(2615,1,0),(2616,1,1),(2620,1,0),(2621,1,0),(2622,1,1),(2624,1,0),(2625,1,0),(2626,1,0),(2627,1,0),(2628,1,0),(2629,1,1),(2633,1,1),(2634,1,0),(2637,1,1),(2639,1,0),(2640,1,1),(2641,1,1),(2642,1,0),(2644,1,0),(2646,1,1),(2647,1,0),(2648,1,0),(2649,1,0),(2650,1,0),(2651,1,0),(2652,1,0),(2653,1,0),(2654,1,0),(2655,1,1),(2656,1,0),(2657,1,0),(2658,1,0),(2659,1,1),(2660,1,0),(2661,1,1),(2662,1,0),(2663,1,0),(2664,1,1),(2666,1,1),(2667,1,1),(2668,1,1),(2669,1,0),(2670,1,0),(2671,1,0),(2672,1,0),(2673,1,0),(2674,1,1),(2675,1,1),(2676,1,1),(2677,1,0),(2678,1,1),(2679,1,1),(2680,1,0),(2681,1,1),(2682,1,0),(2683,1,1),(2684,1,0),(2685,1,1),(2686,1,0),(2687,1,0),(2688,1,0),(2689,1,1),(2690,1,0),(2691,1,1),(2692,1,0),(2693,1,1),(2694,1,0),(2697,1,1),(2698,1,0),(2699,1,0),(2700,1,0),(2701,1,0),(2702,1,0),(2703,1,0),(2704,1,0),(2705,1,1),(2706,1,0),(2707,1,0),(2710,1,1),(2711,1,0),(2712,1,1),(2713,1,0),(2714,1,1),(2715,1,0),(2716,1,1),(2717,1,0),(2718,1,0),(2719,1,1),(2721,1,1),(2722,1,0),(2723,1,0),(2724,1,0),(2725,1,0),(2726,1,1),(2727,1,0),(2728,1,1),(2729,1,0),(2730,1,0),(2731,1,1),(2732,1,0),(2733,1,0),(2734,1,0),(2735,1,0),(2736,1,0),(2740,1,1),(2741,1,0),(2743,1,0),(2750,1,1),(2751,1,0),(2752,1,0),(2753,1,1),(2754,1,1),(2755,1,0),(2756,1,0),(2757,1,0),(2758,1,0),(2759,1,0),(2760,1,0),(2761,1,0),(2762,1,0),(2763,1,0),(2764,1,0),(2765,1,0),(2766,1,0),(2767,1,1),(2768,1,1),(2769,1,0),(2770,1,0),(2771,1,0),(2772,1,0),(2773,1,1),(2774,1,0),(2775,1,0),(2776,1,0),(2777,1,0),(2778,1,0),(2779,1,1),(2780,1,0),(2781,1,1),(2782,1,0),(2784,1,1),(2785,1,1),(2786,1,1),(2787,1,1),(2789,1,1),(2790,1,1),(2791,1,1),(2792,1,0),(2793,1,0),(2794,1,1),(2795,1,1),(2796,1,1),(2797,1,1),(2798,1,1),(2799,1,1),(2800,1,1),(2801,1,1),(2802,1,1),(2803,1,1),(2804,1,1),(2805,1,1),(2806,1,1),(2807,1,1),(2808,1,1),(2809,1,1),(2810,1,1),(2811,1,1),(2812,1,1),(2813,1,1),(2814,1,1),(2815,1,1),(2816,1,1),(2817,1,1),(2818,1,1),(2819,1,1),(2820,1,1),(2821,1,1),(2822,1,1),(2823,1,1),(2824,1,1),(2825,1,1),(2826,1,1),(2827,1,1),(2828,1,1),(2833,1,1),(2834,1,1),(2835,1,1),(2836,1,1),(2837,1,1),(2838,1,1),(2839,1,1),(2840,1,1),(2841,1,1),(2842,1,1),(2843,1,1),(2844,1,1),(2845,1,1),(2846,1,1),(2847,1,1),(2848,1,1),(2849,1,1),(2850,1,1),(2851,1,1),(2852,1,1),(2853,1,1),(2854,1,1),(2855,1,1),(2856,1,1),(2857,1,1),(2858,1,1),(2859,1,1),(2860,1,1),(2861,1,1),(2862,1,1),(2863,1,1),(2864,1,1),(2865,1,1),(2866,1,1),(2867,1,1),(2868,1,1),(2869,1,1),(2870,1,1),(2871,1,1),(2872,1,1),(2873,1,1),(2874,1,1),(2875,1,1),(2876,1,1),(2877,1,1),(2878,1,1),(2879,1,1),(2880,1,1),(2881,1,1),(2882,1,1),(2883,1,1),(2884,1,1),(2885,1,1),(2886,1,1),(2887,1,1),(2888,1,1),(2889,1,1),(2890,1,1),(2891,1,1),(2892,1,1),(2893,1,1),(2894,1,1),(2895,1,1),(2896,1,1),(2897,1,1),(2898,1,1),(2899,1,1),(2900,1,1),(2901,1,1),(2902,1,1),(2903,1,1),(2904,1,1),(2905,1,1),(2906,1,1),(2907,1,1),(2908,1,1),(2909,1,1),(2910,1,1),(2911,1,1),(2912,1,1),(2913,1,1),(2914,1,1),(2915,1,1),(2916,1,1),(2917,1,1),(2918,1,1),(2919,1,1),(2920,1,1),(2921,1,1),(2922,1,1),(2923,1,1),(2924,1,1),(2925,1,1),(2926,1,1),(2927,1,1),(2928,1,1),(2929,1,1),(2930,1,1),(2931,1,1),(2932,1,1),(2933,1,1),(2934,1,1),(2935,1,1),(2936,1,1),(2937,1,1),(2938,1,1),(2939,1,1),(2940,1,1),(2941,1,1),(2942,1,1),(2943,1,1),(2944,1,1),(2945,1,1),(2946,1,1),(2947,1,1),(2948,1,1),(2949,1,1),(2950,1,1),(2951,1,1),(2952,1,1),(2953,1,1),(2954,1,1),(2955,1,1),(2956,1,1),(2957,1,1),(2958,1,1),(2959,1,1),(2960,1,1),(2961,1,1),(2962,1,1),(2963,1,1),(2964,1,1),(2965,1,1),(2966,1,1),(2967,1,1),(2968,1,1),(2969,1,1),(2970,1,1),(2971,1,1),(2972,1,1),(2973,1,1),(2974,1,1),(2975,1,1),(2976,1,1),(2977,1,1),(2978,1,1),(2979,1,1),(2980,1,1),(2981,1,1),(2982,1,1),(2983,1,1),(2984,1,1),(2985,1,1),(2986,1,1),(2987,1,1),(2988,1,1),(2989,1,1),(2990,1,1),(2991,1,1),(2992,1,1),(2993,1,1),(2994,1,1),(2995,1,1),(2996,1,1),(2997,1,1),(2998,1,1),(2999,1,1),(3000,1,1),(3001,1,1),(3002,1,1),(3003,1,1),(3004,1,1),(3005,1,1),(3006,1,1),(3007,1,1),(3008,1,1),(3009,1,1),(3010,1,1),(3011,1,1),(3012,1,1),(3013,1,1),(3014,1,1),(3015,1,1),(3016,1,1),(3017,1,1),(3018,1,1),(3019,1,1),(3020,1,1),(3021,1,1),(3022,1,1),(3023,1,1),(3024,1,1),(3025,1,1),(3026,1,1),(3027,1,1),(3028,1,1),(3029,1,1),(3030,1,1),(3031,1,1),(3032,1,1),(3033,1,1),(3034,1,1),(3035,1,1),(3036,1,1),(3037,1,1),(3038,1,1),(3039,1,1),(3040,1,1),(3041,1,1),(3042,1,1),(3043,1,0),(3044,1,1),(3045,1,1),(3046,1,1),(3047,1,1),(3048,1,1),(3049,1,1),(3050,1,1),(3052,1,1),(3053,1,1),(3054,1,1),(3055,1,1),(3056,1,1),(3058,1,1),(3059,1,1),(3060,1,1),(3061,1,1),(3062,1,1),(3063,1,1),(3064,1,1),(3065,1,1),(3066,1,1),(3067,1,1),(3068,1,0),(3069,1,1),(3070,1,1),(3071,1,1),(3072,1,1),(3073,1,1),(3074,1,1),(3075,1,1),(3076,1,1),(3077,1,1),(3078,1,1),(3079,1,1),(3080,1,0),(3081,1,0),(3082,1,0),(3083,1,1),(3084,1,1),(3085,1,1),(3086,1,1),(3087,1,1),(3088,1,1),(3089,1,1),(3090,1,1),(3091,1,1),(3092,1,1),(3093,1,1),(3094,1,1),(3095,1,1),(3096,1,1),(3097,1,1),(3098,1,1),(3099,1,1),(3100,1,1),(3101,1,1),(3102,1,1),(3103,1,1),(3104,1,0),(3105,1,0),(3106,1,1),(3107,1,1),(3108,1,1),(3109,1,1),(3110,1,1),(3111,1,1),(3112,1,1),(3113,1,1),(3114,1,1),(3115,1,1),(3116,1,1),(3117,1,1),(3118,1,1),(3119,1,1),(3120,1,1),(3121,1,1),(3122,1,1),(3123,1,1),(3124,1,1),(3125,1,1),(3126,1,1),(3127,1,0),(3128,1,0),(3129,1,0),(3130,1,1),(3131,1,1),(3132,1,1),(3133,1,1),(3134,1,1),(3135,1,0),(3136,1,1),(3137,1,1),(3138,1,1),(3139,1,1),(3140,1,1),(3141,1,1),(3142,1,1),(3143,1,1),(3144,1,1),(3145,1,1),(3146,1,1),(3147,1,0),(3148,1,1),(3149,1,1),(3150,1,1),(3151,1,1),(3152,1,1),(3153,1,0),(3154,1,0),(3155,1,0),(3156,1,1),(3157,1,1),(3158,1,1),(3159,1,1),(3160,1,1),(3161,1,1),(3162,1,1),(3163,1,1),(3164,1,1),(3165,1,1),(3166,1,1),(3167,1,1),(3168,1,1),(3169,1,1),(3170,1,1),(3171,1,1),(3172,1,1),(3173,1,1),(3174,1,1),(3175,1,1),(3176,1,1),(3177,1,0),(3178,1,0),(3179,1,1),(3180,1,1),(3181,1,1),(3182,1,1),(3183,1,1),(3184,1,1),(3185,1,1),(3186,1,1),(3187,1,1),(3189,1,1),(3190,1,1),(3191,1,1),(3192,1,1),(3193,1,1),(3194,1,1),(3195,1,1),(3196,1,1),(3197,1,1),(3198,1,1),(3199,1,1),(3200,1,1),(3201,1,1),(3202,1,1),(3203,1,1),(3204,1,0),(3230,1,1),(3231,1,1),(3232,1,1),(3234,1,1),(3235,1,0),(3236,1,0),(3237,1,0),(3238,1,0),(3239,1,0),(3240,1,1),(3241,1,1),(3242,1,1),(3243,1,1),(3244,1,0),(3245,1,0),(3247,1,1),(3248,1,1),(3249,1,0),(3250,1,0),(3251,1,1),(3252,1,1),(3253,1,1),(3254,1,1),(3255,1,1),(3256,1,1),(3257,1,1),(3258,1,0),(3259,1,0),(3260,1,0),(3261,1,0),(3262,1,0),(3263,1,0),(3264,1,1),(3265,1,1),(3266,1,1),(3267,1,1),(3268,1,1),(3279,1,1),(3282,1,1),(3283,1,1),(3284,1,1),(3285,1,1),(3286,1,1),(3292,1,1),(3293,1,0),(3294,1,1),(3295,1,0),(3296,1,0),(3297,1,0),(3302,1,1),(3303,1,1),(3304,1,0),(3305,1,0),(3306,1,0),(3307,1,1),(3308,1,1),(3309,1,0),(3310,1,1),(3311,1,0),(3312,1,0),(3313,1,0),(3314,1,1),(3315,1,0),(3316,1,1),(3317,1,0),(3318,1,0),(3322,1,1),(3323,1,0),(3326,1,1),(3327,1,0),(3328,1,1),(3329,1,1),(3331,1,1),(3334,1,1),(3335,1,0),(3336,1,0),(3337,1,1),(3338,1,0),(3339,1,0),(3340,1,0),(3341,1,1),(3342,1,0),(3343,1,0),(3344,1,1),(3345,1,0),(3346,1,0),(3347,1,0),(3348,1,0),(3349,1,1),(3350,1,0),(3353,1,1),(3354,1,0),(3355,1,0),(3356,1,0),(3357,1,0),(3358,1,1),(3359,1,0),(3360,1,1),(3361,1,0),(3362,1,0),(3363,1,0),(3368,1,1),(3369,1,0),(3370,1,0),(3371,1,0),(3372,1,1),(3373,1,0),(3374,1,1),(3375,1,0),(3376,1,1),(3378,1,1),(3379,1,0),(3382,1,1),(3383,1,1),(3384,1,0),(3385,1,0),(3386,1,1),(3387,1,0),(3388,1,1),(3389,1,1),(3390,1,0),(3391,1,1),(3392,1,0),(3393,1,1),(3394,1,1),(3395,1,0),(3397,1,0),(3398,1,1),(3399,1,0),(3400,1,1),(3401,1,0),(3402,1,0),(3403,1,1),(3404,1,0),(3405,1,0),(3409,1,1),(3410,1,0),(3411,1,1),(3412,1,0),(3415,1,1),(3416,1,0),(3419,1,1),(3420,1,0),(3423,1,1),(3424,1,0),(3425,1,1),(3426,1,0),(3427,1,1),(3428,1,0),(3429,1,1),(3430,1,1),(3431,1,0),(3432,1,1),(3433,1,0),(3434,1,0),(3435,1,1),(3436,1,0),(3437,1,1),(3438,1,0),(3439,1,1),(3441,1,0),(3443,1,1),(3444,1,0),(3445,1,0),(3449,1,1),(3450,1,0),(3451,1,1),(3452,1,0),(3453,1,0),(3454,1,1),(3455,1,0),(3456,1,0),(3460,1,1),(3461,1,0),(3462,1,0),(3463,1,1),(3464,1,0),(3465,1,1),(3466,1,0),(3469,1,1),(3471,1,1),(3472,1,1),(3473,1,0),(3474,1,1),(3475,1,1),(3476,1,0),(3477,1,0),(3478,1,0),(3479,1,1),(3480,1,0),(3481,1,0),(3482,1,0),(3483,1,0),(3484,1,1),(3485,1,0),(3486,1,1),(3487,1,1),(3488,1,0),(3489,1,1),(3490,1,0),(3491,1,1),(3492,1,1),(3494,1,1),(3495,1,1),(3498,1,1),(3500,1,1),(3502,1,1),(3503,1,1),(3504,1,1),(3505,1,1),(3507,1,1),(3508,1,1),(3509,1,1),(3510,1,1),(3511,1,1),(3512,1,1),(3514,1,1),(3515,1,1),(3516,1,0),(3517,1,1),(3520,1,1),(3521,1,1),(3522,1,1),(3523,1,1),(3524,1,1),(3525,1,1),(3526,1,1),(3527,1,1),(3528,1,1),(3529,1,1),(3530,1,1),(3531,1,1),(3532,1,0),(3533,1,0),(3534,1,1),(3536,1,1),(3537,1,1),(3538,1,1),(3540,1,1),(3541,1,0),(3542,1,1),(3543,1,0),(3544,1,1),(3545,1,0),(3546,1,0),(3547,1,0),(3548,1,1),(3549,1,0),(3550,1,1),(3551,1,1),(3552,1,0),(3553,1,1),(3554,1,1),(3555,1,0),(3556,1,1),(3557,1,1),(3558,1,1),(3561,1,1),(3563,1,1),(3564,1,1),(3565,1,1),(3568,1,1),(3569,1,1),(3570,1,1),(3571,1,1),(3572,1,1),(3573,1,1),(3574,1,1),(3575,1,1),(3576,1,1),(3577,1,1),(3578,1,1),(3579,1,1),(3580,1,0),(3581,1,1),(3582,1,0),(3583,1,0),(3584,1,1),(3585,1,0),(3586,1,0),(3587,1,1),(3588,1,0),(3591,1,1),(3592,1,1),(3593,1,0),(3594,1,0),(3595,1,0),(3596,1,0),(3597,1,1),(3598,1,1),(3599,1,1),(3600,1,0),(3601,1,1),(3602,1,0),(3603,1,1),(3605,1,1),(3606,1,0),(3607,1,1),(3608,1,0),(3611,1,1),(3612,1,0),(3613,1,1),(3614,1,0),(3615,1,1),(3616,1,0),(3619,1,1),(3621,1,0),(3622,1,1),(3623,1,0),(3626,1,1),(3627,1,0),(3630,1,1),(3631,1,0),(3637,1,1),(3638,1,1),(3639,1,0),(3640,1,1),(3641,1,1),(3642,1,1),(3643,1,1),(3644,1,1),(3646,1,1),(3647,1,1),(3648,1,1),(3649,1,1),(3650,1,1),(3651,1,1),(3652,1,1),(3653,1,1),(3654,1,1),(3655,1,1),(3657,1,1),(3658,1,1),(3659,1,1),(3660,1,1),(3661,1,1),(3662,1,1),(3663,1,1),(3664,1,1),(3665,1,1),(3666,1,1),(3667,1,1),(3668,1,1),(3669,1,1),(3670,1,1),(3671,1,1),(3672,1,1),(3673,1,1),(3674,1,1),(3675,1,1),(3676,1,1),(3678,1,1),(3679,1,1),(3681,1,1),(3682,1,0),(3683,1,0),(3685,1,0),(3686,1,0),(3687,1,1),(3688,1,0),(3689,1,0),(3691,1,1),(3693,1,0),(3694,1,0),(3695,1,1),(3696,1,0),(3697,1,0),(3699,1,1),(3700,1,0),(3701,1,0),(3703,1,0),(3704,1,0),(3705,1,1),(3707,1,0),(3708,1,0),(3710,1,0),(3711,1,0),(3712,1,0),(3713,1,0),(3714,1,0),(3715,1,0),(3716,1,1),(3717,1,0),(3718,1,0),(3722,1,1),(3723,1,1),(3724,1,1),(3725,1,1),(3726,1,1),(3729,1,1),(3730,1,0),(3732,1,0),(3733,1,1),(3734,1,0),(3736,1,0),(3737,1,1),(3738,1,0),(3740,1,1),(3742,1,0),(3744,1,0),(3745,1,1),(3746,1,1),(3747,1,0),(3749,1,1),(3750,1,1),(3752,1,1),(3753,1,1),(3754,1,1),(3756,1,0),(3757,1,0),(3758,1,0),(3759,1,0),(3760,1,0),(3761,1,0),(3762,1,0),(3763,1,1),(3764,1,1),(3765,1,0),(3766,1,0),(3767,1,0),(3768,1,0),(3769,1,0),(3770,1,0),(3771,1,0),(3772,1,1),(3773,1,1),(3774,1,1),(3776,1,1),(3777,1,1),(3778,1,1),(3779,1,1),(3780,1,1),(3781,1,1),(3782,1,1),(3783,1,1),(3784,1,1),(3785,1,1),(3786,1,1),(3787,1,1),(3788,1,1),(3790,1,1),(3791,1,1),(3792,1,1),(3793,1,1),(3794,1,1),(3800,1,1),(3801,1,0),(3802,1,0),(3803,1,0),(3804,1,0),(3805,1,0),(3806,1,0),(3807,1,0),(3808,1,0),(3809,1,1),(3810,1,0),(3811,1,0),(3812,1,0),(3813,1,0),(3814,1,0),(3815,1,0),(3816,1,0),(3817,1,1),(3818,1,0),(3819,1,0),(3820,1,0),(3821,1,0),(3822,1,0),(3823,1,0),(3824,1,0),(3825,1,1),(3826,1,0),(3827,1,0),(3828,1,0),(3829,1,0),(3830,1,0),(3831,1,0),(3832,1,0),(3833,1,1),(3834,1,0),(3835,1,0),(3836,1,0),(3837,1,0),(3838,1,0),(3839,1,1),(3840,1,0),(3841,1,0),(3842,1,0),(3843,1,0),(3844,1,0),(3845,1,0),(3846,1,0),(3847,1,0),(3848,1,1),(3849,1,0),(3850,1,0),(3851,1,0),(3852,1,0),(3853,1,0),(3854,1,0),(3855,1,0),(3856,1,1),(3857,1,0),(3858,1,0),(3859,1,0),(3860,1,0),(3861,1,1),(3862,1,0),(3863,1,0),(3864,1,0),(3865,1,0),(3866,1,0),(3867,1,0),(3868,1,0),(3869,1,1),(3870,1,0),(3871,1,0),(3872,1,0),(3873,1,0),(3874,1,1),(3875,1,0),(3876,1,0),(3877,1,0),(3878,1,0),(3879,1,0),(3880,1,0),(3881,1,1),(3882,1,0),(3883,1,0),(3884,1,0),(3885,1,0),(3886,1,0),(3887,1,0),(3888,1,1),(3889,1,0),(3890,1,0),(3891,1,0),(3892,1,0),(3893,1,0),(3894,1,0),(3895,1,0),(3896,1,0),(3897,1,1),(3898,1,0),(3899,1,0),(3900,1,0),(3901,1,0),(3902,1,1),(3903,1,0),(3904,1,0),(3905,1,0),(3906,1,0),(3907,1,0),(3908,1,0),(3909,1,0),(3910,1,0),(3911,1,0),(3914,1,1),(3915,1,0),(3916,1,1),(3917,1,1),(3918,1,0),(3919,1,1),(3920,1,1),(3927,1,1),(3928,1,1),(3929,1,1),(3930,1,0),(3931,1,0),(3932,1,0),(3933,1,1),(3934,1,1),(3935,1,1),(3936,1,1),(3937,1,1),(3938,1,1),(3939,1,1),(3940,1,1),(3941,1,1),(3942,1,1),(3943,1,1),(3944,1,1),(3945,1,1),(3946,1,1),(3947,1,1),(3948,1,1),(3949,1,1),(3950,1,1),(3954,1,1),(3955,1,0),(3956,1,0),(3957,1,0),(3959,1,1),(3963,1,0),(3964,1,1),(3965,1,0),(3966,1,0),(3969,1,1),(3970,1,0),(3971,1,0),(3972,1,0),(4007,1,1),(4008,1,1),(4009,1,1),(4010,1,0),(4014,1,0),(4015,1,0),(4016,1,1),(4017,1,1),(4018,1,0),(4019,1,0),(4020,1,0),(4021,1,0),(4022,1,0),(4023,1,1),(4024,1,0),(4025,1,0),(4026,1,0),(4027,1,1),(4028,1,0),(4029,1,0),(4030,1,0),(4031,1,0),(4032,1,1),(4033,1,0),(4034,1,1),(4035,1,0),(4036,1,1),(4037,1,1),(4038,1,1),(4039,1,0),(4040,1,1),(4041,1,0),(4042,1,1),(4043,1,1),(4044,1,1),(4045,1,0),(4046,1,0),(4047,1,0),(4048,1,0),(4049,1,0),(4050,1,0),(4051,1,1),(4052,1,1),(4053,1,1),(4054,1,0),(4055,1,0),(4056,1,0),(4057,1,0),(4068,1,0),(4069,1,1),(4136,1,1),(4138,1,1),(4139,1,0),(4140,1,1),(4151,1,0),(4152,1,0),(4153,1,0),(4154,1,0),(4155,1,0),(4263,1,0),(4264,1,0),(4265,1,0),(4266,1,0),(4267,1,0),(4268,1,1),(4269,1,0),(4270,1,0),(4271,1,1),(4272,1,0),(4273,1,0),(4274,1,0),(4275,1,0),(4276,1,0),(4277,1,0),(4278,1,0),(4279,1,1),(4280,1,0),(4281,1,0),(4282,1,0),(4283,1,0),(4284,1,0),(4285,1,0),(4286,1,0),(4287,1,0),(4288,1,1),(4289,1,0),(4290,1,0),(4291,1,1),(4292,1,0),(4293,1,0),(4294,1,0),(4295,1,0),(4296,1,1),(4297,1,0),(4298,1,1),(4299,1,0),(4300,1,0),(4301,1,0),(4302,1,0),(4303,1,0),(4304,1,0),(4305,1,1),(4306,1,0),(4307,1,0),(4308,1,0),(4309,1,0),(4310,1,0),(4311,1,0),(4312,1,1),(4314,1,1),(4315,1,1),(4316,1,1),(4318,1,1),(4319,1,0),(4323,1,0),(4324,1,1),(4325,1,0),(4326,1,1),(4327,1,0),(4328,1,1),(4329,1,0),(4330,1,0),(4331,1,0),(4332,1,1),(4333,1,0),(4334,1,0),(4335,1,0),(4336,1,0),(4337,1,1),(4338,1,1),(4339,1,0),(4340,1,0),(4341,1,0),(4342,1,0),(4343,1,0),(4344,1,0),(4345,1,0),(4346,1,1),(4347,1,0),(4348,1,0),(4349,1,0),(4350,1,0),(4358,1,1),(4359,1,1),(4360,1,1),(4361,1,1),(4362,1,0),(4363,1,0),(4364,1,1),(4365,1,0),(4366,1,0),(4367,1,0),(4368,1,0),(4369,1,1),(4371,1,1),(4372,1,0),(4373,1,0),(4374,1,0),(4375,1,1),(4376,1,1),(4377,1,1),(4378,1,1),(4379,1,0),(4380,1,0),(4381,1,1),(4382,1,0),(4383,1,0),(4384,1,0),(4385,1,0),(4386,1,0),(4387,1,1),(4388,1,1),(4389,1,1),(4390,1,1),(4391,1,1),(4392,1,1),(4393,1,1),(4394,1,1),(4395,1,0),(4396,1,1),(4397,1,0),(4398,1,1),(4399,1,0),(4400,1,0),(4401,1,0),(4402,1,0),(4403,1,0),(4404,1,0),(4405,1,1),(4406,1,0),(4407,1,0),(4408,1,1),(4409,1,1),(4410,1,0),(4411,1,0),(4412,1,0),(4413,1,0),(4414,1,0),(4415,1,0),(4416,1,0),(4417,1,1),(4418,1,1),(4419,1,1),(4420,1,0),(4421,1,0),(4422,1,1),(4423,1,1),(4424,1,0),(4425,1,0),(4426,1,0),(4427,1,1),(4428,1,0),(4429,1,1),(4430,1,0),(4431,1,1),(4432,1,0),(4433,1,1),(4434,1,1),(4435,1,1),(4436,1,1),(4437,1,1),(4438,1,1),(4439,1,1),(4440,1,0),(4441,1,0),(4442,1,0),(4443,1,0),(4444,1,0),(4445,1,0),(4446,1,1),(4447,1,0),(4448,1,0),(4449,1,0),(4450,1,1),(4451,1,1),(4452,1,0),(4453,1,0),(4454,1,1),(4455,1,1),(4456,1,1),(4457,1,1),(4458,1,1),(4459,1,1),(4460,1,1),(4461,1,1),(4462,1,1),(4463,1,1),(4464,1,1),(4465,1,1),(4467,1,1),(4468,1,0),(4469,1,0),(4470,1,0),(4471,1,1),(4472,1,0),(4473,1,0),(4474,1,0),(4475,1,1),(4476,1,1),(4477,1,1),(4478,1,1),(4479,1,1),(4480,1,1),(4481,1,1),(4482,1,1),(4483,1,1),(4484,1,1),(4485,1,1),(4486,1,1),(4487,1,1),(4488,1,1),(4489,1,1),(4490,1,1),(4491,1,1),(4492,1,1),(4493,1,1),(4494,1,1),(4495,1,1),(4496,1,1),(4497,1,1),(4498,1,1),(4499,1,1),(4500,1,1),(4501,1,1),(4502,1,1),(4503,1,1),(4512,1,0),(4513,1,0),(4514,1,0),(4515,1,0),(4516,1,0),(4517,1,0),(4518,1,0),(4519,1,0),(4520,1,0),(4521,1,0),(4522,1,1),(4523,1,0),(4524,1,0),(4525,1,0),(4526,1,0),(4527,1,0),(4528,1,0),(4529,1,0),(4530,1,0),(4531,1,1),(4532,1,0),(4533,1,0),(4534,1,0),(4535,1,0),(4536,1,0),(4537,1,0),(4538,1,0),(4539,1,0),(4540,1,0),(4541,1,1),(4544,1,0),(4548,1,1),(4556,1,1),(4557,1,1),(4558,1,1),(4559,1,1),(4560,1,1),(4561,1,1),(4562,1,1),(4563,1,1),(4565,1,1),(4571,1,0),(4572,1,0),(4573,1,0),(4574,1,0),(4575,1,0),(4576,1,0),(4578,1,0),(4579,1,0),(4581,1,1),(4582,1,1),(4583,1,1),(4584,1,1),(4585,1,1),(4586,1,1),(4587,1,1),(4588,1,1),(4589,1,0),(4590,1,0),(4591,1,0),(4592,1,0),(4593,1,0),(4594,1,1),(4595,1,0),(4596,1,0),(4597,1,0),(4598,1,0),(4599,1,0),(4601,1,0),(4602,1,1),(4603,1,0),(4604,1,0),(4605,1,0),(4606,1,1),(4607,1,1),(4608,1,1),(4609,1,1),(4610,1,1),(4611,1,0),(4612,1,1),(4613,1,1),(4614,1,1),(4615,1,1),(4616,1,0),(4617,1,0),(4618,1,0),(4619,1,1),(4620,1,1),(4621,1,1),(4622,1,1),(4623,1,1),(4624,1,1),(4625,1,1),(4626,1,1),(4627,1,1),(4628,1,1),(4629,1,1),(4630,1,1),(4631,1,1),(4632,1,1),(4633,1,1),(4635,1,1),(4636,1,1),(4637,1,0),(4638,1,0),(4639,1,0),(4640,1,0),(4641,1,0),(4642,1,0),(4643,1,0),(4644,1,0),(4645,1,0),(4646,1,0),(4647,1,0),(4648,1,0),(4649,1,0),(4650,1,0),(4651,1,1),(4652,1,0),(4653,1,0),(4654,1,0),(4655,1,0),(4656,1,0),(4657,1,0),(4658,1,0),(4659,1,0),(4660,1,0),(4661,1,1),(4662,1,0),(4663,1,0),(4664,1,1),(4665,1,0),(4666,1,0),(4667,1,0),(4668,1,0),(4669,1,1),(4670,1,0),(4671,1,0),(4672,1,0),(4673,1,0),(4674,1,0),(4675,1,1),(4676,1,0),(4677,1,0),(4678,1,0),(4679,1,0),(4680,1,1),(4681,1,1),(4682,1,0),(4683,1,0),(4684,1,0),(4685,1,0),(4686,1,0),(4687,1,1),(4688,1,1),(4689,1,1),(4690,1,1),(4691,1,1),(4692,1,1),(4693,1,1),(4694,1,1),(4695,1,1),(4696,1,1),(4698,1,1),(4699,1,1),(4700,1,1),(4701,1,1),(4702,1,1),(4703,1,1),(4704,1,1),(4707,1,1),(4708,1,1),(4712,1,1),(4713,1,1),(4716,1,1),(4717,1,1),(4718,1,1),(4719,1,1),(4720,1,1),(4721,1,1),(4722,1,1),(4723,1,1),(4724,1,1),(4725,1,1),(4726,1,1),(4727,1,1),(4728,1,1),(4729,1,1),(4730,1,1),(4731,1,1),(4732,1,1),(4733,1,1),(4734,1,1),(4735,1,1),(4736,1,1),(4737,1,1),(4738,1,1),(4739,1,1),(4740,1,1),(4741,1,1),(4742,1,1),(4743,1,1),(4744,1,1),(4745,1,1),(4746,1,1),(4747,1,1),(4748,1,1),(4751,1,1),(4753,1,1),(4755,1,0),(4756,1,0),(4757,1,0),(4758,1,1),(4759,1,0),(4765,1,0),(4766,1,0),(4767,1,0),(4768,1,1),(4769,1,0),(4775,1,0),(4776,1,1),(4777,1,0),(4778,1,0),(4779,1,0),(4785,1,0),(4786,1,1),(4787,1,0),(4788,1,0),(4789,1,0),(4795,1,0),(4796,1,0),(4797,1,0),(4798,1,1),(4799,1,0),(4800,1,1),(4802,1,1),(4804,1,1),(4806,1,1),(4808,1,1),(4810,1,1),(4811,1,1),(4812,1,0),(4813,1,0),(4814,1,0),(4815,1,1),(4817,1,1),(4819,1,1),(4821,1,1),(4823,1,1),(4825,1,1),(4827,1,1),(4829,1,1),(4830,1,0),(4833,1,1),(4834,1,0),(4835,1,1),(4836,1,0),(4837,1,0),(4838,1,0),(4839,1,0),(4840,1,0),(4841,1,0),(4842,1,0),(4843,1,0),(4844,1,1),(4850,1,0),(4851,1,0),(4852,1,0),(4853,1,1),(4854,1,1),(4856,1,1),(4861,1,1),(4867,1,0),(4868,1,1),(4869,1,1),(4870,1,0),(4871,1,0),(4872,1,0),(4873,1,0),(4874,1,0),(4875,1,0),(4876,1,0),(4877,1,0),(4878,1,0),(4879,1,0),(4880,1,0),(4881,1,1),(4882,1,1),(4884,1,1),(4886,1,1),(4888,1,1),(4889,1,0),(4890,1,0),(4891,1,1),(4895,1,1),(4897,1,0),(4898,1,0),(4899,1,0),(4900,1,0),(4901,1,0),(4902,1,0),(4903,1,0),(4904,1,1),(4905,1,1),(4907,1,1),(4909,1,1),(4911,1,1),(4913,1,1),(4915,1,1),(4917,1,1),(4919,1,1),(4921,1,1),(4923,1,1),(4925,1,1),(4927,1,1),(4929,1,1),(4931,1,1),(4933,1,1),(4935,1,1),(4936,1,1),(4938,1,1),(4940,1,1),(4942,1,1),(4944,1,1),(4946,1,1),(4948,1,1),(4950,1,1),(4952,1,1),(4954,1,1),(4956,1,1),(4957,1,1),(4959,1,1),(4967,1,1),(4971,1,1),(4981,1,1),(4986,1,1),(4990,1,1),(4992,1,1),(4994,1,1),(4997,1,1),(4999,1,1),(5000,1,1),(5001,1,1),(5003,1,1),(5004,1,1),(5006,1,1),(5008,1,1),(5010,1,1),(5012,1,1),(5014,1,1),(5016,1,1),(5018,1,1),(5020,1,1),(5023,1,1),(5025,1,1),(5027,1,1),(5029,1,1),(5031,1,1),(5033,1,1),(5035,1,1),(5037,1,1),(5039,1,1),(5041,1,1),(5043,1,1),(5045,1,1),(5047,1,1),(5049,1,1),(5051,1,1),(5053,1,1),(5055,1,1),(5057,1,1),(5060,1,1),(5061,1,1),(5063,1,1),(5065,1,1),(5068,1,1),(5069,1,1),(5071,1,1),(5074,1,1),(5078,1,1),(5079,1,1),(5081,1,1),(5083,1,1),(5085,1,1),(5088,1,1),(5090,1,1),(5092,1,1),(5094,1,1),(5096,1,1),(5098,1,1),(5100,1,1),(5102,1,1),(5104,1,1),(5106,1,1),(5108,1,1),(5110,1,1),(5112,1,1),(5114,1,1),(5116,1,1),(5118,1,1),(5120,1,1),(5122,1,1),(5124,1,1),(5126,1,1),(5128,1,1),(5130,1,1),(5132,1,1),(5135,1,1),(5137,1,1),(5139,1,1),(5141,1,1),(5143,1,1),(5145,1,1),(5147,1,1),(5149,1,1),(5152,1,1),(5154,1,1),(5156,1,1),(5158,1,1),(5160,1,1),(5161,1,1),(5162,1,0),(5163,1,0),(5164,1,0),(5165,1,1),(5166,1,0),(5167,1,0),(5168,1,1),(5169,1,0),(5170,1,0),(5174,1,1),(5175,1,0),(5176,1,0),(5180,1,1),(5182,1,1),(5183,1,1),(5184,1,0),(5185,1,0),(5186,1,0),(5189,1,1),(5193,1,1),(5194,1,1),(5195,1,1),(5197,1,1),(5199,1,1),(5201,1,1),(5202,1,1),(5203,1,1),(5205,1,0),(5206,1,0),(5207,1,0),(5208,1,0),(5209,1,0),(5210,1,1),(5211,1,0),(5212,1,1),(5219,1,0),(5220,1,0),(5221,1,0),(5222,1,0),(5223,1,0),(5224,1,1),(5225,1,1),(5226,1,1),(5227,1,0),(5228,1,0),(5232,1,1),(5233,1,0),(5237,1,1),(5238,1,0),(5241,1,1),(5242,1,0),(5245,1,0),(5246,1,1),(5249,1,1),(5250,1,0),(5253,1,1),(5254,1,0),(5257,1,1),(5258,1,0),(5261,1,1),(5262,1,0),(5265,1,1),(5266,1,0),(5271,1,1),(5272,1,0),(5275,1,1),(5276,1,0),(5279,1,1),(5280,1,0),(5283,1,1),(5284,1,0),(5287,1,1),(5288,1,0),(5291,1,1),(5292,1,0),(5295,1,1),(5296,1,0),(5299,1,1),(5301,1,1),(5303,1,1),(5304,1,0),(5305,1,0),(5309,1,1),(5310,1,0),(5313,1,1),(5314,1,0),(5317,1,1),(5318,1,0),(5321,1,1),(5322,1,0),(5323,1,0),(5327,1,1),(5328,1,0),(5331,1,1),(5332,1,0),(5335,1,1),(5337,1,0),(5338,1,0),(5339,1,1),(5341,1,1),(5342,1,0),(5345,1,1),(5346,1,0),(5349,1,1),(5350,1,0),(5351,1,0),(5355,1,1),(5357,1,0),(5359,1,1),(5362,1,1),(5363,1,0),(5364,1,0),(5368,1,1),(5369,1,0),(5372,1,1),(5373,1,0),(5376,1,0),(5377,1,1),(5378,1,0),(5382,1,0),(5383,1,1),(5387,1,1),(5389,1,1),(5390,1,0),(5391,1,0),(5395,1,1),(5396,1,0),(5397,1,0),(5401,1,0),(5402,1,0),(5403,1,1),(5407,1,0),(5408,1,1),(5411,1,1),(5412,1,0),(5413,1,0),(5420,1,1),(5422,1,1),(5424,1,1),(5426,1,1),(5427,1,0),(5428,1,0),(5429,1,0),(5434,1,1),(5436,1,1),(5439,1,0),(5440,1,1),(5443,1,1),(5445,1,1),(5446,1,0),(5449,1,1),(5451,1,1),(5453,1,1),(5454,1,0),(5457,1,0),(5458,1,0),(5459,1,1),(5462,1,0),(5463,1,0),(5464,1,0),(5465,1,1),(5470,1,1),(5471,1,0),(5474,1,1),(5475,1,0),(5476,1,0),(5480,1,0),(5481,1,1),(5484,1,1),(5485,1,0),(5488,1,1),(5489,1,0),(5494,1,1),(5495,1,0),(5498,1,1),(5501,1,1),(5502,1,0),(5505,1,1),(5506,1,0),(5509,1,1),(5511,1,0),(5512,1,0),(5513,1,0),(5514,1,0),(5515,1,1),(5521,1,1),(5522,1,0),(5523,1,0),(5530,1,1),(5531,1,0),(5532,1,0),(5533,1,0),(5538,1,1),(5539,1,0),(5540,1,0),(5541,1,0),(5542,1,0),(5543,1,0),(5550,1,1),(5551,1,0),(5554,1,1),(5555,1,0),(5558,1,1),(5559,1,0),(5562,1,1),(5563,1,0),(5566,1,1),(5567,1,0),(5568,1,0),(5572,1,1),(5574,1,1),(5576,1,1),(5578,1,1),(5580,1,1),(5582,1,1),(5584,1,1),(5586,1,0),(5587,1,1),(5590,1,1),(5592,1,1),(5593,1,0),(5596,1,1),(5597,1,0),(5600,1,1),(5601,1,0),(5604,1,1),(5605,1,0),(5608,1,1),(5610,1,1),(5612,1,1),(5614,1,1),(5616,1,1),(5618,1,1),(5620,1,1),(5622,1,1),(5627,1,1),(5628,1,1),(5630,1,1),(5632,1,1),(5634,1,1),(5636,1,1),(5638,1,1),(5640,1,1),(5642,1,1),(5645,1,1),(5647,1,1),(5649,1,1),(5651,1,1),(5653,1,1),(5655,1,1),(5657,1,1),(5659,1,1),(5661,1,1),(5663,1,1),(5665,1,1),(5667,1,1),(5669,1,1),(5671,1,1),(5673,1,1),(5675,1,1),(5677,1,1),(5679,1,1),(5681,1,1),(5683,1,1),(5685,1,1),(5687,1,1),(5689,1,1),(5691,1,1),(5693,1,1),(5695,1,1),(5697,1,1),(5699,1,1),(5701,1,1),(5703,1,1),(5704,1,0),(5707,1,1),(5708,1,0),(5711,1,1),(5713,1,1),(5715,1,1),(5717,1,1),(5720,1,1),(5722,1,1),(5724,1,1),(5726,1,1),(5728,1,1),(5730,1,1),(5732,1,1),(5734,1,1),(5736,1,1),(5738,1,1),(5740,1,1),(5742,1,1),(5744,1,1),(5746,1,1),(5748,1,1),(5750,1,1),(5751,1,0),(5754,1,1),(5756,1,1),(5758,1,1),(5760,1,0),(5761,1,1),(5762,1,1),(5763,1,0),(5764,1,0),(5765,1,0),(5766,1,0),(5767,1,0),(5768,1,0),(5769,1,0),(5770,1,0),(5771,1,0),(5772,1,1),(5773,1,1),(5774,1,0),(5775,1,0),(5776,1,0),(5777,1,0),(5778,1,0),(5779,1,1),(5780,1,0),(5781,1,0),(5782,1,0),(5783,1,1),(5784,1,0),(5785,1,0),(5786,1,0),(5787,1,0),(5788,1,1),(5789,1,0),(5790,1,0),(5791,1,1),(5792,1,0),(5793,1,0),(5794,1,0),(5795,1,0),(5796,1,0),(5797,1,0),(5798,1,1),(5799,1,0),(5800,1,0),(5801,1,0),(5802,1,1),(5803,1,0),(5804,1,0),(5805,1,0),(5806,1,0),(5807,1,0),(5808,1,0),(5809,1,0),(5810,1,0),(5811,1,0),(5812,1,0),(5813,1,0),(5814,1,0),(5815,1,1),(5816,1,0),(5817,1,0),(5818,1,0),(5819,1,0),(5820,1,1),(5821,1,0),(5822,1,0),(5823,1,0),(5824,1,0),(5825,1,0),(5826,1,0),(5827,1,0),(5828,1,1),(5829,1,0),(5830,1,0),(5831,1,0),(5832,1,0),(5833,1,0),(5834,1,0),(5835,1,0),(5836,1,0),(5837,1,0),(5838,1,0),(5839,1,0),(5840,1,0),(5841,1,1),(5842,1,0),(5843,1,0),(5844,1,0),(5845,1,0),(5846,1,0),(5847,1,1),(5848,1,0),(5849,1,0),(5850,1,0),(5851,1,0),(5852,1,1),(5853,1,0),(5854,1,0),(5858,1,1),(5859,1,0),(5860,1,0),(5861,1,0),(5862,1,1),(5863,1,0),(5864,1,0),(5865,1,0),(5866,1,0),(5867,1,1),(5868,1,0),(5869,1,1),(5870,1,0),(5871,1,0),(5872,1,0),(5873,1,0),(5874,1,0),(5875,1,0),(5876,1,1),(5877,1,0),(5878,1,0),(5879,1,1),(5880,1,1),(5881,1,1),(5882,1,0),(5883,1,1),(5884,1,0),(5885,1,0),(5886,1,0),(5887,1,1),(5892,1,1),(5893,1,0),(5894,1,0),(5895,1,0),(5900,1,0),(5901,1,0),(5902,1,0),(5903,1,0),(5904,1,1),(5909,1,0),(5910,1,0),(5911,1,0),(5912,1,1),(5913,1,1),(5914,1,1),(5916,1,1),(5918,1,0),(5919,1,0),(5920,1,0),(5921,1,1),(5922,1,0),(5923,1,0),(5924,1,0),(5925,1,1),(5926,1,1),(5927,1,1),(5928,1,1),(5929,1,1),(5930,1,0),(5931,1,1),(5935,1,1),(5937,1,1),(5938,1,1),(5940,1,1),(5942,1,1),(5944,1,1),(5946,1,1),(5948,1,1),(5950,1,1),(5952,1,1),(5954,1,1),(5956,1,1),(5958,1,1),(5960,1,1),(5962,1,1),(5964,1,1),(5966,1,1),(5968,1,1),(5970,1,1),(5972,1,1),(5974,1,1),(5976,1,1),(5978,1,1),(5980,1,1),(5982,1,1),(5984,1,1),(5986,1,1),(5995,1,1),(5996,1,1),(5997,1,1),(5998,1,1),(5999,1,1),(6000,1,1),(6001,1,1),(6010,1,1),(6011,1,1),(6012,1,1),(6013,1,1),(6014,1,1),(6015,1,1),(6016,1,1),(6025,1,1),(6026,1,1),(6027,1,1),(6028,1,1),(6029,1,1),(6030,1,1),(6031,1,1),(6032,1,1),(6041,1,1),(6042,1,1),(6043,1,1),(6044,1,1),(6045,1,1),(6046,1,1),(6047,1,1),(6048,1,1),(6052,1,1),(6053,1,1),(6054,1,1),(6055,1,1),(6057,1,1),(6062,1,1),(6063,1,1),(6064,1,1),(6065,1,1),(6066,1,1),(6067,1,1),(6069,1,1),(6071,1,1),(6073,1,1),(6075,1,1),(6077,1,1),(6079,1,1),(6081,1,1),(6082,1,1),(6083,1,0),(6084,1,0),(6090,1,0),(6091,1,0),(6092,1,1),(6096,1,1),(6097,1,0),(6098,1,0),(6102,1,1),(6103,1,0),(6106,1,1),(6107,1,0),(6108,1,0),(6112,1,1),(6113,1,0),(6114,1,0),(6118,1,1),(6119,1,0),(6120,1,0),(6124,1,1),(6125,1,0),(6126,1,0),(6130,1,1),(6131,1,0),(6132,1,0),(6136,1,1),(6137,1,0),(6138,1,0),(6142,1,0),(6143,1,0),(6144,1,1),(6148,1,1),(6149,1,0),(6150,1,0),(6151,1,0),(6152,1,0),(6153,1,1),(6157,1,1),(6158,1,0),(6159,1,0),(6164,1,1),(6165,1,0),(6166,1,0),(6170,1,1),(6171,1,0),(6172,1,0),(6173,1,1),(6174,1,1),(6175,1,0),(6176,1,0),(6177,1,1),(6178,1,0),(6179,1,0),(6180,1,1),(6181,1,0),(6182,1,1),(6183,1,0),(6184,1,1),(6186,1,1),(6187,1,0),(6188,1,0),(6192,1,0),(6193,1,0),(6194,1,0),(6195,1,1),(6196,1,1),(6197,1,0),(6198,1,0),(6199,1,1),(6200,1,1),(6201,1,0),(6202,1,0),(6206,1,1),(6207,1,0),(6208,1,0),(6209,1,0),(6210,1,0),(6211,1,1),(6215,1,0),(6216,1,0),(6217,1,1),(6218,1,1),(6219,1,0),(6220,1,0),(6221,1,1),(6222,1,0),(6223,1,0),(6224,1,1),(6225,1,0),(6226,1,0),(6227,1,1),(6228,1,0),(6229,1,0),(6230,1,1),(6231,1,1),(6232,1,1),(6233,1,0),(6234,1,0),(6235,1,0),(6236,1,0),(6237,1,1),(6238,1,1),(6239,1,0),(6240,1,0),(6241,1,1),(6242,1,0),(6243,1,1),(6244,1,0),(6245,1,1),(6246,1,1),(6248,1,1),(6249,1,1),(6250,1,1),(6251,1,1),(6252,1,1),(6253,1,1),(6254,1,0),(6255,1,1),(6256,1,0),(6257,1,0),(6261,1,1),(6262,1,0),(6263,1,0),(6264,1,1),(6265,1,1),(6266,1,1),(6267,1,1),(6268,1,0),(6269,1,1),(6270,1,0),(6271,1,0),(6274,1,1),(6275,1,0),(6276,1,1),(6277,1,0),(6278,1,0),(6279,1,0),(6280,1,1),(6281,1,1),(6282,1,0),(6283,1,0),(6284,1,1),(6285,1,0),(6286,1,1),(6287,1,0),(6288,1,1),(6289,1,0),(6292,1,0),(6293,1,1),(6296,1,0),(6297,1,1),(6298,1,0),(6299,1,1),(6300,1,1),(6301,1,0),(6302,1,1),(6303,1,0),(6304,1,0),(6305,1,0),(6306,1,0),(6307,1,1),(6308,1,0),(6309,1,0),(6310,1,0),(6311,1,0),(6312,1,0),(6313,1,1),(6314,1,1),(6315,1,1),(6316,1,1),(6317,1,1),(6319,1,1),(6320,1,1),(6321,1,1),(6322,1,1),(6323,1,1),(6325,1,1),(6326,1,1),(6327,1,1),(6328,1,1),(6329,1,0),(6330,1,0),(6331,1,0),(6332,1,1),(6333,1,1),(6334,1,1),(6335,1,0),(6336,1,0),(6337,1,0),(6338,1,0),(6339,1,1),(6340,1,1),(6341,1,0),(6342,1,0),(6343,1,1),(6344,1,0),(6345,1,0),(6349,1,0),(6350,1,1),(6351,1,1),(6352,1,0),(6353,1,1),(6354,1,0),(6355,1,1),(6356,1,0),(6357,1,1),(6358,1,0),(6359,1,0),(6360,1,1),(6361,1,0),(6362,1,0),(6363,1,1),(6364,1,0),(6365,1,1),(6366,1,0),(6367,1,0),(6368,1,1),(6369,1,0),(6370,1,0),(6371,1,1),(6372,1,0),(6373,1,0),(6374,1,1),(6375,1,0),(6376,1,0),(6377,1,1),(6378,1,0),(6379,1,1),(6380,1,0),(6381,1,0),(6382,1,1),(6383,1,1),(6384,1,0),(6385,1,0),(6386,1,0),(6387,1,0),(6388,1,1),(6389,1,1),(6390,1,0),(6391,1,1),(6392,1,1),(6393,1,1),(6394,1,0),(6395,1,1),(6396,1,1),(6397,1,1),(6398,1,1),(6399,1,1),(6400,1,0),(6401,1,0),(6402,1,0),(6403,1,0),(6404,1,1),(6405,1,0),(6406,1,0),(6407,1,1),(6408,1,0),(6409,1,0),(6410,1,0),(6411,1,1),(6412,1,1),(6413,1,0),(6414,1,1),(6415,1,0),(6416,1,1),(6417,1,0),(6420,1,0),(6421,1,1),(6422,1,0),(6423,1,1),(6424,1,1),(6425,1,1),(6426,1,1),(6427,1,0),(6428,1,1),(6429,1,1),(6430,1,0),(6431,1,1),(6432,1,1),(6433,1,0),(6434,1,0),(6435,1,0),(6436,1,0),(6437,1,0),(6438,1,1),(6439,1,0),(6440,1,0),(6441,1,1),(6442,1,1),(6443,1,1),(6444,1,1),(6445,1,1),(6446,1,0),(6447,1,1),(6448,1,1),(6449,1,0),(6450,1,1),(6451,1,1),(6452,1,0),(6453,1,0),(6454,1,0),(6455,1,0),(6456,1,0),(6457,1,0),(6458,1,0),(6459,1,0),(6460,1,0),(6461,1,0),(6462,1,0),(6463,1,0),(6464,1,0),(6465,1,0),(6466,1,0),(6467,1,1),(6468,1,0),(6469,1,0),(6470,1,1),(6471,1,1),(6472,1,0),(6473,1,0),(6474,1,0),(6475,1,1),(6476,1,0),(6477,1,0),(6478,1,0),(6479,1,0),(6480,1,1),(6481,1,0),(6482,1,0),(6483,1,0),(6484,1,1),(6485,1,0),(6486,1,0),(6487,1,0),(6488,1,1),(6489,1,0),(6490,1,0),(6491,1,0),(6492,1,0),(6493,1,0),(6494,1,1),(6495,1,0),(6496,1,0),(6497,1,0),(6498,1,0),(6499,1,0),(6500,1,0),(6501,1,1),(6502,1,1),(6503,1,0),(6504,1,1),(6505,1,1),(6506,1,1),(6508,1,1),(6509,1,1),(6510,1,1),(6511,1,1),(6512,1,1),(6513,1,1),(6514,1,0),(6515,1,0),(6516,1,1),(6517,1,1),(6518,1,0),(6519,1,1),(6520,1,0),(6521,1,0),(6522,1,1),(6523,1,0),(6524,1,0),(6525,1,0),(6526,1,0),(6527,1,0),(6528,1,0),(6529,1,1),(6530,1,0),(6531,1,0),(6532,1,0),(6533,1,0),(6534,1,1),(6535,1,0),(6536,1,1),(6537,1,0),(6538,1,1),(6539,1,0),(6540,1,1),(6541,1,1),(6542,1,0),(6543,1,0),(6544,1,0),(6545,1,1),(6546,1,0),(6547,1,1),(6548,1,0),(6549,1,1),(6550,1,1),(6551,1,1),(6552,1,1),(6553,1,0),(6554,1,0),(6555,1,1),(6556,1,0),(6557,1,0),(6558,1,0),(6559,1,0),(6560,1,0),(6561,1,0),(6562,1,0),(6563,1,0),(6564,1,1),(6565,1,0),(6566,1,0),(6567,1,0),(6568,1,0),(6569,1,0),(6570,1,0),(6571,1,1),(6573,1,1),(6574,1,0),(6575,1,0),(6576,1,1),(6577,1,0),(6578,1,0),(6579,1,1),(6580,1,0),(6581,1,0),(6582,1,1),(6583,1,1),(6584,1,1),(6585,1,1);

--
-- Table structure for table `ps_image_type`
--

CREATE TABLE `ps_image_type` (
  `id_image_type` int(10) unsigned NOT NULL AUTO_INCREMENT,
  `name` varchar(64) NOT NULL,
  `width` int(10) unsigned NOT NULL,
  `height` int(10) unsigned NOT NULL,
  `products` tinyint(1) NOT NULL DEFAULT '1',
  `categories` tinyint(1) NOT NULL DEFAULT '1',
  `manufacturers` tinyint(1) NOT NULL DEFAULT '1',
  `suppliers` tinyint(1) NOT NULL DEFAULT '1',
  `scenes` tinyint(1) NOT NULL DEFAULT '1',
  `stores` tinyint(1) NOT NULL DEFAULT '1',
  PRIMARY KEY (`id_image_type`),
  KEY `image_type_name` (`name`)
) ENGINE=InnoDB AUTO_INCREMENT=37 DEFAULT CHARSET=utf8;

--
-- Dumping data for table `ps_image_type`
--

INSERT INTO `ps_image_type` VALUES (28,'cart_default',80,80,1,0,0,0,0,1),(29,'small_default',75,75,1,0,1,1,0,1),(30,'medium_default',125,125,1,1,1,1,0,1),(31,'home_default',205,205,1,0,0,0,0,1),(32,'large_default',370,370,1,0,1,1,0,1),(33,'thickbox_default',800,800,1,0,0,0,0,1),(34,'category_default',870,217,0,1,0,0,0,1),(35,'scene_default',870,270,0,0,0,0,1,1),(36,'m_scene_default',161,58,0,0,0,0,1,1);

--
-- Table structure for table `ps_import_match`
--

CREATE TABLE `ps_import_match` (
  `id_import_match` int(10) NOT NULL AUTO_INCREMENT,
  `name` varchar(32) NOT NULL,
  `match` text NOT NULL,
  `skip` int(2) NOT NULL,
  PRIMARY KEY (`id_import_match`)
) ENGINE=InnoDB AUTO_INCREMENT=5 DEFAULT CHARSET=utf8;

--
-- Dumping data for table `ps_import_match`
--

INSERT INTO `ps_import_match` VALUES (4,'Cuoreland','id|name|description_short|description',1);

--
-- Table structure for table `ps_lang`
--

CREATE TABLE `ps_lang` (
  `id_lang` int(10) unsigned NOT NULL AUTO_INCREMENT,
  `name` varchar(32) NOT NULL,
  `active` tinyint(3) unsigned NOT NULL DEFAULT '0',
  `iso_code` char(2) NOT NULL,
  `language_code` char(5) NOT NULL,
  `date_format_lite` char(32) NOT NULL DEFAULT 'Y-m-d',
  `date_format_full` char(32) NOT NULL DEFAULT 'Y-m-d H:i:s',
  `is_rtl` tinyint(1) NOT NULL DEFAULT '0',
  PRIMARY KEY (`id_lang`),
  KEY `lang_iso_code` (`iso_code`)
) ENGINE=InnoDB AUTO_INCREMENT=4 DEFAULT CHARSET=utf8;

--
-- Dumping data for table `ps_lang`
--

INSERT INTO `ps_lang` VALUES (1,'English (English)',1,'en','en-us','m/d/Y','m/d/Y H:i:s',0),(2,'Greek',1,'el','el-gr','d/m/Y','d/m/Y H:i:s',0),(3,'Français (French)',1,'fr','fr-fr','d/m/Y','d/m/Y H:i:s',0);

--
-- Table structure for table `ps_lang_shop`
--

CREATE TABLE `ps_lang_shop` (
  `id_lang` int(11) unsigned NOT NULL,
  `id_shop` int(11) unsigned NOT NULL,
  PRIMARY KEY (`id_lang`,`id_shop`),
  KEY `id_shop` (`id_shop`)
) ENGINE=InnoDB DEFAULT CHARSET=utf8;

--
-- Dumping data for table `ps_lang_shop`
--

INSERT INTO `ps_lang_shop` VALUES (1,1),(2,1),(3,1);

--
-- Table structure for table `ps_layered_category`
--

CREATE TABLE `ps_layered_category` (
  `id_layered_category` int(10) unsigned NOT NULL AUTO_INCREMENT,
  `id_shop` int(11) unsigned NOT NULL,
  `id_category` int(10) unsigned NOT NULL,
  `id_value` int(10) unsigned DEFAULT '0',
  `type` enum('category','id_feature','id_attribute_group','quantity','condition','manufacturer','weight','price') NOT NULL,
  `position` int(10) unsigned NOT NULL,
  `filter_type` int(10) unsigned NOT NULL DEFAULT '0',
  `filter_show_limit` int(10) unsigned NOT NULL DEFAULT '0',
  PRIMARY KEY (`id_layered_category`),
  KEY `id_category` (`id_category`,`type`)
) ENGINE=InnoDB AUTO_INCREMENT=206 DEFAULT CHARSET=latin1;

--
-- Dumping data for table `ps_layered_category`
--

INSERT INTO `ps_layered_category` VALUES (1,1,2,NULL,'category',1,0,0),(2,1,2,NULL,'manufacturer',2,0,0),(3,1,2,NULL,'price',3,0,0),(4,1,2,1,'id_attribute_group',4,0,0),(5,1,2,8,'id_feature',5,0,0),(6,1,3,NULL,'category',1,0,0),(7,1,3,NULL,'manufacturer',2,0,0),(8,1,3,NULL,'price',3,0,0),(9,1,3,1,'id_attribute_group',4,0,0),(10,1,3,8,'id_feature',5,0,0),(11,1,15,NULL,'category',1,0,0),(12,1,15,NULL,'manufacturer',2,0,0),(13,1,15,NULL,'price',3,0,0),(14,1,15,1,'id_attribute_group',4,0,0),(15,1,15,8,'id_feature',5,0,0),(16,1,16,NULL,'category',1,0,0),(17,1,16,NULL,'manufacturer',2,0,0),(18,1,16,NULL,'price',3,0,0),(19,1,16,1,'id_attribute_group',4,0,0),(20,1,16,8,'id_feature',5,0,0),(21,1,14,NULL,'category',1,0,0),(22,1,14,NULL,'manufacturer',2,0,0),(23,1,14,NULL,'price',3,0,0),(24,1,14,1,'id_attribute_group',4,0,0),(25,1,14,8,'id_feature',5,0,0),(26,1,18,NULL,'category',1,0,0),(27,1,18,NULL,'manufacturer',2,0,0),(28,1,18,NULL,'price',3,0,0),(29,1,18,1,'id_attribute_group',4,0,0),(30,1,18,8,'id_feature',5,0,0),(31,1,19,NULL,'category',1,0,0),(32,1,19,NULL,'manufacturer',2,0,0),(33,1,19,NULL,'price',3,0,0),(34,1,19,1,'id_attribute_group',4,0,0),(35,1,19,8,'id_feature',5,0,0),(36,1,20,NULL,'category',1,0,0),(37,1,20,NULL,'manufacturer',2,0,0),(38,1,20,NULL,'price',3,0,0),(39,1,20,1,'id_attribute_group',4,0,0),(40,1,20,8,'id_feature',5,0,0),(41,1,21,NULL,'category',1,0,0),(42,1,21,NULL,'manufacturer',2,0,0),(43,1,21,NULL,'price',3,0,0),(44,1,21,1,'id_attribute_group',4,0,0),(45,1,21,8,'id_feature',5,0,0),(46,1,22,NULL,'category',1,0,0),(47,1,22,NULL,'manufacturer',2,0,0),(48,1,22,NULL,'price',3,0,0),(49,1,22,1,'id_attribute_group',4,0,0),(50,1,22,8,'id_feature',5,0,0),(51,1,5,NULL,'category',1,0,0),(52,1,5,NULL,'manufacturer',2,0,0),(53,1,5,NULL,'price',3,0,0),(54,1,5,1,'id_attribute_group',4,0,0),(55,1,5,8,'id_feature',5,0,0),(56,1,23,NULL,'category',1,0,0),(57,1,23,NULL,'manufacturer',2,0,0),(58,1,23,NULL,'price',3,0,0),(59,1,23,1,'id_attribute_group',4,0,0),(60,1,23,8,'id_feature',5,0,0),(61,1,24,NULL,'category',1,0,0),(62,1,24,NULL,'manufacturer',2,0,0),(63,1,24,NULL,'price',3,0,0),(64,1,24,1,'id_attribute_group',4,0,0),(65,1,24,8,'id_feature',5,0,0),(66,1,7,NULL,'category',1,0,0),(67,1,7,NULL,'manufacturer',2,0,0),(68,1,7,NULL,'price',3,0,0),(69,1,7,1,'id_attribute_group',4,0,0),(70,1,7,8,'id_feature',5,0,0),(71,1,25,NULL,'category',1,0,0),(72,1,25,NULL,'manufacturer',2,0,0),(73,1,25,NULL,'price',3,0,0),(74,1,25,1,'id_attribute_group',4,0,0),(75,1,25,8,'id_feature',5,0,0),(76,1,26,NULL,'category',1,0,0),(77,1,26,NULL,'manufacturer',2,0,0),(78,1,26,NULL,'price',3,0,0),(79,1,26,1,'id_attribute_group',4,0,0),(80,1,26,8,'id_feature',5,0,0),(81,1,9,NULL,'category',1,0,0),(82,1,9,NULL,'manufacturer',2,0,0),(83,1,9,NULL,'price',3,0,0),(84,1,9,1,'id_attribute_group',4,0,0),(85,1,9,8,'id_feature',5,0,0),(86,1,27,NULL,'category',1,0,0),(87,1,27,NULL,'manufacturer',2,0,0),(88,1,27,NULL,'price',3,0,0),(89,1,27,1,'id_attribute_group',4,0,0),(90,1,27,8,'id_feature',5,0,0),(91,1,28,NULL,'category',1,0,0),(92,1,28,NULL,'manufacturer',2,0,0),(93,1,28,NULL,'price',3,0,0),(94,1,28,1,'id_attribute_group',4,0,0),(95,1,28,8,'id_feature',5,0,0),(96,1,29,NULL,'category',1,0,0),(97,1,29,NULL,'manufacturer',2,0,0),(98,1,29,NULL,'price',3,0,0),(99,1,29,1,'id_attribute_group',4,0,0),(100,1,29,8,'id_feature',5,0,0),(101,1,30,NULL,'category',1,0,0),(102,1,30,NULL,'manufacturer',2,0,0),(103,1,30,NULL,'price',3,0,0),(104,1,30,1,'id_attribute_group',4,0,0),(105,1,30,8,'id_feature',5,0,0),(106,1,31,NULL,'category',1,0,0),(107,1,31,NULL,'manufacturer',2,0,0),(108,1,31,NULL,'price',3,0,0),(109,1,31,1,'id_attribute_group',4,0,0),(110,1,31,8,'id_feature',5,0,0),(111,1,10,NULL,'category',1,0,0),(112,1,10,NULL,'manufacturer',2,0,0),(113,1,10,NULL,'price',3,0,0),(114,1,10,1,'id_attribute_group',4,0,0),(115,1,10,8,'id_feature',5,0,0),(116,1,32,NULL,'category',1,0,0),(117,1,32,NULL,'manufacturer',2,0,0),(118,1,32,NULL,'price',3,0,0),(119,1,32,1,'id_attribute_group',4,0,0),(120,1,32,8,'id_feature',5,0,0),(121,1,33,NULL,'category',1,0,0),(122,1,33,NULL,'manufacturer',2,0,0),(123,1,33,NULL,'price',3,0,0),(124,1,33,1,'id_attribute_group',4,0,0),(125,1,33,8,'id_feature',5,0,0),(126,1,34,NULL,'category',1,0,0),(127,1,34,NULL,'manufacturer',2,0,0),(128,1,34,NULL,'price',3,0,0),(129,1,34,1,'id_attribute_group',4,0,0),(130,1,34,8,'id_feature',5,0,0),(131,1,35,NULL,'category',1,0,0),(132,1,35,NULL,'manufacturer',2,0,0),(133,1,35,NULL,'price',3,0,0),(134,1,35,1,'id_attribute_group',4,0,0),(135,1,35,8,'id_feature',5,0,0),(136,1,36,NULL,'category',1,0,0),(137,1,36,NULL,'manufacturer',2,0,0),(138,1,36,NULL,'price',3,0,0),(139,1,36,1,'id_attribute_group',4,0,0),(140,1,36,8,'id_feature',5,0,0),(141,1,45,NULL,'category',1,0,0),(142,1,45,NULL,'manufacturer',2,0,0),(143,1,45,NULL,'price',3,0,0),(144,1,45,1,'id_attribute_group',4,0,0),(145,1,45,8,'id_feature',5,0,0),(146,1,46,NULL,'category',1,0,0),(147,1,46,NULL,'manufacturer',2,0,0),(148,1,46,NULL,'price',3,0,0),(149,1,46,1,'id_attribute_group',4,0,0),(150,1,46,8,'id_feature',5,0,0),(151,1,47,NULL,'category',1,0,0),(152,1,47,NULL,'manufacturer',2,0,0),(153,1,47,NULL,'price',3,0,0),(154,1,47,1,'id_attribute_group',4,0,0),(155,1,47,8,'id_feature',5,0,0),(156,1,48,NULL,'category',1,0,0),(157,1,48,NULL,'manufacturer',2,0,0),(158,1,48,NULL,'price',3,0,0),(159,1,48,1,'id_attribute_group',4,0,0),(160,1,48,8,'id_feature',5,0,0),(161,1,49,NULL,'category',1,0,0),(162,1,49,NULL,'manufacturer',2,0,0),(163,1,49,NULL,'price',3,0,0),(164,1,49,1,'id_attribute_group',4,0,0),(165,1,49,8,'id_feature',5,0,0),(166,1,50,NULL,'category',1,0,0),(167,1,50,NULL,'manufacturer',2,0,0),(168,1,50,NULL,'price',3,0,0),(169,1,50,1,'id_attribute_group',4,0,0),(170,1,50,8,'id_feature',5,0,0),(171,1,51,NULL,'category',1,0,0),(172,1,51,NULL,'manufacturer',2,0,0),(173,1,51,NULL,'price',3,0,0),(174,1,51,1,'id_attribute_group',4,0,0),(175,1,51,8,'id_feature',5,0,0),(176,1,12,NULL,'category',1,0,0),(177,1,12,NULL,'manufacturer',2,0,0),(178,1,12,NULL,'price',3,0,0),(179,1,12,1,'id_attribute_group',4,0,0),(180,1,12,8,'id_feature',5,0,0),(181,1,37,NULL,'category',1,0,0),(182,1,37,NULL,'manufacturer',2,0,0),(183,1,37,NULL,'price',3,0,0),(184,1,37,1,'id_attribute_group',4,0,0),(185,1,37,8,'id_feature',5,0,0),(186,1,38,NULL,'category',1,0,0),(187,1,38,NULL,'manufacturer',2,0,0),(188,1,38,NULL,'price',3,0,0),(189,1,38,1,'id_attribute_group',4,0,0),(190,1,38,8,'id_feature',5,0,0),(191,1,39,NULL,'category',1,0,0),(192,1,39,NULL,'manufacturer',2,0,0),(193,1,39,NULL,'price',3,0,0),(194,1,39,1,'id_attribute_group',4,0,0),(195,1,39,8,'id_feature',5,0,0),(196,1,17,NULL,'category',1,0,0),(197,1,17,NULL,'manufacturer',2,0,0),(198,1,17,NULL,'price',3,0,0),(199,1,17,1,'id_attribute_group',4,0,0),(200,1,17,8,'id_feature',5,0,0),(201,1,44,NULL,'category',1,0,0),(202,1,44,NULL,'manufacturer',2,0,0),(203,1,44,NULL,'price',3,0,0),(204,1,44,1,'id_attribute_group',4,0,0),(205,1,44,8,'id_feature',5,0,0);

--
-- Table structure for table `ps_layered_filter`
--

CREATE TABLE `ps_layered_filter` (
  `id_layered_filter` int(10) unsigned NOT NULL AUTO_INCREMENT,
  `name` varchar(64) NOT NULL,
  `filters` text,
  `n_categories` int(10) unsigned NOT NULL,
  `date_add` datetime NOT NULL,
  PRIMARY KEY (`id_layered_filter`)
) ENGINE=InnoDB AUTO_INCREMENT=2 DEFAULT CHARSET=utf8;

--
-- Dumping data for table `ps_layered_filter`
--

INSERT INTO `ps_layered_filter` VALUES (1,'My template 2014-09-02','a:7:{s:10:\"categories\";a:41:{i:0;i:2;i:1;i:3;i:2;i:15;i:3;i:16;i:4;i:14;i:5;i:18;i:6;i:19;i:7;i:20;i:9;i:21;i:10;i:22;i:11;i:5;i:12;i:23;i:14;i:24;i:15;i:7;i:17;i:25;i:18;i:26;i:19;i:9;i:20;i:27;i:21;i:28;i:22;i:29;i:23;i:30;i:24;i:31;i:25;i:10;i:26;i:32;i:27;i:33;i:28;i:34;i:29;i:35;i:30;i:36;i:31;i:45;i:32;i:46;i:33;i:47;i:34;i:48;i:35;i:49;i:36;i:50;i:37;i:51;i:39;i:12;i:40;i:37;i:41;i:38;i:42;i:39;i:44;i:17;i:45;i:44;}s:9:\"shop_list\";a:1:{i:0;i:1;}s:31:\"layered_selection_subcategories\";a:2:{s:11:\"filter_type\";i:0;s:17:\"filter_show_limit\";i:0;}s:30:\"layered_selection_manufacturer\";a:2:{s:11:\"filter_type\";i:0;s:17:\"filter_show_limit\";i:0;}s:30:\"layered_selection_price_slider\";a:2:{s:11:\"filter_type\";i:0;s:17:\"filter_show_limit\";i:0;}s:22:\"layered_selection_ag_1\";a:2:{s:11:\"filter_type\";i:0;s:17:\"filter_show_limit\";i:0;}s:24:\"layered_selection_feat_8\";a:2:{s:11:\"filter_type\";i:0;s:17:\"filter_show_limit\";i:0;}}',46,'2015-02-10 10:07:05');

--
-- Table structure for table `ps_layered_filter_shop`
--

CREATE TABLE `ps_layered_filter_shop` (
  `id_layered_filter` int(10) unsigned NOT NULL,
  `id_shop` int(11) unsigned NOT NULL,
  PRIMARY KEY (`id_layered_filter`,`id_shop`),
  KEY `id_shop` (`id_shop`)
) ENGINE=InnoDB DEFAULT CHARSET=utf8;

--
-- Dumping data for table `ps_layered_filter_shop`
--


--
-- Table structure for table `ps_layered_friendly_url`
--

CREATE TABLE `ps_layered_friendly_url` (
  `id_layered_friendly_url` int(11) NOT NULL AUTO_INCREMENT,
  `url_key` varchar(32) NOT NULL,
  `data` varchar(200) NOT NULL,
  `id_lang` int(11) NOT NULL,
  PRIMARY KEY (`id_layered_friendly_url`),
  KEY `id_lang` (`id_lang`),
  KEY `url_key` (`url_key`(5))
) ENGINE=InnoDB AUTO_INCREMENT=741 DEFAULT CHARSET=utf8;

--
-- Dumping data for table `ps_layered_friendly_url`
--

INSERT INTO `ps_layered_friendly_url` VALUES (1,'3f1005f8be7881795fc5feddfdba756f','a:1:{s:8:\"category\";a:1:{i:1;s:1:\"1\";}}',1),(2,'e22ad4e9f8f445df1283ec3383c55ed8','a:1:{s:8:\"category\";a:1:{i:2;s:1:\"2\";}}',1),(3,'8981f5a5b182a2f0679b8bd6e9eff458','a:1:{s:8:\"category\";a:1:{i:3;s:1:\"3\";}}',1),(4,'8b47a12715a50254d2e84bb8a6fa09ef','a:1:{s:8:\"category\";a:1:{i:4;s:1:\"4\";}}',1),(5,'c26fca0651707ed1f17d683469954c12','a:1:{s:8:\"category\";a:1:{i:6;s:1:\"6\";}}',1),(6,'58fa43537e01fbae6d00ef345383c26e','a:1:{s:8:\"category\";a:1:{i:7;s:1:\"7\";}}',1),(7,'18778f28dcc9ebed440448f60a6e64f9','a:1:{s:8:\"category\";a:1:{i:8;s:1:\"8\";}}',1),(8,'20ccf6547532fd436d2f3b406a8f28e5','a:1:{s:8:\"category\";a:1:{i:9;s:1:\"9\";}}',1),(9,'78f3110511132b3700ab4d29485ba95d','a:1:{s:8:\"category\";a:1:{i:10;s:2:\"10\";}}',1),(10,'c6298cb565aa9cd8cf9374ee189d03d9','a:1:{s:8:\"category\";a:1:{i:11;s:2:\"11\";}}',1),(11,'ad5978cc65751ccc613f566cac060eb7','a:1:{s:8:\"category\";a:1:{i:12;s:2:\"12\";}}',1),(12,'d60373a5faa824460acea3fa2ab5acd7','a:1:{s:8:\"category\";a:1:{i:17;s:2:\"17\";}}',1),(13,'3a5a2aaffc3a8c71ea1eb89efda5a137','a:1:{s:8:\"category\";a:1:{i:44;s:2:\"44\";}}',1),(14,'a78dc8d99fa1d01ae863440b67643c73','a:1:{s:8:\"category\";a:1:{i:58;s:2:\"58\";}}',1),(15,'54c392304a994d70bf81920c8b1d3632','a:1:{s:8:\"category\";a:1:{i:72;s:2:\"72\";}}',1),(16,'27ca8883b5eb6f027dcb81c2d280f490','a:1:{s:8:\"category\";a:1:{i:115;s:3:\"115\";}}',1),(17,'de656cd025ede22772c6cd417bd10da3','a:1:{s:8:\"category\";a:1:{i:14;s:2:\"14\";}}',1),(18,'3dde03751598a230aef1f5aa451b01d4','a:1:{s:8:\"category\";a:1:{i:15;s:2:\"15\";}}',1),(19,'a7f466a92f4ce413a52d11ca84e6019b','a:1:{s:8:\"category\";a:1:{i:16;s:2:\"16\";}}',1),(20,'25420535a3767aca58416cef0e6ba861','a:1:{s:8:\"category\";a:1:{i:18;s:2:\"18\";}}',1),(21,'9e4e7cc8a461a2ecbcda78628ed2c852','a:1:{s:8:\"category\";a:1:{i:19;s:2:\"19\";}}',1),(22,'ea5eb0bb94212f7a4881f4412893bf04','a:1:{s:8:\"category\";a:1:{i:20;s:2:\"20\";}}',1),(23,'95fefa7efe449ab092bb3bcb4704a26a','a:1:{s:8:\"category\";a:1:{i:21;s:2:\"21\";}}',1),(24,'a0d35ed7bfe84a22717d879c779c4d66','a:1:{s:8:\"category\";a:1:{i:22;s:2:\"22\";}}',1),(25,'d9d98db28e2a201ff70a1d943c55e573','a:1:{s:8:\"category\";a:1:{i:23;s:2:\"23\";}}',1),(26,'7d9d09ffc4b9337b80e98f171004e9dd','a:1:{s:8:\"category\";a:1:{i:24;s:2:\"24\";}}',1),(27,'55f5cf1a5c3b630052607f943da11c2c','a:1:{s:8:\"category\";a:1:{i:25;s:2:\"25\";}}',1),(28,'aaf830a43041de8108fb91465f3f9aa5','a:1:{s:8:\"category\";a:1:{i:26;s:2:\"26\";}}',1),(29,'18a3ae18089b234c68373b5e8e68e087','a:1:{s:8:\"category\";a:1:{i:27;s:2:\"27\";}}',1),(30,'5e7a98e248f8aebc5afea3f72a6636dd','a:1:{s:8:\"category\";a:1:{i:28;s:2:\"28\";}}',1),(31,'94ef8b14c23ba69d6d491a3ffd55b9de','a:1:{s:8:\"category\";a:1:{i:29;s:2:\"29\";}}',1),(32,'143485ff933e0bf1eff55e6f35ef867e','a:1:{s:8:\"category\";a:1:{i:30;s:2:\"30\";}}',1),(33,'e27f6000b8707c633c84fefec2dfeb8b','a:1:{s:8:\"category\";a:1:{i:31;s:2:\"31\";}}',1),(34,'0122021d2eba7efd9a3b09a377caa0c7','a:1:{s:8:\"category\";a:1:{i:34;s:2:\"34\";}}',1),(35,'bdda5a9b4832a17135efda0945dd09de','a:1:{s:8:\"category\";a:1:{i:36;s:2:\"36\";}}',1),(36,'4e079d9ce62cacc87d9e4af387cdd4dd','a:1:{s:8:\"category\";a:1:{i:37;s:2:\"37\";}}',1),(37,'ddd4e9a5fdd6285632d0de06966a9d60','a:1:{s:8:\"category\";a:1:{i:38;s:2:\"38\";}}',1),(38,'cf28a0aa821c87ff64adee963ebaf756','a:1:{s:8:\"category\";a:1:{i:39;s:2:\"39\";}}',1),(39,'c2aafaf876b4d47e86d124aef59d7861','a:1:{s:8:\"category\";a:1:{i:45;s:2:\"45\";}}',1),(40,'86fae7eb42a20abaef2d5602e5729beb','a:1:{s:8:\"category\";a:1:{i:46;s:2:\"46\";}}',1),(41,'9543789fd8ae9c21bf95e7f6ef893151','a:1:{s:8:\"category\";a:1:{i:47;s:2:\"47\";}}',1),(42,'f86e3d8a56d1d971d6e2b57ae837f145','a:1:{s:8:\"category\";a:1:{i:48;s:2:\"48\";}}',1),(43,'2b7aa3e4983897dbbb2b0d63267a047c','a:1:{s:8:\"category\";a:1:{i:49;s:2:\"49\";}}',1),(44,'50867ec6010b0f6a112490702bda95df','a:1:{s:8:\"category\";a:1:{i:50;s:2:\"50\";}}',1),(45,'88c5ce170afae5add4f4d4a7c7ff5da7','a:1:{s:8:\"category\";a:1:{i:51;s:2:\"51\";}}',1),(46,'a341cf6d3ffa7ba092105332e7984c50','a:1:{s:8:\"category\";a:1:{i:52;s:2:\"52\";}}',1),(47,'855db7276bd94fdde63c948e5a2f3710','a:1:{s:8:\"category\";a:1:{i:53;s:2:\"53\";}}',1),(48,'4e29ebf5bdcdea8c6b37bc807763d40b','a:1:{s:8:\"category\";a:1:{i:54;s:2:\"54\";}}',1),(49,'23cc8f3025c90ac979d891f5186c35ad','a:1:{s:8:\"category\";a:1:{i:55;s:2:\"55\";}}',1),(50,'dec8c45058c06e2c1cde33619cccb7b7','a:1:{s:8:\"category\";a:1:{i:56;s:2:\"56\";}}',1),(51,'a2e044a397c8b79f8d6dbe9741c42cb3','a:1:{s:8:\"category\";a:1:{i:57;s:2:\"57\";}}',1),(52,'6b073eab5f5039f97f1cefc4fe0881c5','a:1:{s:8:\"category\";a:1:{i:59;s:2:\"59\";}}',1),(53,'a157d80c436f5aa2d19376a450eb8f0e','a:1:{s:8:\"category\";a:1:{i:60;s:2:\"60\";}}',1),(54,'7600c3bc5cbbbc15c06c7b2f60d6beb8','a:1:{s:8:\"category\";a:1:{i:61;s:2:\"61\";}}',1),(55,'f879ae3fa4eba889a49e9839eb770380','a:1:{s:8:\"category\";a:1:{i:62;s:2:\"62\";}}',1),(56,'8336f227c3bdf8b22c23e438f38a3098','a:1:{s:8:\"category\";a:1:{i:63;s:2:\"63\";}}',1),(57,'d65eb031127dc0e8b82ca3dd061bb27f','a:1:{s:8:\"category\";a:1:{i:64;s:2:\"64\";}}',1),(58,'ddeea455614790681d8fb3ca39fc0c97','a:1:{s:8:\"category\";a:1:{i:65;s:2:\"65\";}}',1),(59,'d0836830acdfc025dfa64c6a73ed55a1','a:1:{s:8:\"category\";a:1:{i:66;s:2:\"66\";}}',1),(60,'ca99aa2f50e3d5e0da24c18775cba2ab','a:1:{s:8:\"category\";a:1:{i:67;s:2:\"67\";}}',1),(61,'c4d525de26f6bb315c8e45eccd4d7afc','a:1:{s:8:\"category\";a:1:{i:68;s:2:\"68\";}}',1),(62,'4922ac49dce23f56703b399c2cb48786','a:1:{s:8:\"category\";a:1:{i:69;s:2:\"69\";}}',1),(63,'e16c06e45df7ba14d71bcbfed5f83305','a:1:{s:8:\"category\";a:1:{i:70;s:2:\"70\";}}',1),(64,'3cb824fec9f1970f47bf170b8ca56cae','a:1:{s:8:\"category\";a:1:{i:71;s:2:\"71\";}}',1),(65,'ca99f73b70c85200831c23b246e4d658','a:1:{s:8:\"category\";a:1:{i:74;s:2:\"74\";}}',1),(66,'3f30f5fb82975c8792f864f3b595543f','a:1:{s:8:\"category\";a:1:{i:75;s:2:\"75\";}}',1),(67,'fa2a572336b0b2f8d7fe520154c2bee4','a:1:{s:8:\"category\";a:1:{i:76;s:2:\"76\";}}',1),(68,'2559fbcca965665012ec3256a0716d77','a:1:{s:8:\"category\";a:1:{i:77;s:2:\"77\";}}',1),(69,'9cb05b083c0fa0087c0671d0555dd1b2','a:1:{s:8:\"category\";a:1:{i:78;s:2:\"78\";}}',1),(70,'50ea22f25a25a53cd842a27ba03696c4','a:1:{s:8:\"category\";a:1:{i:79;s:2:\"79\";}}',1),(71,'4f2d5308a4f76c70cdd6f1b2affd8f0a','a:1:{s:8:\"category\";a:1:{i:80;s:2:\"80\";}}',1),(72,'120e63a560395be710c927cfce1579ee','a:1:{s:8:\"category\";a:1:{i:81;s:2:\"81\";}}',1),(73,'ec503f1b2487b37284e02bb743c1056f','a:1:{s:8:\"category\";a:1:{i:82;s:2:\"82\";}}',1),(74,'137be55f2b74e4d8379354f814d9d2b9','a:1:{s:8:\"category\";a:1:{i:83;s:2:\"83\";}}',1),(75,'81c2507d8a0a2f71cbd84ee11c5997c5','a:1:{s:8:\"category\";a:1:{i:84;s:2:\"84\";}}',1),(76,'76ed0851f024e6a771ab2f9a2e6a2fda','a:1:{s:8:\"category\";a:1:{i:85;s:2:\"85\";}}',1),(77,'5a955ab8de3cca16ebb92cadf163a020','a:1:{s:8:\"category\";a:1:{i:86;s:2:\"86\";}}',1),(78,'484d555871fd990eb16f1a2ef53805ae','a:1:{s:8:\"category\";a:1:{i:87;s:2:\"87\";}}',1),(79,'cbfa8c0a306ee8ec144fee5c3f7d8f79','a:1:{s:8:\"category\";a:1:{i:89;s:2:\"89\";}}',1),(80,'4f96857635d990959a6954bd3b4bc220','a:1:{s:8:\"category\";a:1:{i:99;s:2:\"99\";}}',1),(81,'021fe9a2522333bb2c0b52e39b56c44b','a:1:{s:8:\"category\";a:1:{i:106;s:3:\"106\";}}',1),(82,'b4505a207f1b7f9a05da62e54514359f','a:1:{s:8:\"category\";a:1:{i:108;s:3:\"108\";}}',1),(83,'287911c28e460d778813982a5602d163','a:1:{s:8:\"category\";a:1:{i:109;s:3:\"109\";}}',1),(84,'15218175a223a9642ff4bcd8253cf4fa','a:1:{s:8:\"category\";a:1:{i:110;s:3:\"110\";}}',1),(85,'cc0b3014666008b6f5861936910ae89b','a:1:{s:8:\"category\";a:1:{i:111;s:3:\"111\";}}',1),(86,'16c1a3192217966fcf32709dc2f48bee','a:1:{s:8:\"category\";a:1:{i:112;s:3:\"112\";}}',1),(87,'bedebc7fd5e765b515c5c0a4bdd44f38','a:1:{s:8:\"category\";a:1:{i:113;s:3:\"113\";}}',1),(88,'0c830eb091463df572c843d0503700c5','a:1:{s:8:\"category\";a:1:{i:114;s:3:\"114\";}}',1),(89,'dd22f8886f969123d996f2c22b487be9','a:1:{s:8:\"category\";a:1:{i:116;s:3:\"116\";}}',1),(90,'630006892fa3c8b30e3e0a111e0c3fe7','a:1:{s:8:\"category\";a:1:{i:117;s:3:\"117\";}}',1),(91,'0d9117ffdcc2b81947d01f6595904d02','a:1:{s:8:\"category\";a:1:{i:118;s:3:\"118\";}}',1),(92,'f0db44908349487eff64cd9f8c8a359f','a:1:{s:8:\"category\";a:1:{i:119;s:3:\"119\";}}',1),(93,'38a9cc7a490a77afaf62dda2c2b4223b','a:1:{s:8:\"category\";a:1:{i:90;s:2:\"90\";}}',1),(94,'853262dcf62ef0897b03a16b85ab524f','a:1:{s:8:\"category\";a:1:{i:91;s:2:\"91\";}}',1),(95,'39dadd05c7476b189eafaa59eb260401','a:1:{s:8:\"category\";a:1:{i:92;s:2:\"92\";}}',1),(96,'e28d1dab169cb7b2451d8d001b28a83f','a:1:{s:8:\"category\";a:1:{i:93;s:2:\"93\";}}',1),(97,'4c354170ed818bb30376d0a51e2f706b','a:1:{s:8:\"category\";a:1:{i:94;s:2:\"94\";}}',1),(98,'e370a0eef1dbf5c2258ceff7a3900091','a:1:{s:8:\"category\";a:1:{i:96;s:2:\"96\";}}',1),(99,'f38e21a72563af71dab60d3dba9fed35','a:1:{s:8:\"category\";a:1:{i:97;s:2:\"97\";}}',1),(100,'19810cf0a93911cd402410c2b4f8a768','a:1:{s:8:\"category\";a:1:{i:98;s:2:\"98\";}}',1),(101,'60da7e552b595196c88e654112a32651','a:1:{s:8:\"category\";a:1:{i:104;s:3:\"104\";}}',1),(102,'2c48b33884feeb8be87bd3ef5a25ac25','a:1:{s:10:\"id_feature\";a:1:{i:34;s:4:\"8_34\";}}',1),(103,'fadf21c6eb0f03c35e81b18d786dc116','a:1:{s:10:\"id_feature\";a:1:{i:39;s:4:\"8_39\";}}',1),(104,'329ca174a11436e0f573a7248d6882b8','a:1:{s:10:\"id_feature\";a:1:{i:45;s:4:\"8_45\";}}',1),(105,'24621a311cd4b73352ed54a481f3dc13','a:1:{s:10:\"id_feature\";a:1:{i:46;s:4:\"8_46\";}}',1),(106,'ff1d31a079f42965e9393529cea10743','a:1:{s:10:\"id_feature\";a:1:{i:47;s:4:\"8_47\";}}',1),(107,'65fbdb863e4cfcc2f0bbdcff9d19b34d','a:1:{s:10:\"id_feature\";a:1:{i:48;s:4:\"8_48\";}}',1),(108,'cea4f08b0fca83477c870e92fd0489b0','a:1:{s:10:\"id_feature\";a:1:{i:49;s:4:\"8_49\";}}',1),(109,'c9ac5b436dc97d6da2f8c3229d18f5cf','a:1:{s:10:\"id_feature\";a:1:{i:50;s:4:\"8_50\";}}',1),(110,'71614603fdb787e3594d55aa3849594c','a:1:{s:10:\"id_feature\";a:1:{i:51;s:4:\"8_51\";}}',1),(111,'61bb01b5df4c97a40c2bf268630db861','a:1:{s:10:\"id_feature\";a:1:{i:52;s:4:\"8_52\";}}',1),(112,'af618a7da6bb5acd1f876992e6aeba39','a:1:{s:10:\"id_feature\";a:1:{i:53;s:4:\"8_53\";}}',1),(113,'5c577cc89f845f303131825d3a9dc0b4','a:1:{s:10:\"id_feature\";a:1:{i:54;s:4:\"8_54\";}}',1),(114,'291ca02cc3c556e6983a5fc96046cef6','a:1:{s:10:\"id_feature\";a:1:{i:55;s:4:\"8_55\";}}',1),(115,'b3c18541012a293fa77a692b66fa07e4','a:1:{s:10:\"id_feature\";a:1:{i:56;s:4:\"8_56\";}}',1),(116,'23cb853a92275e84408fe66b8aa5d199','a:1:{s:10:\"id_feature\";a:1:{i:57;s:4:\"8_57\";}}',1),(117,'9eaebfd93a70161bf2a0924bb26d33ed','a:1:{s:18:\"id_attribute_group\";a:1:{i:1;s:3:\"1_1\";}}',1),(118,'86d598141f573bbdcf486a7995db6bae','a:1:{s:18:\"id_attribute_group\";a:1:{i:8;s:3:\"1_8\";}}',1),(119,'e9ec67715de54b940cb952cbfcf8471e','a:1:{s:18:\"id_attribute_group\";a:1:{i:10;s:4:\"1_10\";}}',1),(120,'33a619ca9a8fcf05a2c7738ae3db1f37','a:1:{s:18:\"id_attribute_group\";a:1:{i:11;s:4:\"1_11\";}}',1),(121,'52d7634bfab1fdfa211681b221065477','a:1:{s:18:\"id_attribute_group\";a:1:{i:12;s:4:\"1_12\";}}',1),(122,'420e9a186174e43a71acd4370a7000b4','a:1:{s:18:\"id_attribute_group\";a:1:{i:13;s:4:\"1_13\";}}',1),(123,'eaab31f7ece29d36f9d7f3fcda7bff3c','a:1:{s:18:\"id_attribute_group\";a:1:{i:14;s:4:\"1_14\";}}',1),(124,'32551dc306abc5ba530dfe9e60b1ea72','a:1:{s:18:\"id_attribute_group\";a:1:{i:24;s:4:\"1_24\";}}',1),(125,'bf6b363c7859369cc455d9db36b4fe2a','a:1:{s:18:\"id_attribute_group\";a:1:{i:25;s:4:\"1_25\";}}',1),(126,'de0468275361a707d8608614bf5b158c','a:1:{s:18:\"id_attribute_group\";a:1:{i:26;s:4:\"1_26\";}}',1),(127,'2056fd5a2f2997babbe804b015e4dd17','a:1:{s:18:\"id_attribute_group\";a:1:{i:27;s:4:\"1_27\";}}',1),(128,'94c3b6afc4a2b6ddf7ee9dcbcfa19662','a:1:{s:18:\"id_attribute_group\";a:1:{i:28;s:4:\"1_28\";}}',1),(129,'7453442403a0224db8c2478ad737c4f4','a:1:{s:18:\"id_attribute_group\";a:1:{i:29;s:4:\"1_29\";}}',1),(130,'24573c39db0c0c327a007836e94160c9','a:1:{s:18:\"id_attribute_group\";a:1:{i:30;s:4:\"1_30\";}}',1),(131,'74b880610ba0fd309128759b4db09465','a:1:{s:18:\"id_attribute_group\";a:1:{i:31;s:4:\"1_31\";}}',1),(132,'2e649d729352b947c5f365ab5b29222f','a:1:{s:18:\"id_attribute_group\";a:1:{i:41;s:4:\"1_41\";}}',1),(133,'2d721ecdc01c0e2f819abb5bb63eb6de','a:1:{s:18:\"id_attribute_group\";a:1:{i:42;s:4:\"1_42\";}}',1),(134,'f4314741ce2062815d82ec1834a8ed2e','a:1:{s:18:\"id_attribute_group\";a:1:{i:44;s:4:\"1_44\";}}',1),(135,'527a201ddfa59c4cba7659e3d6fd9e4c','a:1:{s:18:\"id_attribute_group\";a:1:{i:45;s:4:\"1_45\";}}',1),(136,'75a5c706b86a7340e0d700f8826b7639','a:1:{s:18:\"id_attribute_group\";a:1:{i:46;s:4:\"1_46\";}}',1),(137,'c7d0340a2f9c65a08148d628bbdded5d','a:1:{s:18:\"id_attribute_group\";a:1:{i:47;s:4:\"1_47\";}}',1),(138,'1b98fa5c1178ca30d57161cbc1269479','a:1:{s:18:\"id_attribute_group\";a:1:{i:48;s:4:\"1_48\";}}',1),(139,'c4f03c2606f30f76b232b3be0cdd766f','a:1:{s:18:\"id_attribute_group\";a:1:{i:49;s:4:\"1_49\";}}',1),(140,'3ade763ac6fa691e01d1ec97acfbff6a','a:1:{s:18:\"id_attribute_group\";a:1:{i:50;s:4:\"1_50\";}}',1),(141,'b2681221b119f3a39302cecc3b56ddd8','a:1:{s:18:\"id_attribute_group\";a:1:{i:51;s:4:\"1_51\";}}',1),(142,'4f23bde003c5a32eba5c0ccd0c33062d','a:1:{s:18:\"id_attribute_group\";a:1:{i:52;s:4:\"1_52\";}}',1),(143,'78cb4bc2dd835851b0c2714f45bca77f','a:1:{s:18:\"id_attribute_group\";a:1:{i:53;s:4:\"1_53\";}}',1),(144,'8f3b1401d9d303a03a5f9b010cbeaa61','a:1:{s:18:\"id_attribute_group\";a:1:{i:58;s:4:\"1_58\";}}',1),(145,'07e789e2fd7c1b3f88100c66d743af9f','a:1:{s:18:\"id_attribute_group\";a:1:{i:60;s:4:\"1_60\";}}',1),(146,'c3a09cefef550df81ebf2b4900b647e1','a:1:{s:18:\"id_attribute_group\";a:1:{i:84;s:4:\"1_84\";}}',1),(147,'001ff8ae87b783cfac59556cd2c44da3','a:1:{s:18:\"id_attribute_group\";a:1:{i:91;s:4:\"1_91\";}}',1),(148,'2433eff511399f7a65312052114dc1ae','a:1:{s:18:\"id_attribute_group\";a:1:{i:92;s:4:\"1_92\";}}',1),(149,'36c80d6892ed706553f0635baa2ae97f','a:1:{s:18:\"id_attribute_group\";a:1:{i:93;s:4:\"1_93\";}}',1),(150,'8630c4a9db9cc0fdad3e1aaad4071502','a:1:{s:18:\"id_attribute_group\";a:1:{i:94;s:4:\"1_94\";}}',1),(151,'f1d70d445ad5a9d68055fea3e79925ff','a:1:{s:18:\"id_attribute_group\";a:1:{i:96;s:4:\"1_96\";}}',1),(152,'6240c2e0cdc5081b36a4d2bdcd7d4fe2','a:1:{s:18:\"id_attribute_group\";a:1:{i:106;s:5:\"1_106\";}}',1),(153,'86f056af341e7f7bd16d5c944b47a6e1','a:1:{s:18:\"id_attribute_group\";a:1:{i:126;s:5:\"1_126\";}}',1),(154,'7231ba8bcef5f615c9cf304034005db1','a:1:{s:18:\"id_attribute_group\";a:1:{i:129;s:5:\"1_129\";}}',1),(155,'cc1f45a5aedddeee29cfffaacfeb99a9','a:1:{s:18:\"id_attribute_group\";a:1:{i:143;s:5:\"1_143\";}}',1),(156,'d565c51107536a3a996bf32daf978c64','a:1:{s:18:\"id_attribute_group\";a:1:{i:147;s:5:\"1_147\";}}',1),(157,'c1d1aa944d6e4970f0b7ebe875461f92','a:1:{s:18:\"id_attribute_group\";a:1:{i:148;s:5:\"1_148\";}}',1),(158,'80598267c653777a558ff9f07733423e','a:1:{s:18:\"id_attribute_group\";a:1:{i:149;s:5:\"1_149\";}}',1),(159,'c3750777e3b7f9bc6d49b5185d1b4b4e','a:1:{s:18:\"id_attribute_group\";a:1:{i:150;s:5:\"1_150\";}}',1),(160,'5748dd2f5a5bee8f972476ed00775f40','a:1:{s:18:\"id_attribute_group\";a:1:{i:151;s:5:\"1_151\";}}',1),(161,'20d95572cf38f39234f7bfcaa2763437','a:1:{s:18:\"id_attribute_group\";a:1:{i:152;s:5:\"1_152\";}}',1),(162,'1007ad4dc1d5d2153bb7bd3ccae6ab13','a:1:{s:18:\"id_attribute_group\";a:1:{i:153;s:5:\"1_153\";}}',1),(163,'8cf6d09e55d89e9a8427a99b000ee472','a:1:{s:18:\"id_attribute_group\";a:1:{i:157;s:5:\"1_157\";}}',1),(164,'b58a2d7e2daac3eafa74f35a3c8e5847','a:1:{s:18:\"id_attribute_group\";a:1:{i:163;s:5:\"1_163\";}}',1),(165,'0d39a30184cba505f022973c1e363ad3','a:1:{s:18:\"id_attribute_group\";a:1:{i:169;s:5:\"1_169\";}}',1),(166,'2764b97b05e3c9c0d1c45fdbbe172d54','a:1:{s:18:\"id_attribute_group\";a:1:{i:251;s:5:\"1_251\";}}',1),(167,'8bd019bd613f274e9542d3cc3bdbabf2','a:1:{s:18:\"id_attribute_group\";a:1:{i:253;s:5:\"1_253\";}}',1),(168,'ba756aa15644859d905a41b1dacd9d0d','a:1:{s:18:\"id_attribute_group\";a:1:{i:254;s:5:\"1_254\";}}',1),(169,'3978298520bf43c1113f66a509b09e84','a:1:{s:18:\"id_attribute_group\";a:1:{i:256;s:5:\"1_256\";}}',1),(170,'03a42c29ed566b50c92973b63aed1ce9','a:1:{s:18:\"id_attribute_group\";a:1:{i:258;s:5:\"1_258\";}}',1),(171,'d9dc14b07fa71fc8c35d606308f17f3f','a:1:{s:18:\"id_attribute_group\";a:1:{i:260;s:5:\"1_260\";}}',1),(172,'6ed3777b250683f2f261782d65a0fb45','a:1:{s:18:\"id_attribute_group\";a:1:{i:261;s:5:\"1_261\";}}',1),(173,'00eda1c2851bc10b3ba5ba165fb8313b','a:1:{s:18:\"id_attribute_group\";a:1:{i:263;s:5:\"1_263\";}}',1),(174,'8c183064342d2fea715c3d5c42570731','a:1:{s:18:\"id_attribute_group\";a:1:{i:264;s:5:\"1_264\";}}',1),(175,'58c6407e4c686489f970780142989f6e','a:1:{s:18:\"id_attribute_group\";a:1:{i:265;s:5:\"1_265\";}}',1),(176,'862c8789afa1078de8195af40ef78d5f','a:1:{s:18:\"id_attribute_group\";a:1:{i:266;s:5:\"1_266\";}}',1),(177,'469f29437d187411acc6d1595aa202c9','a:1:{s:18:\"id_attribute_group\";a:1:{i:267;s:5:\"1_267\";}}',1),(178,'db385ff7231f0cdfde9698ae67157c20','a:1:{s:18:\"id_attribute_group\";a:1:{i:285;s:5:\"1_285\";}}',1),(179,'d97d23e401e4895bd3c3b83d4d0cbe7c','a:1:{s:18:\"id_attribute_group\";a:1:{i:292;s:5:\"1_292\";}}',1),(180,'87b0dd3589e9d0bd79d0c085967f28db','a:1:{s:18:\"id_attribute_group\";a:1:{i:336;s:5:\"1_336\";}}',1),(181,'db5ccbcb21f166fbaa5685c241922c04','a:1:{s:18:\"id_attribute_group\";a:1:{i:343;s:5:\"1_343\";}}',1),(182,'6c2953082f672f51fbd7dc30598a7b84','a:1:{s:18:\"id_attribute_group\";a:1:{i:344;s:5:\"1_344\";}}',1),(183,'688056658c4c6a445d194c861a10b688','a:1:{s:18:\"id_attribute_group\";a:1:{i:345;s:5:\"1_345\";}}',1),(184,'ca64b54ca60b4748f49a7d97e0c4cc70','a:1:{s:18:\"id_attribute_group\";a:1:{i:347;s:5:\"1_347\";}}',1),(185,'2a74c622b962b8b96894ab45afe97d65','a:1:{s:18:\"id_attribute_group\";a:1:{i:350;s:5:\"1_350\";}}',1),(186,'73db3967216c0ecb93952cc5a1ede55d','a:1:{s:18:\"id_attribute_group\";a:1:{i:352;s:5:\"1_352\";}}',1),(187,'9f27bd7cdd95599b3b4bcb2f844bdf18','a:1:{s:18:\"id_attribute_group\";a:1:{i:353;s:5:\"1_353\";}}',1),(188,'3af780c53c8020f81821bf4d48109916','a:1:{s:18:\"id_attribute_group\";a:1:{i:429;s:5:\"1_429\";}}',1),(189,'3c895f2030b8fcd336242eedfb32b29a','a:1:{s:18:\"id_attribute_group\";a:1:{i:453;s:5:\"1_453\";}}',1),(190,'759b92e198bf85355e24725d5256a1e7','a:1:{s:18:\"id_attribute_group\";a:1:{i:454;s:5:\"1_454\";}}',1),(191,'6554244b023671ce1e3628ce644c89b7','a:1:{s:18:\"id_attribute_group\";a:1:{i:455;s:5:\"1_455\";}}',1),(192,'858721be19192d19668be1249a515f36','a:1:{s:18:\"id_attribute_group\";a:1:{i:456;s:5:\"1_456\";}}',1),(193,'0e6570449b3dedf83dcdd35c505ebbdf','a:1:{s:18:\"id_attribute_group\";a:1:{i:457;s:5:\"1_457\";}}',1),(194,'b43d4891929a821df94dfc8ffeca9d32','a:1:{s:18:\"id_attribute_group\";a:1:{i:482;s:5:\"1_482\";}}',1),(195,'e578c958416460636cea014fb1e301eb','a:1:{s:18:\"id_attribute_group\";a:1:{i:485;s:5:\"1_485\";}}',1),(196,'107c4f4ab304626d3ae0fcb50f49c67a','a:1:{s:18:\"id_attribute_group\";a:1:{i:486;s:5:\"1_486\";}}',1),(197,'387abd7b051984043b88fcb898602e49','a:1:{s:18:\"id_attribute_group\";a:1:{i:487;s:5:\"1_487\";}}',1),(198,'c028b6b52ad6880d17345a22a855ce67','a:1:{s:18:\"id_attribute_group\";a:1:{i:488;s:5:\"1_488\";}}',1),(199,'e826b4d3aff0dc2837c5c0e703acb8e1','a:1:{s:18:\"id_attribute_group\";a:1:{i:489;s:5:\"1_489\";}}',1),(200,'0c56e7b19b98038dce7eab202ed6bda8','a:1:{s:18:\"id_attribute_group\";a:1:{i:490;s:5:\"1_490\";}}',1),(201,'cdd29aca50e2f3b399d674077906c41a','a:1:{s:18:\"id_attribute_group\";a:1:{i:498;s:5:\"1_498\";}}',1),(202,'0fc1f2c355e7cee28b4e5b287130d48d','a:1:{s:18:\"id_attribute_group\";a:1:{i:505;s:5:\"1_505\";}}',1),(203,'03476046ada597a89bb936137c442ee1','a:1:{s:18:\"id_attribute_group\";a:1:{i:506;s:5:\"1_506\";}}',1),(204,'dd3d52c239f1d9138931a47b16a94674','a:1:{s:18:\"id_attribute_group\";a:1:{i:507;s:5:\"1_507\";}}',1),(205,'39e6d8432902a0ed0a92b4c92e3f3ddd','a:1:{s:18:\"id_attribute_group\";a:1:{i:529;s:5:\"1_529\";}}',1),(206,'2567852d619627c1c583017f988ea5b1','a:1:{s:18:\"id_attribute_group\";a:1:{i:557;s:5:\"1_557\";}}',1),(207,'f1937a137e035a44164fae5c90d858dd','a:1:{s:18:\"id_attribute_group\";a:1:{i:560;s:5:\"1_560\";}}',1),(208,'db8bd602c47434c91ec8ae72be3e443c','a:1:{s:18:\"id_attribute_group\";a:1:{i:571;s:5:\"1_571\";}}',1),(209,'eff861bb885e7f5db6c43328665ec34b','a:1:{s:18:\"id_attribute_group\";a:1:{i:592;s:5:\"1_592\";}}',1),(210,'89deec14d4ed57401fb0536cf472a033','a:1:{s:18:\"id_attribute_group\";a:1:{i:702;s:5:\"1_702\";}}',1),(211,'3d62844c8319c68e436e43421d5d8f35','a:1:{s:18:\"id_attribute_group\";a:1:{i:703;s:5:\"1_703\";}}',1),(212,'4a1645df46f0c3c5832795c75c7a0f51','a:1:{s:18:\"id_attribute_group\";a:1:{i:867;s:5:\"1_867\";}}',1),(213,'a0998207beaf10448e55dd19c58c3b7a','a:1:{s:18:\"id_attribute_group\";a:1:{i:881;s:5:\"1_881\";}}',1),(214,'907aa9494dcf6d11d094c13b13020268','a:1:{s:18:\"id_attribute_group\";a:1:{i:902;s:5:\"1_902\";}}',1),(215,'3819a201ed1bbe1d2707b82adfd3efdc','a:1:{s:18:\"id_attribute_group\";a:1:{i:934;s:5:\"1_934\";}}',1),(216,'39da2bd0f10dcb5aa43f0b9cb30e80ef','a:1:{s:18:\"id_attribute_group\";a:1:{i:935;s:5:\"1_935\";}}',1),(217,'47a00d44abbb7f4d13ed3a0d5a85f561','a:1:{s:18:\"id_attribute_group\";a:1:{i:936;s:5:\"1_936\";}}',1),(218,'979a13749c183c99a3269ab32c303b7e','a:1:{s:18:\"id_attribute_group\";a:1:{i:937;s:5:\"1_937\";}}',1),(219,'aecd66fef2c33a181c1c571ed69dd66c','a:1:{s:18:\"id_attribute_group\";a:1:{i:938;s:5:\"1_938\";}}',1),(220,'f9a9ecd3f2e91385822bccd7a0cc9cfd','a:1:{s:18:\"id_attribute_group\";a:1:{i:939;s:5:\"1_939\";}}',1),(221,'a1480293509ab1961724a99e93e27012','a:1:{s:18:\"id_attribute_group\";a:1:{i:940;s:5:\"1_940\";}}',1),(222,'81a79f9c58cd905659cf8abb9a32f4c4','a:1:{s:18:\"id_attribute_group\";a:1:{i:941;s:5:\"1_941\";}}',1),(223,'4ea78de54a91c46452cffcc5281d3367','a:1:{s:18:\"id_attribute_group\";a:1:{i:942;s:5:\"1_942\";}}',1),(224,'91ffe5eb71cf32babeac70a8d5aea165','a:1:{s:18:\"id_attribute_group\";a:1:{i:943;s:5:\"1_943\";}}',1),(225,'ec3d45a994bb09479ae0c243f37ee419','a:1:{s:18:\"id_attribute_group\";a:1:{i:944;s:5:\"1_944\";}}',1),(226,'3d49c6d8223d01f58df317904c9dc321','a:1:{s:18:\"id_attribute_group\";a:1:{i:945;s:5:\"1_945\";}}',1),(227,'b4079703b09d322c5e912ab63da7cd7f','a:1:{s:18:\"id_attribute_group\";a:1:{i:946;s:5:\"1_946\";}}',1),(228,'f96dd7280c56816d5f63637dc3c065cd','a:1:{s:18:\"id_attribute_group\";a:1:{i:947;s:5:\"1_947\";}}',1),(229,'0ee68680c1a8071867f3f88eb4373c53','a:1:{s:18:\"id_attribute_group\";a:1:{i:949;s:5:\"1_949\";}}',1),(230,'6bda63eddd5b7080280556d8396e833c','a:1:{s:18:\"id_attribute_group\";a:1:{i:952;s:5:\"1_952\";}}',1),(231,'a2f483f310f8f906f98095c765d2b4fd','a:1:{s:18:\"id_attribute_group\";a:1:{i:956;s:5:\"1_956\";}}',1),(232,'3050cad41e86e289c915915daffb4d16','a:1:{s:18:\"id_attribute_group\";a:1:{i:957;s:5:\"1_957\";}}',1),(233,'8056560d2ab9fd4bd73d0e3283ed9b30','a:1:{s:18:\"id_attribute_group\";a:1:{i:958;s:5:\"1_958\";}}',1),(234,'f752b000cb5c09a414d05beac383524a','a:1:{s:18:\"id_attribute_group\";a:1:{i:959;s:5:\"1_959\";}}',1),(235,'22f882a5674ef8e119a29d88587f03aa','a:1:{s:18:\"id_attribute_group\";a:1:{i:983;s:5:\"1_983\";}}',1),(236,'723104db8e311cef1e8bcd1b2af8bd88','a:1:{s:18:\"id_attribute_group\";a:1:{i:984;s:5:\"1_984\";}}',1),(237,'09b37789a2b60b645b1e463de5407fa2','a:1:{s:18:\"id_attribute_group\";a:1:{i:985;s:5:\"1_985\";}}',1),(238,'a0e16de1e91d5a7abebb1fb7dffa7be1','a:1:{s:18:\"id_attribute_group\";a:1:{i:1012;s:6:\"1_1012\";}}',1),(239,'0b8f0112fdbface9f968aed9729a657a','a:1:{s:18:\"id_attribute_group\";a:1:{i:1017;s:6:\"1_1017\";}}',1),(240,'739be374f18b4a0f74c29775cae006f0','a:1:{s:18:\"id_attribute_group\";a:1:{i:1018;s:6:\"1_1018\";}}',1),(241,'31374cbc8c96d1adad32de594c479baa','a:1:{s:18:\"id_attribute_group\";a:1:{i:1019;s:6:\"1_1019\";}}',1),(242,'aa5dd847d5f3d85ef02a05564cdce448','a:1:{s:18:\"id_attribute_group\";a:1:{i:1020;s:6:\"1_1020\";}}',1),(243,'883bc91a9e06ae86cd4420686e693d78','a:1:{s:12:\"manufacturer\";a:1:{i:2;s:1:\"2\";}}',1),(244,'44d4be24669dc5ac990ef5da00291235','a:1:{s:12:\"manufacturer\";a:1:{i:3;s:1:\"3\";}}',1),(245,'2f5499fdeea0a95f2b5441e963252d8c','a:1:{s:12:\"manufacturer\";a:1:{i:4;s:1:\"4\";}}',1),(246,'3ba931b79cbd4c5ac628fa45cc969e8d','a:1:{s:12:\"manufacturer\";a:1:{i:5;s:1:\"5\";}}',1),(247,'ba978149b43421a057f4e0cefa5d0902','a:1:{s:12:\"manufacturer\";a:1:{i:6;s:1:\"6\";}}',1),(248,'3e06ddd844c037fd9ee3e9914ff05283','a:1:{s:12:\"manufacturer\";a:1:{i:7;s:1:\"7\";}}',1),(249,'b0dbedbb78664b89d001f024afaf6630','a:1:{s:8:\"category\";a:1:{i:1;s:1:\"1\";}}',2),(250,'963946409173a4db9873061ffbe1d37d','a:1:{s:8:\"category\";a:1:{i:2;s:1:\"2\";}}',2),(251,'cb10ec2adcc4fc8d08042a86ae5b86ef','a:1:{s:8:\"category\";a:1:{i:3;s:1:\"3\";}}',2),(252,'6bb2ae33be8d4b02e9b5b171bb0319f5','a:1:{s:8:\"category\";a:1:{i:4;s:1:\"4\";}}',2),(253,'97d4d57beb10071ec82458e7613b0c16','a:1:{s:8:\"category\";a:1:{i:5;s:1:\"5\";}}',2),(254,'645ab47105c3ec8572a1bffdf3ca7696','a:1:{s:8:\"category\";a:1:{i:6;s:1:\"6\";}}',2),(255,'b2e5fb2cd1b548998ef6e7dc3f02a087','a:1:{s:8:\"category\";a:1:{i:7;s:1:\"7\";}}',2),(256,'6e7b9714c1ddc9b52dd46cb2b25c2e7a','a:1:{s:8:\"category\";a:1:{i:8;s:1:\"8\";}}',2),(257,'67025f9b6f386694977aad0df007b1bc','a:1:{s:8:\"category\";a:1:{i:9;s:1:\"9\";}}',2),(258,'7d2a56552f741f02e6a1f4e70d0cbfad','a:1:{s:8:\"category\";a:1:{i:10;s:2:\"10\";}}',2),(259,'bc9d6a129d7b0099e6391c1c0535f8f3','a:1:{s:8:\"category\";a:1:{i:11;s:2:\"11\";}}',2),(260,'73556e5260874b35f541c8dfa144b8dc','a:1:{s:8:\"category\";a:1:{i:12;s:2:\"12\";}}',2),(261,'a1f85f02e625ee52d41f6e346d53ec6a','a:1:{s:8:\"category\";a:1:{i:17;s:2:\"17\";}}',2),(262,'c44c3d48d3ff8fb2d60060f0c1cd145c','a:1:{s:8:\"category\";a:1:{i:44;s:2:\"44\";}}',2),(263,'7e270049876975106b7410c1c356d493','a:1:{s:8:\"category\";a:1:{i:58;s:2:\"58\";}}',2),(264,'271236b8686088bf1ea6259a458547ec','a:1:{s:8:\"category\";a:1:{i:72;s:2:\"72\";}}',2),(265,'cdebf73b753193bdfdee177a6df97de9','a:1:{s:8:\"category\";a:1:{i:115;s:3:\"115\";}}',2),(266,'924f55dfb3a51ca506fa6b9475ca28c1','a:1:{s:8:\"category\";a:1:{i:14;s:2:\"14\";}}',2),(267,'38116b803451b197fa043a8a1c982b50','a:1:{s:8:\"category\";a:1:{i:15;s:2:\"15\";}}',2),(268,'8747bb8e7306780e60afff0943c3d2fc','a:1:{s:8:\"category\";a:1:{i:16;s:2:\"16\";}}',2),(269,'f6140937014a9e381d8f07063336b13b','a:1:{s:8:\"category\";a:1:{i:18;s:2:\"18\";}}',2),(270,'12002f1dd64bf3951564b31343214895','a:1:{s:8:\"category\";a:1:{i:19;s:2:\"19\";}}',2),(271,'f7c5d10d6738130c351ae7379017f93f','a:1:{s:8:\"category\";a:1:{i:20;s:2:\"20\";}}',2),(272,'5dcd9d35945261fc2e47d3c26e81a912','a:1:{s:8:\"category\";a:1:{i:21;s:2:\"21\";}}',2),(273,'332ab55374152036f9ba503583d3f17d','a:1:{s:8:\"category\";a:1:{i:22;s:2:\"22\";}}',2),(274,'0d1d5ffd6e933032d383c7d01efaa0c1','a:1:{s:8:\"category\";a:1:{i:23;s:2:\"23\";}}',2),(275,'7d0e69a2f43fe39ffa41ff90417e35b3','a:1:{s:8:\"category\";a:1:{i:24;s:2:\"24\";}}',2),(276,'a1d3f5425a121eacbdbc0cd89978cffb','a:1:{s:8:\"category\";a:1:{i:25;s:2:\"25\";}}',2),(277,'b46feb1da63db2c0c5071a7aaaca9e31','a:1:{s:8:\"category\";a:1:{i:26;s:2:\"26\";}}',2),(278,'b576709841052c9938f0ca382d176a7e','a:1:{s:8:\"category\";a:1:{i:27;s:2:\"27\";}}',2),(279,'8f1ad7e743400075c74e2612012af975','a:1:{s:8:\"category\";a:1:{i:29;s:2:\"29\";}}',2),(280,'bc99a20f6498942433b2cb0e355b95e0','a:1:{s:8:\"category\";a:1:{i:30;s:2:\"30\";}}',2),(281,'785e1703efa4d90daf673c8e0acaa00b','a:1:{s:8:\"category\";a:1:{i:31;s:2:\"31\";}}',2),(282,'f81ea3530a58820ca285e691102fec69','a:1:{s:8:\"category\";a:1:{i:32;s:2:\"32\";}}',2),(283,'88eab4daffe9aa3a60211c18d2f4fcd4','a:1:{s:8:\"category\";a:1:{i:33;s:2:\"33\";}}',2),(284,'dbd747a07d10ee0c849eb2dc7ef1a93c','a:1:{s:8:\"category\";a:1:{i:34;s:2:\"34\";}}',2),(285,'7fe8b55264f2a6d4f544b1cb1af10907','a:1:{s:8:\"category\";a:1:{i:36;s:2:\"36\";}}',2),(286,'80b70a5f48fe4d0aeae39b5941cf2ec8','a:1:{s:8:\"category\";a:1:{i:37;s:2:\"37\";}}',2),(287,'c634afc53c1d03a038692bbafdaa3a36','a:1:{s:8:\"category\";a:1:{i:38;s:2:\"38\";}}',2),(288,'acd3d51c62336a1b52f4fffb6921b7c8','a:1:{s:8:\"category\";a:1:{i:45;s:2:\"45\";}}',2),(289,'60ab5ff24fc0f52ef2da651cae6dce08','a:1:{s:8:\"category\";a:1:{i:46;s:2:\"46\";}}',2),(290,'bb266376ae969e95cd15613f6f131fd2','a:1:{s:8:\"category\";a:1:{i:47;s:2:\"47\";}}',2),(291,'8ea5097e4f130cf8b62473ed412ad3d7','a:1:{s:8:\"category\";a:1:{i:48;s:2:\"48\";}}',2),(292,'3bd1419c8d643898cc1e378eeb8b9d8d','a:1:{s:8:\"category\";a:1:{i:49;s:2:\"49\";}}',2),(293,'5d5a3f310a7182c5353b401a4c6dca7a','a:1:{s:8:\"category\";a:1:{i:50;s:2:\"50\";}}',2),(294,'fa5f89b48b5eed003480d07eacc5d598','a:1:{s:8:\"category\";a:1:{i:51;s:2:\"51\";}}',2),(295,'20076066cc4bb90462db57da0c442682','a:1:{s:8:\"category\";a:1:{i:52;s:2:\"52\";}}',2),(296,'eade2a00d97ff5387034dbb1fdc1610e','a:1:{s:8:\"category\";a:1:{i:53;s:2:\"53\";}}',2),(297,'01a831cfb46fb2543cd22fe4b88a2805','a:1:{s:8:\"category\";a:1:{i:54;s:2:\"54\";}}',2),(298,'03023552b6218c7441b8e7f3d3af1cab','a:1:{s:8:\"category\";a:1:{i:55;s:2:\"55\";}}',2),(299,'492820ccb731b3950570c5f1339edd21','a:1:{s:8:\"category\";a:1:{i:56;s:2:\"56\";}}',2),(300,'e5dc96594408cc9274a1924f63ee017f','a:1:{s:8:\"category\";a:1:{i:57;s:2:\"57\";}}',2),(301,'7794f5756a66542de473e710ef6abe7f','a:1:{s:8:\"category\";a:1:{i:59;s:2:\"59\";}}',2),(302,'c198299b12288a4045cc80a6ac7673d2','a:1:{s:8:\"category\";a:1:{i:60;s:2:\"60\";}}',2),(303,'140daf286f07d9fc315c1f61a4a1f386','a:1:{s:8:\"category\";a:1:{i:61;s:2:\"61\";}}',2),(304,'f5d0b486d3fe6c1ad1cd3a5ac04d5cd6','a:1:{s:8:\"category\";a:1:{i:62;s:2:\"62\";}}',2),(305,'42aebbb66542173ef7d65bf3cdd50057','a:1:{s:8:\"category\";a:1:{i:64;s:2:\"64\";}}',2),(306,'8345753c6e856973a518264016bda137','a:1:{s:8:\"category\";a:1:{i:65;s:2:\"65\";}}',2),(307,'5c29cd5307e00070af2907f71d4c5fe0','a:1:{s:8:\"category\";a:1:{i:67;s:2:\"67\";}}',2),(308,'2e9b78d376072652594eb507cde34fb0','a:1:{s:8:\"category\";a:1:{i:71;s:2:\"71\";}}',2),(309,'cb6cafb887a2b02a648b8191c829ccf4','a:1:{s:8:\"category\";a:1:{i:74;s:2:\"74\";}}',2),(310,'1b14c13b1b2cc9e191d29488d1517ad0','a:1:{s:8:\"category\";a:1:{i:75;s:2:\"75\";}}',2),(311,'2c0eff530fe45a59148a32c087fa5524','a:1:{s:8:\"category\";a:1:{i:76;s:2:\"76\";}}',2),(312,'c7e93d0876f41668ee450ea2311ec9ab','a:1:{s:8:\"category\";a:1:{i:77;s:2:\"77\";}}',2),(313,'badd8bf73d491032822a3ca4fcb23e2e','a:1:{s:8:\"category\";a:1:{i:78;s:2:\"78\";}}',2),(314,'833cbc6092ed471ad28469cd07f6b776','a:1:{s:8:\"category\";a:1:{i:79;s:2:\"79\";}}',2),(315,'08aae1a0ecf1a8c320090d84b0d299f8','a:1:{s:8:\"category\";a:1:{i:80;s:2:\"80\";}}',2),(316,'b2311eeb9465418de59df3f6506026c5','a:1:{s:8:\"category\";a:1:{i:81;s:2:\"81\";}}',2),(317,'cba8346865661e019169c6bbfc63a552','a:1:{s:8:\"category\";a:1:{i:82;s:2:\"82\";}}',2),(318,'e46c5900947435a1f49b0c8eb40944b0','a:1:{s:8:\"category\";a:1:{i:83;s:2:\"83\";}}',2),(319,'4b1e31f21eef6f6da1dbcaf245fa2578','a:1:{s:8:\"category\";a:1:{i:84;s:2:\"84\";}}',2),(320,'c1e3320d4f471f6bc13bb67d964b7957','a:1:{s:8:\"category\";a:1:{i:85;s:2:\"85\";}}',2),(321,'030c2cc4227f7d46caf26d2145a50454','a:1:{s:8:\"category\";a:1:{i:86;s:2:\"86\";}}',2),(322,'0ed404f277e1c78b9768cbb5f5ba46d3','a:1:{s:8:\"category\";a:1:{i:87;s:2:\"87\";}}',2),(323,'7e06acac74dc9c609bc4dad736718343','a:1:{s:8:\"category\";a:1:{i:89;s:2:\"89\";}}',2),(324,'ac34a370e1c6d2a3c23409caed5f77e1','a:1:{s:8:\"category\";a:1:{i:99;s:2:\"99\";}}',2),(325,'4b408d2aa4e44f07187c4b9179e2422c','a:1:{s:8:\"category\";a:1:{i:106;s:3:\"106\";}}',2),(326,'12fce2a85c9dd7cc717bbe37c90d4d43','a:1:{s:8:\"category\";a:1:{i:108;s:3:\"108\";}}',2),(327,'824ce732aef4b0fca4dcab0390b8cb08','a:1:{s:8:\"category\";a:1:{i:109;s:3:\"109\";}}',2),(328,'8a6657ca24fe22538c7afd5c2328c638','a:1:{s:8:\"category\";a:1:{i:110;s:3:\"110\";}}',2),(329,'6f01c5ee2be19f95b9a824db3cd28483','a:1:{s:8:\"category\";a:1:{i:111;s:3:\"111\";}}',2),(330,'96a76451c22cb8f4395435717e078135','a:1:{s:8:\"category\";a:1:{i:112;s:3:\"112\";}}',2),(331,'b6dd0d89d3f48f999ff7342feca52d23','a:1:{s:8:\"category\";a:1:{i:113;s:3:\"113\";}}',2),(332,'035b94a8ea90fe5f17d88ca8606e9c26','a:1:{s:8:\"category\";a:1:{i:114;s:3:\"114\";}}',2),(333,'a59d4f80bf25b95dbe8f2170bff451c7','a:1:{s:8:\"category\";a:1:{i:116;s:3:\"116\";}}',2),(334,'d6e55e232ccb27404c1ec9fa9a99b32d','a:1:{s:8:\"category\";a:1:{i:117;s:3:\"117\";}}',2),(335,'05781bdd75993280b73d97f867a3db2f','a:1:{s:8:\"category\";a:1:{i:118;s:3:\"118\";}}',2),(336,'e60c68e4cc3890f6e88f63f622ac61e1','a:1:{s:8:\"category\";a:1:{i:119;s:3:\"119\";}}',2),(337,'b0b56b813dcc527156e773ab721d8fa3','a:1:{s:8:\"category\";a:1:{i:90;s:2:\"90\";}}',2),(338,'97c156616944f765bfd5b9a17edd6684','a:1:{s:8:\"category\";a:1:{i:92;s:2:\"92\";}}',2),(339,'42050977b7214aea645c41b10637ade8','a:1:{s:8:\"category\";a:1:{i:93;s:2:\"93\";}}',2),(340,'976e04fb95a50611f9773cea4836d635','a:1:{s:8:\"category\";a:1:{i:94;s:2:\"94\";}}',2),(341,'da047ebfc8c775b466a61a5da38742a8','a:1:{s:8:\"category\";a:1:{i:96;s:2:\"96\";}}',2),(342,'d3e3dd10200cf5e0dbbb885baaabe7de','a:1:{s:8:\"category\";a:1:{i:97;s:2:\"97\";}}',2),(343,'50bc0f93f3f1f50aebe555aa82893634','a:1:{s:8:\"category\";a:1:{i:98;s:2:\"98\";}}',2),(344,'521f59fb0f68c4c008b8e4270825aa6b','a:1:{s:8:\"category\";a:1:{i:104;s:3:\"104\";}}',2),(345,'321f5c95770066b3431badd1a5490bc0','a:1:{s:10:\"id_feature\";a:1:{i:34;s:4:\"8_34\";}}',2),(346,'8e9808fbac27a11de59d17129210e395','a:1:{s:10:\"id_feature\";a:1:{i:39;s:4:\"8_39\";}}',2),(347,'4b5cba2fa8dfe9727202cad3a55ea5de','a:1:{s:10:\"id_feature\";a:1:{i:45;s:4:\"8_45\";}}',2),(348,'111535a0770abbc96368f142ab3eef38','a:1:{s:10:\"id_feature\";a:1:{i:46;s:4:\"8_46\";}}',2),(349,'8e5aeefcb42b9885ec09bf16081492f2','a:1:{s:10:\"id_feature\";a:1:{i:47;s:4:\"8_47\";}}',2),(350,'328095f593c4bcfe3ad49de64db2f850','a:1:{s:10:\"id_feature\";a:1:{i:48;s:4:\"8_48\";}}',2),(351,'aacc85f4fe980bfea56391ef9b59544d','a:1:{s:10:\"id_feature\";a:1:{i:49;s:4:\"8_49\";}}',2),(352,'1ff78815ae6a66788ff02c30a59aa1f1','a:1:{s:10:\"id_feature\";a:1:{i:50;s:4:\"8_50\";}}',2),(353,'b70dbdb79096d6d645ffdaf187b9a584','a:1:{s:10:\"id_feature\";a:1:{i:51;s:4:\"8_51\";}}',2),(354,'a272a44e3b720ba37f7b0410811a8a45','a:1:{s:10:\"id_feature\";a:1:{i:52;s:4:\"8_52\";}}',2),(355,'177598e2d78fb4290fc61b3737ef7443','a:1:{s:10:\"id_feature\";a:1:{i:53;s:4:\"8_53\";}}',2),(356,'03042d6fff8b42c0545a9c6012f260a3','a:1:{s:10:\"id_feature\";a:1:{i:54;s:4:\"8_54\";}}',2),(357,'0028ee43606d5b494b8d957bf89aa576','a:1:{s:10:\"id_feature\";a:1:{i:55;s:4:\"8_55\";}}',2),(358,'2a0ec1ea3d5a82e933582007437dcd30','a:1:{s:10:\"id_feature\";a:1:{i:56;s:4:\"8_56\";}}',2),(359,'8a4246c373de575d7323ead4b205ba6c','a:1:{s:10:\"id_feature\";a:1:{i:57;s:4:\"8_57\";}}',2),(360,'6706a51b692b434e3b65b82130641e50','a:1:{s:18:\"id_attribute_group\";a:1:{i:1;s:3:\"1_1\";}}',2),(361,'0cabe48d9750bb2f7ec5f8fd5e81c039','a:1:{s:18:\"id_attribute_group\";a:1:{i:8;s:3:\"1_8\";}}',2),(362,'76bcef83316e2c527278ebd3e58a5897','a:1:{s:18:\"id_attribute_group\";a:1:{i:10;s:4:\"1_10\";}}',2),(363,'816a7aa4c132ef48b5f72fda4d374497','a:1:{s:18:\"id_attribute_group\";a:1:{i:11;s:4:\"1_11\";}}',2),(364,'efb0cd29805a4c14e906a2f910629c15','a:1:{s:18:\"id_attribute_group\";a:1:{i:12;s:4:\"1_12\";}}',2),(365,'08e55201104eb908fc6bc82f066cc5e0','a:1:{s:18:\"id_attribute_group\";a:1:{i:13;s:4:\"1_13\";}}',2),(366,'c0f6645e0fe30c4ce5b21282cb69a86d','a:1:{s:18:\"id_attribute_group\";a:1:{i:14;s:4:\"1_14\";}}',2),(367,'6e42df1cd3977de4a420cb45bf105516','a:1:{s:18:\"id_attribute_group\";a:1:{i:24;s:4:\"1_24\";}}',2),(368,'eac349c43d5c4d08c3d321c5fbc3452a','a:1:{s:18:\"id_attribute_group\";a:1:{i:25;s:4:\"1_25\";}}',2),(369,'e34c107ba33ee5e5395c8b09e1b797a0','a:1:{s:18:\"id_attribute_group\";a:1:{i:26;s:4:\"1_26\";}}',2),(370,'533c9f49c61731db8e916b63d68a2f52','a:1:{s:18:\"id_attribute_group\";a:1:{i:27;s:4:\"1_27\";}}',2),(371,'88bf2fb71711bdd164ad5680c0607d02','a:1:{s:18:\"id_attribute_group\";a:1:{i:28;s:4:\"1_28\";}}',2),(372,'674b557bdfb489849fff490ed3908238','a:1:{s:18:\"id_attribute_group\";a:1:{i:29;s:4:\"1_29\";}}',2),(373,'7a465ac838fa0b3cb8ceacc8696a7da7','a:1:{s:18:\"id_attribute_group\";a:1:{i:30;s:4:\"1_30\";}}',2),(374,'3a235b5f0fbf38d385372ebec9d32f4d','a:1:{s:18:\"id_attribute_group\";a:1:{i:31;s:4:\"1_31\";}}',2),(375,'f8087e4d6b57272d6682780c69d2fa8b','a:1:{s:18:\"id_attribute_group\";a:1:{i:41;s:4:\"1_41\";}}',2),(376,'6948143b7f8e4b559fd53f636919c021','a:1:{s:18:\"id_attribute_group\";a:1:{i:42;s:4:\"1_42\";}}',2),(377,'e00d4e6b8bc4a9834e5030408d88c2d1','a:1:{s:18:\"id_attribute_group\";a:1:{i:44;s:4:\"1_44\";}}',2),(378,'2e43159945fb249556da25c287845dd9','a:1:{s:18:\"id_attribute_group\";a:1:{i:45;s:4:\"1_45\";}}',2),(379,'369c5f70839455dda851e1b96c160aeb','a:1:{s:18:\"id_attribute_group\";a:1:{i:46;s:4:\"1_46\";}}',2),(380,'b4e5c55999cc5af48c22ffacee2a964f','a:1:{s:18:\"id_attribute_group\";a:1:{i:47;s:4:\"1_47\";}}',2),(381,'8256915c9035f38520f39d84948d0025','a:1:{s:18:\"id_attribute_group\";a:1:{i:48;s:4:\"1_48\";}}',2),(382,'3f48e0cb847cfc76b10879dfe061fd43','a:1:{s:18:\"id_attribute_group\";a:1:{i:49;s:4:\"1_49\";}}',2),(383,'0af84539a6c2cc8d53be5a7329af368b','a:1:{s:18:\"id_attribute_group\";a:1:{i:50;s:4:\"1_50\";}}',2),(384,'dbe89d0e0d03d2517b61768ffb48316a','a:1:{s:18:\"id_attribute_group\";a:1:{i:51;s:4:\"1_51\";}}',2),(385,'3f1aa6fada4c6f3a59ef049cdfaf0363','a:1:{s:18:\"id_attribute_group\";a:1:{i:52;s:4:\"1_52\";}}',2),(386,'c356f785bc90788c8aed4d365c07af01','a:1:{s:18:\"id_attribute_group\";a:1:{i:53;s:4:\"1_53\";}}',2),(387,'9c9f381147bfa317d8cadeacda102901','a:1:{s:18:\"id_attribute_group\";a:1:{i:58;s:4:\"1_58\";}}',2),(388,'8760d8acc0e78fc337bbb4aa5862e785','a:1:{s:18:\"id_attribute_group\";a:1:{i:60;s:4:\"1_60\";}}',2),(389,'9bc13b8a16a16c1a300340889c1739a6','a:1:{s:18:\"id_attribute_group\";a:1:{i:84;s:4:\"1_84\";}}',2),(390,'4410d556b072d8c37085224799cea5f4','a:1:{s:18:\"id_attribute_group\";a:1:{i:91;s:4:\"1_91\";}}',2),(391,'0f8b3630d18988f0e536a4cdb6bf838e','a:1:{s:18:\"id_attribute_group\";a:1:{i:92;s:4:\"1_92\";}}',2),(392,'48db847279a0461af16a1beb59749dab','a:1:{s:18:\"id_attribute_group\";a:1:{i:93;s:4:\"1_93\";}}',2),(393,'0c4808d12d93fd1365747acf6399fc2b','a:1:{s:18:\"id_attribute_group\";a:1:{i:94;s:4:\"1_94\";}}',2),(394,'d9d49011fe044e53f595c0ecae1e4285','a:1:{s:18:\"id_attribute_group\";a:1:{i:96;s:4:\"1_96\";}}',2),(395,'7ebcc92ddeeeb9dd1ba5538d47dcdc24','a:1:{s:18:\"id_attribute_group\";a:1:{i:106;s:5:\"1_106\";}}',2),(396,'1fca60d7f165b2c19720e71c2c2977ea','a:1:{s:18:\"id_attribute_group\";a:1:{i:126;s:5:\"1_126\";}}',2),(397,'288db40ec86f2934edc4f2d3539ec8b2','a:1:{s:18:\"id_attribute_group\";a:1:{i:129;s:5:\"1_129\";}}',2),(398,'4e43eeddd75ebe9377b27c4a5f2680b1','a:1:{s:18:\"id_attribute_group\";a:1:{i:143;s:5:\"1_143\";}}',2),(399,'e0580159de894b26e51dc5cf23612034','a:1:{s:18:\"id_attribute_group\";a:1:{i:147;s:5:\"1_147\";}}',2),(400,'1b59eb51fa09099a9c214b7623f93cc9','a:1:{s:18:\"id_attribute_group\";a:1:{i:148;s:5:\"1_148\";}}',2),(401,'b30ddfc06d3bbc7987769b90dffab797','a:1:{s:18:\"id_attribute_group\";a:1:{i:149;s:5:\"1_149\";}}',2),(402,'bf3e6dccd0f751b8f4069b8fbee6bb9e','a:1:{s:18:\"id_attribute_group\";a:1:{i:150;s:5:\"1_150\";}}',2),(403,'c138daab66a20fd216d004770c6b6baf','a:1:{s:18:\"id_attribute_group\";a:1:{i:151;s:5:\"1_151\";}}',2),(404,'b992934f59633dddbfa7b419db55e75f','a:1:{s:18:\"id_attribute_group\";a:1:{i:152;s:5:\"1_152\";}}',2),(405,'82ed649203740f1d4b761cb1b0f409d5','a:1:{s:18:\"id_attribute_group\";a:1:{i:153;s:5:\"1_153\";}}',2),(406,'4fa782d735fa7f5ed15e5a68dcafcb16','a:1:{s:18:\"id_attribute_group\";a:1:{i:157;s:5:\"1_157\";}}',2),(407,'006d40875f1ffcac6e6a8c0523a78630','a:1:{s:18:\"id_attribute_group\";a:1:{i:163;s:5:\"1_163\";}}',2),(408,'802880e9e2a5619100cff0bdc8fc14c0','a:1:{s:18:\"id_attribute_group\";a:1:{i:169;s:5:\"1_169\";}}',2),(409,'13721bc1c9214c5dfaf3ff22ea4b194d','a:1:{s:18:\"id_attribute_group\";a:1:{i:251;s:5:\"1_251\";}}',2),(410,'8a4abea07c4cba63380c8807406fab41','a:1:{s:18:\"id_attribute_group\";a:1:{i:253;s:5:\"1_253\";}}',2),(411,'b6dc3b7549e0289468aadc90eb162df3','a:1:{s:18:\"id_attribute_group\";a:1:{i:254;s:5:\"1_254\";}}',2),(412,'f1049a8208d8703821c412c243f08a2f','a:1:{s:18:\"id_attribute_group\";a:1:{i:256;s:5:\"1_256\";}}',2),(413,'619ea84b7eafdadcb54008683a8fda8b','a:1:{s:18:\"id_attribute_group\";a:1:{i:258;s:5:\"1_258\";}}',2),(414,'8a1d192e6f9cc93cc12ccfd4054f7dee','a:1:{s:18:\"id_attribute_group\";a:1:{i:260;s:5:\"1_260\";}}',2),(415,'938fa7d6c2429175c0568cd39b6ed76b','a:1:{s:18:\"id_attribute_group\";a:1:{i:261;s:5:\"1_261\";}}',2),(416,'0f4fcab55660b186a31ee6e1ac1c66ec','a:1:{s:18:\"id_attribute_group\";a:1:{i:263;s:5:\"1_263\";}}',2),(417,'2645681006693668978cbd91a6219359','a:1:{s:18:\"id_attribute_group\";a:1:{i:264;s:5:\"1_264\";}}',2),(418,'c82955b35313be2f1cd0e1b82c2764e0','a:1:{s:18:\"id_attribute_group\";a:1:{i:265;s:5:\"1_265\";}}',2),(419,'946f21f9d3c9185899f8851f0a2c5042','a:1:{s:18:\"id_attribute_group\";a:1:{i:266;s:5:\"1_266\";}}',2),(420,'3ab4c1c943dc43fd1fb40c8b7c365dbe','a:1:{s:18:\"id_attribute_group\";a:1:{i:267;s:5:\"1_267\";}}',2),(421,'145153c0094a01f0ba6f38f414d0003a','a:1:{s:18:\"id_attribute_group\";a:1:{i:285;s:5:\"1_285\";}}',2),(422,'4b6c16b1cfaa6b6ddc4fdd842c7bea16','a:1:{s:18:\"id_attribute_group\";a:1:{i:292;s:5:\"1_292\";}}',2),(423,'70a1a1d334ff6f3ea70ced5d31f9adc6','a:1:{s:18:\"id_attribute_group\";a:1:{i:336;s:5:\"1_336\";}}',2),(424,'2169b38b608b987d0d0654cdfb93b14a','a:1:{s:18:\"id_attribute_group\";a:1:{i:343;s:5:\"1_343\";}}',2),(425,'a9171b385ab343e3d687c10c84e400b2','a:1:{s:18:\"id_attribute_group\";a:1:{i:344;s:5:\"1_344\";}}',2),(426,'1dbeb26c6e5fe024b4bd82e1c5a00709','a:1:{s:18:\"id_attribute_group\";a:1:{i:345;s:5:\"1_345\";}}',2),(427,'1f6ccbb2467276d609cdbc5915fa6d0b','a:1:{s:18:\"id_attribute_group\";a:1:{i:347;s:5:\"1_347\";}}',2),(428,'cf09e55f6f11060b1bda32a6a7a1acb6','a:1:{s:18:\"id_attribute_group\";a:1:{i:350;s:5:\"1_350\";}}',2),(429,'5e1b6dc5b70813709dc8905dd6eae6a3','a:1:{s:18:\"id_attribute_group\";a:1:{i:352;s:5:\"1_352\";}}',2),(430,'20323b1845736b23fb318f613477bfd0','a:1:{s:18:\"id_attribute_group\";a:1:{i:353;s:5:\"1_353\";}}',2),(431,'a0bd0273162fe46f13079ee83cc9630d','a:1:{s:18:\"id_attribute_group\";a:1:{i:429;s:5:\"1_429\";}}',2),(432,'817cf655349743a3f84f1f954aad30c6','a:1:{s:18:\"id_attribute_group\";a:1:{i:453;s:5:\"1_453\";}}',2),(433,'8f8e5ca590a9055edd8291248117eeb6','a:1:{s:18:\"id_attribute_group\";a:1:{i:454;s:5:\"1_454\";}}',2),(434,'c245c817def2eec7a1107455d8873b5d','a:1:{s:18:\"id_attribute_group\";a:1:{i:455;s:5:\"1_455\";}}',2),(435,'b079f65675758fca9a6d0198f791fbc8','a:1:{s:18:\"id_attribute_group\";a:1:{i:456;s:5:\"1_456\";}}',2),(436,'48da49c12321a35a75394c8d3748aaff','a:1:{s:18:\"id_attribute_group\";a:1:{i:457;s:5:\"1_457\";}}',2),(437,'1849a9c42ccf476bbab19e71a94a4975','a:1:{s:18:\"id_attribute_group\";a:1:{i:482;s:5:\"1_482\";}}',2),(438,'df0ebb7d9242f390db858eef959478a8','a:1:{s:18:\"id_attribute_group\";a:1:{i:485;s:5:\"1_485\";}}',2),(439,'4c9af03d88921b6b510ad05a2cd2bedb','a:1:{s:18:\"id_attribute_group\";a:1:{i:486;s:5:\"1_486\";}}',2),(440,'0cd81e17d26a762a1ec064e5ffde072c','a:1:{s:18:\"id_attribute_group\";a:1:{i:487;s:5:\"1_487\";}}',2),(441,'a32810d2ee95e05061e00bfd85604729','a:1:{s:18:\"id_attribute_group\";a:1:{i:488;s:5:\"1_488\";}}',2),(442,'1f1af0a201c00b35b589d1f553338ae0','a:1:{s:18:\"id_attribute_group\";a:1:{i:489;s:5:\"1_489\";}}',2),(443,'2a1bf6a8b96111e06bd402e57f187003','a:1:{s:18:\"id_attribute_group\";a:1:{i:490;s:5:\"1_490\";}}',2),(444,'d7462ccd98152b3debf3ceb1ecdce6a2','a:1:{s:18:\"id_attribute_group\";a:1:{i:498;s:5:\"1_498\";}}',2),(445,'c82ed7a7068418923c1ad05c74677a22','a:1:{s:18:\"id_attribute_group\";a:1:{i:505;s:5:\"1_505\";}}',2),(446,'0582eba3b30c6f71e36650c82cc7467f','a:1:{s:18:\"id_attribute_group\";a:1:{i:506;s:5:\"1_506\";}}',2),(447,'959ff2a2a58f2a63623b391cd46f877e','a:1:{s:18:\"id_attribute_group\";a:1:{i:507;s:5:\"1_507\";}}',2),(448,'29dd045d39a6417a3d46bd6d5c43b5a0','a:1:{s:18:\"id_attribute_group\";a:1:{i:529;s:5:\"1_529\";}}',2),(449,'9b524af042bad8a5f195e12c891f2a72','a:1:{s:18:\"id_attribute_group\";a:1:{i:557;s:5:\"1_557\";}}',2),(450,'563c0e0c0cd87bae03f34a644394e1a3','a:1:{s:18:\"id_attribute_group\";a:1:{i:560;s:5:\"1_560\";}}',2),(451,'199d2b24d492d196f8e1eea83910dc56','a:1:{s:18:\"id_attribute_group\";a:1:{i:571;s:5:\"1_571\";}}',2),(452,'a4f6207983e94f2c42afb844eb5ae9d6','a:1:{s:18:\"id_attribute_group\";a:1:{i:592;s:5:\"1_592\";}}',2),(453,'b520d0eb31cab59e884111bf11f3e373','a:1:{s:18:\"id_attribute_group\";a:1:{i:702;s:5:\"1_702\";}}',2),(454,'74d2abda9660a5d949ee49b15825679f','a:1:{s:18:\"id_attribute_group\";a:1:{i:703;s:5:\"1_703\";}}',2),(455,'0e1a1eddae346290c97727cd91ca5743','a:1:{s:18:\"id_attribute_group\";a:1:{i:867;s:5:\"1_867\";}}',2),(456,'c30640e7b02653a309618432f0187171','a:1:{s:18:\"id_attribute_group\";a:1:{i:881;s:5:\"1_881\";}}',2),(457,'7853b19729eee062c67a6ada965bcd26','a:1:{s:18:\"id_attribute_group\";a:1:{i:902;s:5:\"1_902\";}}',2),(458,'b497a53dd01c63f709a474a34f87f5b9','a:1:{s:18:\"id_attribute_group\";a:1:{i:934;s:5:\"1_934\";}}',2),(459,'8dd624d2beb7eccb78e367a25f632f52','a:1:{s:18:\"id_attribute_group\";a:1:{i:935;s:5:\"1_935\";}}',2),(460,'450320f96ee639ad460c303dcacec5c2','a:1:{s:18:\"id_attribute_group\";a:1:{i:936;s:5:\"1_936\";}}',2),(461,'8dc99c1a5a71c42bc8698d2d9157adca','a:1:{s:18:\"id_attribute_group\";a:1:{i:937;s:5:\"1_937\";}}',2),(462,'65a70b7a958d96295b528f4bdf0c5504','a:1:{s:18:\"id_attribute_group\";a:1:{i:938;s:5:\"1_938\";}}',2),(463,'6654d3554861429bf7ead3b9c398df51','a:1:{s:18:\"id_attribute_group\";a:1:{i:939;s:5:\"1_939\";}}',2),(464,'18cb469e1f6c115dcd0acd8f05934506','a:1:{s:18:\"id_attribute_group\";a:1:{i:940;s:5:\"1_940\";}}',2),(465,'e7e55de3daf8afc0cadb862b8bfaeef3','a:1:{s:18:\"id_attribute_group\";a:1:{i:941;s:5:\"1_941\";}}',2),(466,'2753128dcec32481faf69a723bc167f3','a:1:{s:18:\"id_attribute_group\";a:1:{i:942;s:5:\"1_942\";}}',2),(467,'b13ec3c282d78c9edc95960e8f84e685','a:1:{s:18:\"id_attribute_group\";a:1:{i:943;s:5:\"1_943\";}}',2),(468,'4638fa7ea52ec43a1f56f2381c739b05','a:1:{s:18:\"id_attribute_group\";a:1:{i:944;s:5:\"1_944\";}}',2),(469,'1260c1403002a0219597aab817b13360','a:1:{s:18:\"id_attribute_group\";a:1:{i:945;s:5:\"1_945\";}}',2),(470,'28091e0d010cde6ee4ea05001688f720','a:1:{s:18:\"id_attribute_group\";a:1:{i:946;s:5:\"1_946\";}}',2),(471,'02875005992712e85bff346c3d28df02','a:1:{s:18:\"id_attribute_group\";a:1:{i:947;s:5:\"1_947\";}}',2),(472,'ce999443e6f8ab48281ef7d19d05ffd1','a:1:{s:18:\"id_attribute_group\";a:1:{i:949;s:5:\"1_949\";}}',2),(473,'c1cb988fbcf09aa2b03c7b68c134cb0e','a:1:{s:18:\"id_attribute_group\";a:1:{i:952;s:5:\"1_952\";}}',2),(474,'5283631070026809a8bb8f7e36c04466','a:1:{s:18:\"id_attribute_group\";a:1:{i:956;s:5:\"1_956\";}}',2),(475,'d3355afa280b61715b911de05d924dfe','a:1:{s:18:\"id_attribute_group\";a:1:{i:957;s:5:\"1_957\";}}',2),(476,'c3b84241e078e09995e16caa34acf23c','a:1:{s:18:\"id_attribute_group\";a:1:{i:958;s:5:\"1_958\";}}',2),(477,'696778a7dc6675f5db4740c48d58e2cb','a:1:{s:18:\"id_attribute_group\";a:1:{i:959;s:5:\"1_959\";}}',2),(478,'45397822383ee0f05cb23db79c7c0359','a:1:{s:18:\"id_attribute_group\";a:1:{i:983;s:5:\"1_983\";}}',2),(479,'3c8acda51876793e1f064ae882bbd20e','a:1:{s:18:\"id_attribute_group\";a:1:{i:984;s:5:\"1_984\";}}',2),(480,'9302dbf4dcc697ea1498c037393e5828','a:1:{s:18:\"id_attribute_group\";a:1:{i:985;s:5:\"1_985\";}}',2),(481,'d52204e084101f5ffd4c510298b3b17f','a:1:{s:18:\"id_attribute_group\";a:1:{i:1012;s:6:\"1_1012\";}}',2),(482,'3a57074c0534af6dcacf7c1d550bf9dc','a:1:{s:18:\"id_attribute_group\";a:1:{i:1017;s:6:\"1_1017\";}}',2),(483,'b3636c13326043d67db88a4941fda7a0','a:1:{s:18:\"id_attribute_group\";a:1:{i:1018;s:6:\"1_1018\";}}',2),(484,'63d3d18d47d2b4e8cdae07ccf84f5fc6','a:1:{s:18:\"id_attribute_group\";a:1:{i:1019;s:6:\"1_1019\";}}',2),(485,'ea8a7ab18a9ecc8b10766db17cd06527','a:1:{s:18:\"id_attribute_group\";a:1:{i:1020;s:6:\"1_1020\";}}',2),(486,'9fdfebac4409a21a59dbd0f7dfab5e4a','a:1:{s:12:\"manufacturer\";a:1:{i:2;s:1:\"2\";}}',2),(487,'7ed458a4d5b95e2afba3f5d3918762ef','a:1:{s:12:\"manufacturer\";a:1:{i:3;s:1:\"3\";}}',2),(488,'d5eccf848e8a33c6c7275f520cff4872','a:1:{s:12:\"manufacturer\";a:1:{i:4;s:1:\"4\";}}',2),(489,'8097f24466bba2c79eb37397e56943a7','a:1:{s:12:\"manufacturer\";a:1:{i:5;s:1:\"5\";}}',2),(490,'9c0ce0e255542ec44377b694c5268c5c','a:1:{s:12:\"manufacturer\";a:1:{i:6;s:1:\"6\";}}',2),(491,'cecc58ce7bb2c9524fb43901069b16d2','a:1:{s:12:\"manufacturer\";a:1:{i:7;s:1:\"7\";}}',2),(492,'dd1c3d4b8991e24df297e05899dcecda','a:1:{s:8:\"category\";a:1:{i:1;s:1:\"1\";}}',3),(493,'d0b5bf23478edc245b3c7c1c08f3b196','a:1:{s:8:\"category\";a:1:{i:2;s:1:\"2\";}}',3),(494,'4e66fbd320077f4ab97cfca4550e9c41','a:1:{s:8:\"category\";a:1:{i:3;s:1:\"3\";}}',3),(495,'eb8da01db24358ca85c13c079bc33a59','a:1:{s:8:\"category\";a:1:{i:4;s:1:\"4\";}}',3),(496,'82e8020a661a1ab8370af7c2a5eca991','a:1:{s:8:\"category\";a:1:{i:5;s:1:\"5\";}}',3),(497,'cb313791308526d0b65ff90354beb8b4','a:1:{s:8:\"category\";a:1:{i:6;s:1:\"6\";}}',3),(498,'590ac46b41c2c54807eb003179fe4863','a:1:{s:8:\"category\";a:1:{i:7;s:1:\"7\";}}',3),(499,'bd012dfc2af6a9e199338af00b3d4161','a:1:{s:8:\"category\";a:1:{i:8;s:1:\"8\";}}',3),(500,'a2824d3f666f4568a018d473f6a4a07a','a:1:{s:8:\"category\";a:1:{i:9;s:1:\"9\";}}',3),(501,'81fdd4cb5e16edd1c12a28a6ab0d49cd','a:1:{s:8:\"category\";a:1:{i:10;s:2:\"10\";}}',3),(502,'99db702c23b5dcf3af1c1e16203cea66','a:1:{s:8:\"category\";a:1:{i:11;s:2:\"11\";}}',3),(503,'45273059546e5f0ae39f37f93898f901','a:1:{s:8:\"category\";a:1:{i:12;s:2:\"12\";}}',3),(504,'2e91844bd5196d05f21076bbc07b242b','a:1:{s:8:\"category\";a:1:{i:17;s:2:\"17\";}}',3),(505,'9be93fbda1fb557873aa6dad9a6d929c','a:1:{s:8:\"category\";a:1:{i:44;s:2:\"44\";}}',3),(506,'a834a7f0b7fbe3d4244692bf6d6dbb85','a:1:{s:8:\"category\";a:1:{i:58;s:2:\"58\";}}',3),(507,'2cd0d6fa7c15b2e6a1f7e475cd76be9f','a:1:{s:8:\"category\";a:1:{i:72;s:2:\"72\";}}',3),(508,'f075c13e738e681279909087c9f3ea3b','a:1:{s:8:\"category\";a:1:{i:115;s:3:\"115\";}}',3),(509,'404a8ab93d2605ab5edebf4f57c6597d','a:1:{s:8:\"category\";a:1:{i:14;s:2:\"14\";}}',3),(510,'c7ed161b01aea84b74077b8f05458688','a:1:{s:8:\"category\";a:1:{i:15;s:2:\"15\";}}',3),(511,'876175564f1a073822ed7dbd1c471f8d','a:1:{s:8:\"category\";a:1:{i:16;s:2:\"16\";}}',3),(512,'c099bd0a7763bcb14c89c0436372015d','a:1:{s:8:\"category\";a:1:{i:18;s:2:\"18\";}}',3),(513,'d03c7c823bba01bfbd73f8a1472def39','a:1:{s:8:\"category\";a:1:{i:19;s:2:\"19\";}}',3),(514,'041dc67c164d7ef8ab7662634aa82067','a:1:{s:8:\"category\";a:1:{i:20;s:2:\"20\";}}',3),(515,'3ed9ae08a88041d10a650fa9282c9859','a:1:{s:8:\"category\";a:1:{i:21;s:2:\"21\";}}',3),(516,'f893b04e74b588321ff50c3812d7ae59','a:1:{s:8:\"category\";a:1:{i:22;s:2:\"22\";}}',3),(517,'a9df9c58324a4ba7f5c82b3533b38109','a:1:{s:8:\"category\";a:1:{i:23;s:2:\"23\";}}',3),(518,'33e22fc598846d8157b5bf0d7ada3be8','a:1:{s:8:\"category\";a:1:{i:24;s:2:\"24\";}}',3),(519,'2835c17e228df90741e5870ec7d4fcdb','a:1:{s:8:\"category\";a:1:{i:25;s:2:\"25\";}}',3),(520,'5aa039ecd5fb4e28f710cce58fcd4c23','a:1:{s:8:\"category\";a:1:{i:26;s:2:\"26\";}}',3),(521,'7eca642e40e895a2456d422034fa12ea','a:1:{s:8:\"category\";a:1:{i:27;s:2:\"27\";}}',3),(522,'4b542a0c0c173c973b6d9e4f46754bd8','a:1:{s:8:\"category\";a:1:{i:28;s:2:\"28\";}}',3),(523,'107d299066afbddaa3a1a27548cfa687','a:1:{s:8:\"category\";a:1:{i:29;s:2:\"29\";}}',3),(524,'6b63cf4dc00e276eadca6e5fad85ab44','a:1:{s:8:\"category\";a:1:{i:30;s:2:\"30\";}}',3),(525,'c9fb5bf810fdbe76c6aefe748c1e5015','a:1:{s:8:\"category\";a:1:{i:31;s:2:\"31\";}}',3),(526,'9e74c439270848998ca4363b3a8e30de','a:1:{s:8:\"category\";a:1:{i:34;s:2:\"34\";}}',3),(527,'ceb41a268cb6c5e803a2d0f272380d94','a:1:{s:8:\"category\";a:1:{i:36;s:2:\"36\";}}',3),(528,'37626e13d5ad9b69f56c3e08317b282e','a:1:{s:8:\"category\";a:1:{i:37;s:2:\"37\";}}',3),(529,'b835ef0119859600eda33308ae7e53e5','a:1:{s:8:\"category\";a:1:{i:38;s:2:\"38\";}}',3),(530,'942429eb2bd69eede95b6eff7ae825d3','a:1:{s:8:\"category\";a:1:{i:39;s:2:\"39\";}}',3),(531,'e759ac2c199e9c56ceb5e8f844f8a8fc','a:1:{s:8:\"category\";a:1:{i:45;s:2:\"45\";}}',3),(532,'6c614badef0889bc6ff3627af18a32ec','a:1:{s:8:\"category\";a:1:{i:46;s:2:\"46\";}}',3),(533,'d2ace3ff18049f3ea60509069b259050','a:1:{s:8:\"category\";a:1:{i:47;s:2:\"47\";}}',3),(534,'f434cdd5634284109ed9c92ed59157d4','a:1:{s:8:\"category\";a:1:{i:48;s:2:\"48\";}}',3),(535,'55ae3556908ef2b371c84e042e3d08e1','a:1:{s:8:\"category\";a:1:{i:49;s:2:\"49\";}}',3),(536,'326a4d433597651dba4403bb5602f4c8','a:1:{s:8:\"category\";a:1:{i:50;s:2:\"50\";}}',3),(537,'f6dea1e96ef45f46efaa449cd8c42559','a:1:{s:8:\"category\";a:1:{i:51;s:2:\"51\";}}',3),(538,'04e5c70bf9eea447f394c1764ac77274','a:1:{s:8:\"category\";a:1:{i:52;s:2:\"52\";}}',3),(539,'00fac5d23ade45173f3e69ab58de669c','a:1:{s:8:\"category\";a:1:{i:53;s:2:\"53\";}}',3),(540,'d286d94a84766f33bf99dbe34893c73e','a:1:{s:8:\"category\";a:1:{i:54;s:2:\"54\";}}',3),(541,'114252d8934efcc61780ff01136c750c','a:1:{s:8:\"category\";a:1:{i:55;s:2:\"55\";}}',3),(542,'4d205d142061d6331d4e2613fdb82732','a:1:{s:8:\"category\";a:1:{i:56;s:2:\"56\";}}',3),(543,'792f2d4cf07f91936898121d3b86fa47','a:1:{s:8:\"category\";a:1:{i:57;s:2:\"57\";}}',3),(544,'e9a63409bd93160d2f1f3f9e2f1971a8','a:1:{s:8:\"category\";a:1:{i:59;s:2:\"59\";}}',3),(545,'365d728c152f75e2704ea0d38e796e2e','a:1:{s:8:\"category\";a:1:{i:60;s:2:\"60\";}}',3),(546,'11bd55ce02b3e8ac47e3c5078e3ace6f','a:1:{s:8:\"category\";a:1:{i:61;s:2:\"61\";}}',3),(547,'1a4bf84d98d940d7fc0e0ddb9309133c','a:1:{s:8:\"category\";a:1:{i:62;s:2:\"62\";}}',3),(548,'e8f1003106429be1cd686d06d42d5688','a:1:{s:8:\"category\";a:1:{i:63;s:2:\"63\";}}',3),(549,'98621ea6b368baa9721db466717b0e1d','a:1:{s:8:\"category\";a:1:{i:64;s:2:\"64\";}}',3),(550,'efed25a03df5fa573996575d6ea88ec7','a:1:{s:8:\"category\";a:1:{i:65;s:2:\"65\";}}',3),(551,'0798afc776e8536257f385bca2cc72df','a:1:{s:8:\"category\";a:1:{i:66;s:2:\"66\";}}',3),(552,'da3fb0e27c3e54172baa3afca27c0f95','a:1:{s:8:\"category\";a:1:{i:67;s:2:\"67\";}}',3),(553,'96a2004519e9f1599f584a41291ef0d8','a:1:{s:8:\"category\";a:1:{i:68;s:2:\"68\";}}',3),(554,'ea94f05b51575c69d225722c314042d2','a:1:{s:8:\"category\";a:1:{i:69;s:2:\"69\";}}',3),(555,'d5f52fd177d09d7839e879b80084d0a9','a:1:{s:8:\"category\";a:1:{i:70;s:2:\"70\";}}',3),(556,'0c3318a85790617106915cd5bec45c66','a:1:{s:8:\"category\";a:1:{i:71;s:2:\"71\";}}',3),(557,'9582f145235acbf110eaa837d90720aa','a:1:{s:8:\"category\";a:1:{i:74;s:2:\"74\";}}',3),(558,'c338a14b62b4dcc330a3bb43f80d0b81','a:1:{s:8:\"category\";a:1:{i:75;s:2:\"75\";}}',3),(559,'317b8fecac4a8a4c235b32b13347ccc7','a:1:{s:8:\"category\";a:1:{i:76;s:2:\"76\";}}',3),(560,'6a2278422bff4b949215bd546c0e82ba','a:1:{s:8:\"category\";a:1:{i:77;s:2:\"77\";}}',3),(561,'280d9e10e4588dc9ceada139a13cb071','a:1:{s:8:\"category\";a:1:{i:78;s:2:\"78\";}}',3),(562,'12c2756cc97a31bd4275c6fcd6aa5727','a:1:{s:8:\"category\";a:1:{i:79;s:2:\"79\";}}',3),(563,'a40e5029f5ede9ee23e383ab86e9fcd8','a:1:{s:8:\"category\";a:1:{i:80;s:2:\"80\";}}',3),(564,'90950a2283374acfdb4a35092b2eefc5','a:1:{s:8:\"category\";a:1:{i:81;s:2:\"81\";}}',3),(565,'8e7ceeaef1be887b99e3b307e410baa5','a:1:{s:8:\"category\";a:1:{i:82;s:2:\"82\";}}',3),(566,'d410888062e6ff5286fe4cc00b638b1f','a:1:{s:8:\"category\";a:1:{i:83;s:2:\"83\";}}',3),(567,'4a2f78ad3e4db8e6e77f9586f050a4dc','a:1:{s:8:\"category\";a:1:{i:84;s:2:\"84\";}}',3),(568,'86063a186440af8baf631ff30fac1f23','a:1:{s:8:\"category\";a:1:{i:85;s:2:\"85\";}}',3),(569,'3714f90a2e7854ef394cd513021e4e4a','a:1:{s:8:\"category\";a:1:{i:86;s:2:\"86\";}}',3),(570,'90fbff206624d4e2d60340924989a00a','a:1:{s:8:\"category\";a:1:{i:87;s:2:\"87\";}}',3),(571,'92ddc9f044cb32a1919c0ceaef1eec70','a:1:{s:8:\"category\";a:1:{i:89;s:2:\"89\";}}',3),(572,'2142139377b428cb36c24ade6a119c1a','a:1:{s:8:\"category\";a:1:{i:99;s:2:\"99\";}}',3),(573,'6710c3ac5943e4d167b0abbb65f269ba','a:1:{s:8:\"category\";a:1:{i:106;s:3:\"106\";}}',3),(574,'49a5950a4c6f96ab7f9e8c55deb291fa','a:1:{s:8:\"category\";a:1:{i:108;s:3:\"108\";}}',3),(575,'bf5e2e3bb871e38beba28815e7ae0b14','a:1:{s:8:\"category\";a:1:{i:109;s:3:\"109\";}}',3),(576,'4e11903bf44959eea560856e98737bb7','a:1:{s:8:\"category\";a:1:{i:110;s:3:\"110\";}}',3),(577,'c9b9aa14e66507f8c06276707bcf4bba','a:1:{s:8:\"category\";a:1:{i:111;s:3:\"111\";}}',3),(578,'a9b5c246bc0743ace0675d9349263f16','a:1:{s:8:\"category\";a:1:{i:112;s:3:\"112\";}}',3),(579,'f4dfc42cc46f0792c82f95aa8af14632','a:1:{s:8:\"category\";a:1:{i:113;s:3:\"113\";}}',3),(580,'f069055f00b523f1c9c75b239e9428e7','a:1:{s:8:\"category\";a:1:{i:114;s:3:\"114\";}}',3),(581,'6fb68156b0ce144fe8c012dbdbad9cb0','a:1:{s:8:\"category\";a:1:{i:116;s:3:\"116\";}}',3),(582,'ce972f1042a87b2871dd5d80235fa7b9','a:1:{s:8:\"category\";a:1:{i:117;s:3:\"117\";}}',3),(583,'ae4e5e9a786f13e4626e5617bbdf3641','a:1:{s:8:\"category\";a:1:{i:118;s:3:\"118\";}}',3),(584,'582122237dbb7b378dba6fca223daf00','a:1:{s:8:\"category\";a:1:{i:119;s:3:\"119\";}}',3),(585,'ff229851a33895e67c15243f26645c66','a:1:{s:8:\"category\";a:1:{i:90;s:2:\"90\";}}',3),(586,'f0122961eec2613fc23cfd6644035efe','a:1:{s:8:\"category\";a:1:{i:91;s:2:\"91\";}}',3),(587,'92415f7aa63261ca8840a3a5ddb053e2','a:1:{s:8:\"category\";a:1:{i:92;s:2:\"92\";}}',3),(588,'f5f61f691995d0b0f360a75cc8bb1912','a:1:{s:8:\"category\";a:1:{i:93;s:2:\"93\";}}',3),(589,'ba7a026de9189cc6cb3d127ea34d97ad','a:1:{s:8:\"category\";a:1:{i:94;s:2:\"94\";}}',3),(590,'ce0c66e72a3f156844eb5958ef4f8b2f','a:1:{s:8:\"category\";a:1:{i:96;s:2:\"96\";}}',3),(591,'794eee08e774be61b8ea79c96bd56318','a:1:{s:8:\"category\";a:1:{i:97;s:2:\"97\";}}',3),(592,'3485d5d101451b0089913b4fff02d6dc','a:1:{s:8:\"category\";a:1:{i:98;s:2:\"98\";}}',3),(593,'505fd786e15862830ceeb5975a8e7c0a','a:1:{s:8:\"category\";a:1:{i:104;s:3:\"104\";}}',3),(594,'2c48b33884feeb8be87bd3ef5a25ac25','a:1:{s:10:\"id_feature\";a:1:{i:34;s:4:\"8_34\";}}',3),(595,'fadf21c6eb0f03c35e81b18d786dc116','a:1:{s:10:\"id_feature\";a:1:{i:39;s:4:\"8_39\";}}',3),(596,'329ca174a11436e0f573a7248d6882b8','a:1:{s:10:\"id_feature\";a:1:{i:45;s:4:\"8_45\";}}',3),(597,'24621a311cd4b73352ed54a481f3dc13','a:1:{s:10:\"id_feature\";a:1:{i:46;s:4:\"8_46\";}}',3),(598,'ff1d31a079f42965e9393529cea10743','a:1:{s:10:\"id_feature\";a:1:{i:47;s:4:\"8_47\";}}',3),(599,'65fbdb863e4cfcc2f0bbdcff9d19b34d','a:1:{s:10:\"id_feature\";a:1:{i:48;s:4:\"8_48\";}}',3),(600,'cea4f08b0fca83477c870e92fd0489b0','a:1:{s:10:\"id_feature\";a:1:{i:49;s:4:\"8_49\";}}',3),(601,'c9ac5b436dc97d6da2f8c3229d18f5cf','a:1:{s:10:\"id_feature\";a:1:{i:50;s:4:\"8_50\";}}',3),(602,'71614603fdb787e3594d55aa3849594c','a:1:{s:10:\"id_feature\";a:1:{i:51;s:4:\"8_51\";}}',3),(603,'61bb01b5df4c97a40c2bf268630db861','a:1:{s:10:\"id_feature\";a:1:{i:52;s:4:\"8_52\";}}',3),(604,'af618a7da6bb5acd1f876992e6aeba39','a:1:{s:10:\"id_feature\";a:1:{i:53;s:4:\"8_53\";}}',3),(605,'5c577cc89f845f303131825d3a9dc0b4','a:1:{s:10:\"id_feature\";a:1:{i:54;s:4:\"8_54\";}}',3),(606,'291ca02cc3c556e6983a5fc96046cef6','a:1:{s:10:\"id_feature\";a:1:{i:55;s:4:\"8_55\";}}',3),(607,'b3c18541012a293fa77a692b66fa07e4','a:1:{s:10:\"id_feature\";a:1:{i:56;s:4:\"8_56\";}}',3),(608,'23cb853a92275e84408fe66b8aa5d199','a:1:{s:10:\"id_feature\";a:1:{i:57;s:4:\"8_57\";}}',3),(609,'9eaebfd93a70161bf2a0924bb26d33ed','a:1:{s:18:\"id_attribute_group\";a:1:{i:1;s:3:\"1_1\";}}',3),(610,'86d598141f573bbdcf486a7995db6bae','a:1:{s:18:\"id_attribute_group\";a:1:{i:8;s:3:\"1_8\";}}',3),(611,'e9ec67715de54b940cb952cbfcf8471e','a:1:{s:18:\"id_attribute_group\";a:1:{i:10;s:4:\"1_10\";}}',3),(612,'33a619ca9a8fcf05a2c7738ae3db1f37','a:1:{s:18:\"id_attribute_group\";a:1:{i:11;s:4:\"1_11\";}}',3),(613,'52d7634bfab1fdfa211681b221065477','a:1:{s:18:\"id_attribute_group\";a:1:{i:12;s:4:\"1_12\";}}',3),(614,'420e9a186174e43a71acd4370a7000b4','a:1:{s:18:\"id_attribute_group\";a:1:{i:13;s:4:\"1_13\";}}',3),(615,'eaab31f7ece29d36f9d7f3fcda7bff3c','a:1:{s:18:\"id_attribute_group\";a:1:{i:14;s:4:\"1_14\";}}',3),(616,'32551dc306abc5ba530dfe9e60b1ea72','a:1:{s:18:\"id_attribute_group\";a:1:{i:24;s:4:\"1_24\";}}',3),(617,'bf6b363c7859369cc455d9db36b4fe2a','a:1:{s:18:\"id_attribute_group\";a:1:{i:25;s:4:\"1_25\";}}',3),(618,'de0468275361a707d8608614bf5b158c','a:1:{s:18:\"id_attribute_group\";a:1:{i:26;s:4:\"1_26\";}}',3),(619,'2056fd5a2f2997babbe804b015e4dd17','a:1:{s:18:\"id_attribute_group\";a:1:{i:27;s:4:\"1_27\";}}',3),(620,'94c3b6afc4a2b6ddf7ee9dcbcfa19662','a:1:{s:18:\"id_attribute_group\";a:1:{i:28;s:4:\"1_28\";}}',3),(621,'7453442403a0224db8c2478ad737c4f4','a:1:{s:18:\"id_attribute_group\";a:1:{i:29;s:4:\"1_29\";}}',3),(622,'24573c39db0c0c327a007836e94160c9','a:1:{s:18:\"id_attribute_group\";a:1:{i:30;s:4:\"1_30\";}}',3),(623,'74b880610ba0fd309128759b4db09465','a:1:{s:18:\"id_attribute_group\";a:1:{i:31;s:4:\"1_31\";}}',3),(624,'2e649d729352b947c5f365ab5b29222f','a:1:{s:18:\"id_attribute_group\";a:1:{i:41;s:4:\"1_41\";}}',3),(625,'2d721ecdc01c0e2f819abb5bb63eb6de','a:1:{s:18:\"id_attribute_group\";a:1:{i:42;s:4:\"1_42\";}}',3),(626,'f4314741ce2062815d82ec1834a8ed2e','a:1:{s:18:\"id_attribute_group\";a:1:{i:44;s:4:\"1_44\";}}',3),(627,'527a201ddfa59c4cba7659e3d6fd9e4c','a:1:{s:18:\"id_attribute_group\";a:1:{i:45;s:4:\"1_45\";}}',3),(628,'75a5c706b86a7340e0d700f8826b7639','a:1:{s:18:\"id_attribute_group\";a:1:{i:46;s:4:\"1_46\";}}',3),(629,'c7d0340a2f9c65a08148d628bbdded5d','a:1:{s:18:\"id_attribute_group\";a:1:{i:47;s:4:\"1_47\";}}',3),(630,'1b98fa5c1178ca30d57161cbc1269479','a:1:{s:18:\"id_attribute_group\";a:1:{i:48;s:4:\"1_48\";}}',3),(631,'c4f03c2606f30f76b232b3be0cdd766f','a:1:{s:18:\"id_attribute_group\";a:1:{i:49;s:4:\"1_49\";}}',3),(632,'3ade763ac6fa691e01d1ec97acfbff6a','a:1:{s:18:\"id_attribute_group\";a:1:{i:50;s:4:\"1_50\";}}',3),(633,'b2681221b119f3a39302cecc3b56ddd8','a:1:{s:18:\"id_attribute_group\";a:1:{i:51;s:4:\"1_51\";}}',3),(634,'4f23bde003c5a32eba5c0ccd0c33062d','a:1:{s:18:\"id_attribute_group\";a:1:{i:52;s:4:\"1_52\";}}',3),(635,'78cb4bc2dd835851b0c2714f45bca77f','a:1:{s:18:\"id_attribute_group\";a:1:{i:53;s:4:\"1_53\";}}',3),(636,'8f3b1401d9d303a03a5f9b010cbeaa61','a:1:{s:18:\"id_attribute_group\";a:1:{i:58;s:4:\"1_58\";}}',3),(637,'07e789e2fd7c1b3f88100c66d743af9f','a:1:{s:18:\"id_attribute_group\";a:1:{i:60;s:4:\"1_60\";}}',3),(638,'c3a09cefef550df81ebf2b4900b647e1','a:1:{s:18:\"id_attribute_group\";a:1:{i:84;s:4:\"1_84\";}}',3),(639,'001ff8ae87b783cfac59556cd2c44da3','a:1:{s:18:\"id_attribute_group\";a:1:{i:91;s:4:\"1_91\";}}',3),(640,'2433eff511399f7a65312052114dc1ae','a:1:{s:18:\"id_attribute_group\";a:1:{i:92;s:4:\"1_92\";}}',3),(641,'36c80d6892ed706553f0635baa2ae97f','a:1:{s:18:\"id_attribute_group\";a:1:{i:93;s:4:\"1_93\";}}',3),(642,'8630c4a9db9cc0fdad3e1aaad4071502','a:1:{s:18:\"id_attribute_group\";a:1:{i:94;s:4:\"1_94\";}}',3),(643,'f1d70d445ad5a9d68055fea3e79925ff','a:1:{s:18:\"id_attribute_group\";a:1:{i:96;s:4:\"1_96\";}}',3),(644,'6240c2e0cdc5081b36a4d2bdcd7d4fe2','a:1:{s:18:\"id_attribute_group\";a:1:{i:106;s:5:\"1_106\";}}',3),(645,'86f056af341e7f7bd16d5c944b47a6e1','a:1:{s:18:\"id_attribute_group\";a:1:{i:126;s:5:\"1_126\";}}',3),(646,'7231ba8bcef5f615c9cf304034005db1','a:1:{s:18:\"id_attribute_group\";a:1:{i:129;s:5:\"1_129\";}}',3),(647,'cc1f45a5aedddeee29cfffaacfeb99a9','a:1:{s:18:\"id_attribute_group\";a:1:{i:143;s:5:\"1_143\";}}',3),(648,'d565c51107536a3a996bf32daf978c64','a:1:{s:18:\"id_attribute_group\";a:1:{i:147;s:5:\"1_147\";}}',3),(649,'c1d1aa944d6e4970f0b7ebe875461f92','a:1:{s:18:\"id_attribute_group\";a:1:{i:148;s:5:\"1_148\";}}',3),(650,'80598267c653777a558ff9f07733423e','a:1:{s:18:\"id_attribute_group\";a:1:{i:149;s:5:\"1_149\";}}',3),(651,'c3750777e3b7f9bc6d49b5185d1b4b4e','a:1:{s:18:\"id_attribute_group\";a:1:{i:150;s:5:\"1_150\";}}',3),(652,'5748dd2f5a5bee8f972476ed00775f40','a:1:{s:18:\"id_attribute_group\";a:1:{i:151;s:5:\"1_151\";}}',3),(653,'20d95572cf38f39234f7bfcaa2763437','a:1:{s:18:\"id_attribute_group\";a:1:{i:152;s:5:\"1_152\";}}',3),(654,'1007ad4dc1d5d2153bb7bd3ccae6ab13','a:1:{s:18:\"id_attribute_group\";a:1:{i:153;s:5:\"1_153\";}}',3),(655,'8cf6d09e55d89e9a8427a99b000ee472','a:1:{s:18:\"id_attribute_group\";a:1:{i:157;s:5:\"1_157\";}}',3),(656,'b58a2d7e2daac3eafa74f35a3c8e5847','a:1:{s:18:\"id_attribute_group\";a:1:{i:163;s:5:\"1_163\";}}',3),(657,'0d39a30184cba505f022973c1e363ad3','a:1:{s:18:\"id_attribute_group\";a:1:{i:169;s:5:\"1_169\";}}',3),(658,'2764b97b05e3c9c0d1c45fdbbe172d54','a:1:{s:18:\"id_attribute_group\";a:1:{i:251;s:5:\"1_251\";}}',3),(659,'8bd019bd613f274e9542d3cc3bdbabf2','a:1:{s:18:\"id_attribute_group\";a:1:{i:253;s:5:\"1_253\";}}',3),(660,'ba756aa15644859d905a41b1dacd9d0d','a:1:{s:18:\"id_attribute_group\";a:1:{i:254;s:5:\"1_254\";}}',3),(661,'3978298520bf43c1113f66a509b09e84','a:1:{s:18:\"id_attribute_group\";a:1:{i:256;s:5:\"1_256\";}}',3),(662,'03a42c29ed566b50c92973b63aed1ce9','a:1:{s:18:\"id_attribute_group\";a:1:{i:258;s:5:\"1_258\";}}',3),(663,'d9dc14b07fa71fc8c35d606308f17f3f','a:1:{s:18:\"id_attribute_group\";a:1:{i:260;s:5:\"1_260\";}}',3),(664,'6ed3777b250683f2f261782d65a0fb45','a:1:{s:18:\"id_attribute_group\";a:1:{i:261;s:5:\"1_261\";}}',3),(665,'00eda1c2851bc10b3ba5ba165fb8313b','a:1:{s:18:\"id_attribute_group\";a:1:{i:263;s:5:\"1_263\";}}',3),(666,'8c183064342d2fea715c3d5c42570731','a:1:{s:18:\"id_attribute_group\";a:1:{i:264;s:5:\"1_264\";}}',3),(667,'58c6407e4c686489f970780142989f6e','a:1:{s:18:\"id_attribute_group\";a:1:{i:265;s:5:\"1_265\";}}',3),(668,'862c8789afa1078de8195af40ef78d5f','a:1:{s:18:\"id_attribute_group\";a:1:{i:266;s:5:\"1_266\";}}',3),(669,'469f29437d187411acc6d1595aa202c9','a:1:{s:18:\"id_attribute_group\";a:1:{i:267;s:5:\"1_267\";}}',3),(670,'db385ff7231f0cdfde9698ae67157c20','a:1:{s:18:\"id_attribute_group\";a:1:{i:285;s:5:\"1_285\";}}',3),(671,'d97d23e401e4895bd3c3b83d4d0cbe7c','a:1:{s:18:\"id_attribute_group\";a:1:{i:292;s:5:\"1_292\";}}',3),(672,'87b0dd3589e9d0bd79d0c085967f28db','a:1:{s:18:\"id_attribute_group\";a:1:{i:336;s:5:\"1_336\";}}',3),(673,'db5ccbcb21f166fbaa5685c241922c04','a:1:{s:18:\"id_attribute_group\";a:1:{i:343;s:5:\"1_343\";}}',3),(674,'6c2953082f672f51fbd7dc30598a7b84','a:1:{s:18:\"id_attribute_group\";a:1:{i:344;s:5:\"1_344\";}}',3),(675,'688056658c4c6a445d194c861a10b688','a:1:{s:18:\"id_attribute_group\";a:1:{i:345;s:5:\"1_345\";}}',3),(676,'ca64b54ca60b4748f49a7d97e0c4cc70','a:1:{s:18:\"id_attribute_group\";a:1:{i:347;s:5:\"1_347\";}}',3),(677,'2a74c622b962b8b96894ab45afe97d65','a:1:{s:18:\"id_attribute_group\";a:1:{i:350;s:5:\"1_350\";}}',3),(678,'73db3967216c0ecb93952cc5a1ede55d','a:1:{s:18:\"id_attribute_group\";a:1:{i:352;s:5:\"1_352\";}}',3),(679,'9f27bd7cdd95599b3b4bcb2f844bdf18','a:1:{s:18:\"id_attribute_group\";a:1:{i:353;s:5:\"1_353\";}}',3),(680,'3af780c53c8020f81821bf4d48109916','a:1:{s:18:\"id_attribute_group\";a:1:{i:429;s:5:\"1_429\";}}',3),(681,'3c895f2030b8fcd336242eedfb32b29a','a:1:{s:18:\"id_attribute_group\";a:1:{i:453;s:5:\"1_453\";}}',3),(682,'759b92e198bf85355e24725d5256a1e7','a:1:{s:18:\"id_attribute_group\";a:1:{i:454;s:5:\"1_454\";}}',3),(683,'6554244b023671ce1e3628ce644c89b7','a:1:{s:18:\"id_attribute_group\";a:1:{i:455;s:5:\"1_455\";}}',3),(684,'858721be19192d19668be1249a515f36','a:1:{s:18:\"id_attribute_group\";a:1:{i:456;s:5:\"1_456\";}}',3),(685,'0e6570449b3dedf83dcdd35c505ebbdf','a:1:{s:18:\"id_attribute_group\";a:1:{i:457;s:5:\"1_457\";}}',3),(686,'b43d4891929a821df94dfc8ffeca9d32','a:1:{s:18:\"id_attribute_group\";a:1:{i:482;s:5:\"1_482\";}}',3),(687,'e578c958416460636cea014fb1e301eb','a:1:{s:18:\"id_attribute_group\";a:1:{i:485;s:5:\"1_485\";}}',3),(688,'107c4f4ab304626d3ae0fcb50f49c67a','a:1:{s:18:\"id_attribute_group\";a:1:{i:486;s:5:\"1_486\";}}',3),(689,'387abd7b051984043b88fcb898602e49','a:1:{s:18:\"id_attribute_group\";a:1:{i:487;s:5:\"1_487\";}}',3),(690,'c028b6b52ad6880d17345a22a855ce67','a:1:{s:18:\"id_attribute_group\";a:1:{i:488;s:5:\"1_488\";}}',3),(691,'e826b4d3aff0dc2837c5c0e703acb8e1','a:1:{s:18:\"id_attribute_group\";a:1:{i:489;s:5:\"1_489\";}}',3),(692,'0c56e7b19b98038dce7eab202ed6bda8','a:1:{s:18:\"id_attribute_group\";a:1:{i:490;s:5:\"1_490\";}}',3),(693,'cdd29aca50e2f3b399d674077906c41a','a:1:{s:18:\"id_attribute_group\";a:1:{i:498;s:5:\"1_498\";}}',3),(694,'0fc1f2c355e7cee28b4e5b287130d48d','a:1:{s:18:\"id_attribute_group\";a:1:{i:505;s:5:\"1_505\";}}',3),(695,'03476046ada597a89bb936137c442ee1','a:1:{s:18:\"id_attribute_group\";a:1:{i:506;s:5:\"1_506\";}}',3),(696,'dd3d52c239f1d9138931a47b16a94674','a:1:{s:18:\"id_attribute_group\";a:1:{i:507;s:5:\"1_507\";}}',3),(697,'39e6d8432902a0ed0a92b4c92e3f3ddd','a:1:{s:18:\"id_attribute_group\";a:1:{i:529;s:5:\"1_529\";}}',3),(698,'2567852d619627c1c583017f988ea5b1','a:1:{s:18:\"id_attribute_group\";a:1:{i:557;s:5:\"1_557\";}}',3),(699,'f1937a137e035a44164fae5c90d858dd','a:1:{s:18:\"id_attribute_group\";a:1:{i:560;s:5:\"1_560\";}}',3),(700,'db8bd602c47434c91ec8ae72be3e443c','a:1:{s:18:\"id_attribute_group\";a:1:{i:571;s:5:\"1_571\";}}',3),(701,'eff861bb885e7f5db6c43328665ec34b','a:1:{s:18:\"id_attribute_group\";a:1:{i:592;s:5:\"1_592\";}}',3),(702,'89deec14d4ed57401fb0536cf472a033','a:1:{s:18:\"id_attribute_group\";a:1:{i:702;s:5:\"1_702\";}}',3),(703,'3d62844c8319c68e436e43421d5d8f35','a:1:{s:18:\"id_attribute_group\";a:1:{i:703;s:5:\"1_703\";}}',3),(704,'4a1645df46f0c3c5832795c75c7a0f51','a:1:{s:18:\"id_attribute_group\";a:1:{i:867;s:5:\"1_867\";}}',3),(705,'a0998207beaf10448e55dd19c58c3b7a','a:1:{s:18:\"id_attribute_group\";a:1:{i:881;s:5:\"1_881\";}}',3),(706,'907aa9494dcf6d11d094c13b13020268','a:1:{s:18:\"id_attribute_group\";a:1:{i:902;s:5:\"1_902\";}}',3),(707,'3819a201ed1bbe1d2707b82adfd3efdc','a:1:{s:18:\"id_attribute_group\";a:1:{i:934;s:5:\"1_934\";}}',3),(708,'39da2bd0f10dcb5aa43f0b9cb30e80ef','a:1:{s:18:\"id_attribute_group\";a:1:{i:935;s:5:\"1_935\";}}',3),(709,'47a00d44abbb7f4d13ed3a0d5a85f561','a:1:{s:18:\"id_attribute_group\";a:1:{i:936;s:5:\"1_936\";}}',3),(710,'979a13749c183c99a3269ab32c303b7e','a:1:{s:18:\"id_attribute_group\";a:1:{i:937;s:5:\"1_937\";}}',3),(711,'aecd66fef2c33a181c1c571ed69dd66c','a:1:{s:18:\"id_attribute_group\";a:1:{i:938;s:5:\"1_938\";}}',3),(712,'f9a9ecd3f2e91385822bccd7a0cc9cfd','a:1:{s:18:\"id_attribute_group\";a:1:{i:939;s:5:\"1_939\";}}',3),(713,'a1480293509ab1961724a99e93e27012','a:1:{s:18:\"id_attribute_group\";a:1:{i:940;s:5:\"1_940\";}}',3),(714,'81a79f9c58cd905659cf8abb9a32f4c4','a:1:{s:18:\"id_attribute_group\";a:1:{i:941;s:5:\"1_941\";}}',3),(715,'4ea78de54a91c46452cffcc5281d3367','a:1:{s:18:\"id_attribute_group\";a:1:{i:942;s:5:\"1_942\";}}',3),(716,'91ffe5eb71cf32babeac70a8d5aea165','a:1:{s:18:\"id_attribute_group\";a:1:{i:943;s:5:\"1_943\";}}',3),(717,'ec3d45a994bb09479ae0c243f37ee419','a:1:{s:18:\"id_attribute_group\";a:1:{i:944;s:5:\"1_944\";}}',3),(718,'3d49c6d8223d01f58df317904c9dc321','a:1:{s:18:\"id_attribute_group\";a:1:{i:945;s:5:\"1_945\";}}',3),(719,'b4079703b09d322c5e912ab63da7cd7f','a:1:{s:18:\"id_attribute_group\";a:1:{i:946;s:5:\"1_946\";}}',3),(720,'f96dd7280c56816d5f63637dc3c065cd','a:1:{s:18:\"id_attribute_group\";a:1:{i:947;s:5:\"1_947\";}}',3),(721,'0ee68680c1a8071867f3f88eb4373c53','a:1:{s:18:\"id_attribute_group\";a:1:{i:949;s:5:\"1_949\";}}',3),(722,'6bda63eddd5b7080280556d8396e833c','a:1:{s:18:\"id_attribute_group\";a:1:{i:952;s:5:\"1_952\";}}',3),(723,'a2f483f310f8f906f98095c765d2b4fd','a:1:{s:18:\"id_attribute_group\";a:1:{i:956;s:5:\"1_956\";}}',3),(724,'3050cad41e86e289c915915daffb4d16','a:1:{s:18:\"id_attribute_group\";a:1:{i:957;s:5:\"1_957\";}}',3),(725,'8056560d2ab9fd4bd73d0e3283ed9b30','a:1:{s:18:\"id_attribute_group\";a:1:{i:958;s:5:\"1_958\";}}',3),(726,'f752b000cb5c09a414d05beac383524a','a:1:{s:18:\"id_attribute_group\";a:1:{i:959;s:5:\"1_959\";}}',3),(727,'22f882a5674ef8e119a29d88587f03aa','a:1:{s:18:\"id_attribute_group\";a:1:{i:983;s:5:\"1_983\";}}',3),(728,'723104db8e311cef1e8bcd1b2af8bd88','a:1:{s:18:\"id_attribute_group\";a:1:{i:984;s:5:\"1_984\";}}',3),(729,'09b37789a2b60b645b1e463de5407fa2','a:1:{s:18:\"id_attribute_group\";a:1:{i:985;s:5:\"1_985\";}}',3),(730,'a0e16de1e91d5a7abebb1fb7dffa7be1','a:1:{s:18:\"id_attribute_group\";a:1:{i:1012;s:6:\"1_1012\";}}',3),(731,'0b8f0112fdbface9f968aed9729a657a','a:1:{s:18:\"id_attribute_group\";a:1:{i:1017;s:6:\"1_1017\";}}',3),(732,'739be374f18b4a0f74c29775cae006f0','a:1:{s:18:\"id_attribute_group\";a:1:{i:1018;s:6:\"1_1018\";}}',3),(733,'31374cbc8c96d1adad32de594c479baa','a:1:{s:18:\"id_attribute_group\";a:1:{i:1019;s:6:\"1_1019\";}}',3),(734,'aa5dd847d5f3d85ef02a05564cdce448','a:1:{s:18:\"id_attribute_group\";a:1:{i:1020;s:6:\"1_1020\";}}',3),(735,'7eacf37629bd8f0acc271e6788fd1772','a:1:{s:12:\"manufacturer\";a:1:{i:2;s:1:\"2\";}}',3),(736,'6d3a4f5d08e5e4d48fbc945e7ed6fd57','a:1:{s:12:\"manufacturer\";a:1:{i:3;s:1:\"3\";}}',3),(737,'8a06e7df0f785d18ec02cae9a7844a87','a:1:{s:12:\"manufacturer\";a:1:{i:4;s:1:\"4\";}}',3),(738,'edc6b81c910d80553a4397e59396c69d','a:1:{s:12:\"manufacturer\";a:1:{i:5;s:1:\"5\";}}',3),(739,'fe43823a448c99144b1139a76c778a56','a:1:{s:12:\"manufacturer\";a:1:{i:6;s:1:\"6\";}}',3),(740,'c65538c0394fa53b27ad99e2c7157a20','a:1:{s:12:\"manufacturer\";a:1:{i:7;s:1:\"7\";}}',3);

--
-- Table structure for table `ps_layered_indexable_attribute_group`
--

CREATE TABLE `ps_layered_indexable_attribute_group` (
  `id_attribute_group` int(11) NOT NULL,
  `indexable` tinyint(1) NOT NULL DEFAULT '0',
  PRIMARY KEY (`id_attribute_group`)
) ENGINE=InnoDB DEFAULT CHARSET=utf8;

--
-- Dumping data for table `ps_layered_indexable_attribute_group`
--

INSERT INTO `ps_layered_indexable_attribute_group` VALUES (1,1),(2,1),(3,1),(4,1),(5,1);

--
-- Table structure for table `ps_layered_indexable_attribute_group_lang_value`
--

CREATE TABLE `ps_layered_indexable_attribute_group_lang_value` (
  `id_attribute_group` int(11) NOT NULL,
  `id_lang` int(11) NOT NULL,
  `url_name` varchar(20) DEFAULT NULL,
  `meta_title` varchar(20) DEFAULT NULL,
  PRIMARY KEY (`id_attribute_group`,`id_lang`)
) ENGINE=InnoDB DEFAULT CHARSET=utf8;

--
-- Dumping data for table `ps_layered_indexable_attribute_group_lang_value`
--

INSERT INTO `ps_layered_indexable_attribute_group_lang_value` VALUES (1,1,'color',''),(1,2,'χρώμα',''),(1,3,'color',''),(2,1,'dimension',''),(2,2,'διαστάσεις-εκ',''),(2,3,'dimension',''),(3,1,'',''),(3,2,'σχέδιο',''),(3,3,'',''),(4,1,'μέγεθος',''),(4,2,'μεγεθος',''),(4,3,'μέγεθος',''),(5,1,'διάμετρος-μπάλας',''),(5,2,'διάμετρος-μπάλας',''),(5,3,'διάμετρος-μπάλας','');

--
-- Table structure for table `ps_layered_indexable_attribute_lang_value`
--

CREATE TABLE `ps_layered_indexable_attribute_lang_value` (
  `id_attribute` int(11) NOT NULL,
  `id_lang` int(11) NOT NULL,
  `url_name` varchar(20) DEFAULT NULL,
  `meta_title` varchar(20) DEFAULT NULL,
  PRIMARY KEY (`id_attribute`,`id_lang`)
) ENGINE=InnoDB DEFAULT CHARSET=utf8;

--
-- Dumping data for table `ps_layered_indexable_attribute_lang_value`
--

INSERT INTO `ps_layered_indexable_attribute_lang_value` VALUES (1,1,'',''),(1,2,'',''),(1,3,'',''),(2,1,'',''),(2,2,'',''),(2,3,'',''),(3,1,'',''),(3,2,'',''),(3,3,'',''),(4,1,'',''),(4,2,'',''),(4,3,'',''),(5,1,'',''),(5,2,'',''),(5,3,'',''),(6,1,'',''),(6,2,'',''),(6,3,'',''),(7,1,'',''),(7,2,'',''),(7,3,'',''),(8,1,'',''),(8,2,'',''),(8,3,'',''),(9,1,'',''),(9,2,'',''),(9,3,'',''),(10,1,'',''),(10,2,'',''),(10,3,'',''),(11,1,'',''),(11,2,'',''),(11,3,'',''),(12,1,'',''),(12,2,'',''),(12,3,'',''),(13,1,'',''),(13,2,'',''),(13,3,'',''),(14,1,'',''),(14,2,'',''),(14,3,'',''),(15,1,'',''),(15,2,'',''),(15,3,'',''),(16,1,'',''),(16,2,'',''),(16,3,'',''),(17,1,'',''),(17,2,'',''),(17,3,'',''),(18,1,'',''),(18,2,'',''),(18,3,'',''),(19,1,'',''),(19,2,'',''),(19,3,'',''),(20,1,'',''),(20,2,'',''),(20,3,'',''),(21,1,'',''),(21,2,'',''),(21,3,'',''),(22,1,'',''),(22,2,'',''),(22,3,'',''),(23,1,'',''),(23,2,'',''),(23,3,'',''),(24,1,'',''),(24,2,'',''),(24,3,'',''),(25,1,'',''),(25,2,'',''),(25,3,'',''),(26,1,'',''),(26,2,'',''),(26,3,'',''),(27,1,'',''),(27,2,'',''),(27,3,'',''),(28,1,'',''),(28,2,'',''),(28,3,'',''),(29,1,'',''),(29,2,'',''),(29,3,'',''),(30,1,'',''),(30,2,'',''),(30,3,'',''),(31,1,'',''),(31,2,'',''),(31,3,'',''),(33,1,'',''),(33,2,'',''),(33,3,'',''),(34,1,'',''),(34,2,'',''),(34,3,'',''),(35,1,'',''),(35,2,'',''),(35,3,'',''),(36,1,'',''),(36,2,'',''),(36,3,'',''),(37,1,'',''),(37,2,'',''),(37,3,'',''),(38,1,'',''),(38,2,'',''),(38,3,'',''),(39,1,'',''),(39,2,'',''),(39,3,'',''),(40,1,'',''),(40,2,'',''),(40,3,'',''),(41,1,'',''),(41,2,'',''),(41,3,'',''),(42,1,'',''),(42,2,'',''),(42,3,'',''),(43,1,'',''),(43,2,'',''),(43,3,'',''),(44,1,'',''),(44,2,'',''),(44,3,'',''),(45,1,'',''),(45,2,'',''),(45,3,'',''),(46,1,'',''),(46,2,'',''),(46,3,'',''),(47,1,'',''),(47,2,'',''),(47,3,'',''),(48,1,'',''),(48,2,'',''),(48,3,'',''),(49,1,'',''),(49,2,'',''),(49,3,'',''),(50,1,'',''),(50,2,'',''),(50,3,'',''),(51,1,'',''),(51,2,'',''),(51,3,'',''),(52,1,'',''),(52,2,'',''),(52,3,'',''),(53,1,'',''),(53,2,'',''),(53,3,'',''),(54,1,'',''),(54,2,'',''),(54,3,'',''),(55,1,'',''),(55,2,'',''),(55,3,'',''),(56,1,'',''),(56,2,'',''),(56,3,'',''),(57,1,'',''),(57,2,'',''),(57,3,'',''),(58,1,'',''),(58,2,'',''),(58,3,'',''),(59,1,'',''),(59,2,'',''),(59,3,'',''),(60,1,'',''),(60,2,'',''),(60,3,'',''),(61,1,'',''),(61,2,'',''),(61,3,'',''),(62,1,'',''),(62,2,'',''),(62,3,'',''),(63,1,'',''),(63,2,'',''),(63,3,'',''),(64,1,'',''),(64,2,'',''),(64,3,'',''),(65,1,'',''),(65,2,'',''),(65,3,'',''),(66,1,'',''),(66,2,'',''),(66,3,'',''),(67,1,'',''),(67,2,'',''),(67,3,'',''),(68,1,'',''),(68,2,'',''),(68,3,'',''),(69,1,'',''),(69,2,'',''),(69,3,'',''),(70,1,'',''),(70,2,'',''),(70,3,'',''),(71,1,'',''),(71,2,'',''),(71,3,'',''),(72,1,'',''),(72,2,'',''),(72,3,'',''),(73,1,'',''),(73,2,'',''),(73,3,'',''),(74,1,'',''),(74,2,'',''),(74,3,'',''),(75,1,'',''),(75,2,'',''),(75,3,'',''),(76,1,'',''),(76,2,'',''),(76,3,'',''),(77,1,'',''),(77,2,'',''),(77,3,'',''),(78,1,'',''),(78,2,'',''),(78,3,'',''),(79,1,'',''),(79,2,'',''),(79,3,'',''),(80,1,'',''),(80,2,'',''),(80,3,'',''),(81,1,'',''),(81,2,'',''),(81,3,'',''),(83,1,'',''),(83,2,'',''),(83,3,'',''),(84,1,'',''),(84,2,'',''),(84,3,'',''),(85,1,'',''),(85,2,'',''),(85,3,'',''),(86,1,'',''),(86,2,'',''),(86,3,'',''),(87,1,'',''),(87,2,'',''),(87,3,'',''),(88,1,'',''),(88,2,'',''),(88,3,'',''),(89,1,'',''),(89,2,'',''),(89,3,'',''),(90,1,'',''),(90,2,'',''),(90,3,'',''),(91,1,'',''),(91,2,'',''),(91,3,'',''),(92,1,'',''),(92,2,'',''),(92,3,'',''),(93,1,'',''),(93,2,'',''),(93,3,'',''),(94,1,'',''),(94,2,'',''),(94,3,'',''),(95,1,'',''),(95,2,'',''),(95,3,'',''),(96,1,'',''),(96,2,'',''),(96,3,'',''),(97,1,'',''),(97,2,'',''),(97,3,'',''),(98,1,'',''),(98,2,'',''),(98,3,'',''),(99,1,'',''),(99,2,'',''),(99,3,'',''),(100,1,'',''),(100,2,'',''),(100,3,'',''),(101,1,'',''),(101,2,'',''),(101,3,'',''),(102,1,'',''),(102,2,'',''),(102,3,'',''),(103,1,'',''),(103,2,'',''),(103,3,'',''),(104,1,'',''),(104,2,'',''),(104,3,'',''),(105,1,'',''),(105,2,'',''),(105,3,'',''),(106,1,'',''),(106,2,'',''),(106,3,'',''),(107,1,'',''),(107,2,'',''),(107,3,'',''),(108,1,'',''),(108,2,'',''),(108,3,'',''),(109,1,'',''),(109,2,'',''),(109,3,'',''),(111,1,'',''),(111,2,'',''),(111,3,'',''),(112,1,'',''),(112,2,'',''),(112,3,'',''),(113,1,'',''),(113,2,'',''),(113,3,'',''),(114,1,'',''),(114,2,'',''),(114,3,'',''),(115,1,'',''),(115,2,'',''),(115,3,'',''),(116,1,'',''),(116,2,'',''),(116,3,'',''),(117,1,'',''),(117,2,'',''),(117,3,'',''),(118,1,'',''),(118,2,'',''),(118,3,'',''),(119,1,'',''),(119,2,'',''),(119,3,'',''),(120,1,'',''),(120,2,'',''),(120,3,'',''),(121,1,'',''),(121,2,'',''),(121,3,'',''),(122,1,'',''),(122,2,'',''),(122,3,'',''),(123,1,'',''),(123,2,'',''),(123,3,'',''),(124,1,'',''),(124,2,'',''),(124,3,'',''),(125,1,'',''),(125,2,'',''),(125,3,'',''),(126,1,'',''),(126,2,'',''),(126,3,'',''),(127,1,'',''),(127,2,'',''),(127,3,'',''),(128,1,'',''),(128,2,'',''),(128,3,'',''),(129,1,'',''),(129,2,'',''),(129,3,'',''),(130,1,'',''),(130,2,'',''),(130,3,'',''),(131,1,'',''),(131,2,'',''),(131,3,'',''),(132,1,'',''),(132,2,'',''),(132,3,'',''),(133,1,'',''),(133,2,'',''),(133,3,'',''),(134,1,'',''),(134,2,'',''),(134,3,'',''),(135,1,'',''),(135,2,'',''),(135,3,'',''),(136,1,'',''),(136,2,'',''),(136,3,'',''),(137,1,'',''),(137,2,'',''),(137,3,'',''),(138,1,'',''),(138,2,'',''),(138,3,'',''),(139,1,'',''),(139,2,'',''),(139,3,'',''),(140,1,'',''),(140,2,'',''),(140,3,'',''),(142,1,'',''),(142,2,'',''),(142,3,'',''),(143,1,'',''),(143,2,'',''),(143,3,'',''),(144,1,'',''),(144,2,'',''),(144,3,'',''),(145,1,'',''),(145,2,'',''),(145,3,'',''),(146,1,'',''),(146,2,'',''),(146,3,'',''),(147,1,'',''),(147,2,'',''),(147,3,'',''),(148,1,'',''),(148,2,'',''),(148,3,'',''),(149,1,'',''),(149,2,'',''),(149,3,'',''),(150,1,'',''),(150,2,'',''),(150,3,'',''),(151,1,'',''),(151,2,'',''),(151,3,'',''),(152,1,'',''),(152,2,'',''),(152,3,'',''),(153,1,'',''),(153,2,'',''),(153,3,'',''),(154,1,'',''),(154,2,'',''),(154,3,'',''),(157,1,'',''),(157,2,'',''),(157,3,'',''),(158,1,'',''),(158,2,'',''),(158,3,'',''),(159,1,'',''),(159,2,'',''),(159,3,'',''),(160,1,'',''),(160,2,'',''),(160,3,'',''),(161,1,'',''),(161,2,'',''),(161,3,'',''),(162,1,'',''),(162,2,'',''),(162,3,'',''),(163,1,'',''),(163,2,'',''),(163,3,'',''),(164,1,'',''),(164,2,'',''),(164,3,'',''),(165,1,'',''),(165,2,'',''),(165,3,'',''),(166,1,'',''),(166,2,'',''),(166,3,'',''),(167,1,'',''),(167,2,'',''),(167,3,'',''),(168,1,'',''),(168,2,'',''),(168,3,'',''),(169,1,'',''),(169,2,'',''),(169,3,'',''),(170,1,'',''),(170,2,'',''),(170,3,'',''),(171,1,'',''),(171,2,'',''),(171,3,'',''),(172,1,'',''),(172,2,'',''),(172,3,'',''),(173,1,'',''),(173,2,'',''),(173,3,'',''),(174,1,'',''),(174,2,'',''),(174,3,'',''),(175,1,'',''),(175,2,'',''),(175,3,'',''),(176,1,'',''),(176,2,'',''),(176,3,'',''),(177,1,'',''),(177,2,'',''),(177,3,'',''),(178,1,'',''),(178,2,'',''),(178,3,'',''),(179,1,'',''),(179,2,'',''),(179,3,'',''),(180,1,'',''),(180,2,'',''),(180,3,'',''),(181,1,'',''),(181,2,'',''),(181,3,'',''),(182,1,'',''),(182,2,'',''),(182,3,'',''),(183,1,'',''),(183,2,'',''),(183,3,'',''),(184,1,'',''),(184,2,'',''),(184,3,'',''),(185,1,'',''),(185,2,'',''),(185,3,'',''),(186,1,'',''),(186,2,'',''),(186,3,'',''),(187,1,'',''),(187,2,'',''),(187,3,'',''),(188,1,'',''),(188,2,'',''),(188,3,'',''),(189,1,'',''),(189,2,'',''),(189,3,'',''),(190,1,'',''),(190,2,'',''),(190,3,'',''),(191,1,'',''),(191,2,'',''),(191,3,'',''),(192,1,'',''),(192,2,'',''),(192,3,'',''),(193,1,'',''),(193,2,'',''),(193,3,'',''),(194,1,'',''),(194,2,'',''),(194,3,'',''),(195,1,'',''),(195,2,'',''),(195,3,'',''),(196,1,'',''),(196,2,'',''),(196,3,'',''),(197,1,'',''),(197,2,'',''),(197,3,'',''),(198,1,'',''),(198,2,'',''),(198,3,'',''),(199,1,'',''),(199,2,'',''),(199,3,'',''),(200,1,'',''),(200,2,'',''),(200,3,'',''),(201,1,'',''),(201,2,'',''),(201,3,'',''),(202,1,'',''),(202,2,'',''),(202,3,'',''),(203,1,'',''),(203,2,'',''),(203,3,'',''),(204,1,'',''),(204,2,'',''),(204,3,'',''),(205,1,'',''),(205,2,'',''),(205,3,'',''),(206,1,'',''),(206,2,'',''),(206,3,'',''),(207,1,'',''),(207,2,'',''),(207,3,'',''),(208,1,'',''),(208,2,'',''),(208,3,'',''),(209,1,'',''),(209,2,'',''),(209,3,'',''),(210,1,'',''),(210,2,'',''),(210,3,'',''),(211,1,'',''),(211,2,'',''),(211,3,'',''),(212,1,'',''),(212,2,'',''),(212,3,'',''),(213,1,'',''),(213,2,'',''),(213,3,'',''),(214,1,'',''),(214,2,'',''),(214,3,'',''),(215,1,'',''),(215,2,'',''),(215,3,'',''),(216,1,'',''),(216,2,'',''),(216,3,'',''),(217,1,'',''),(217,2,'',''),(217,3,'',''),(218,1,'',''),(218,2,'',''),(218,3,'',''),(219,1,'',''),(219,2,'',''),(219,3,'',''),(220,1,'',''),(220,2,'',''),(220,3,'',''),(221,1,'',''),(221,2,'',''),(221,3,'',''),(222,1,'',''),(222,2,'',''),(222,3,'',''),(223,1,'',''),(223,2,'',''),(223,3,'',''),(224,1,'',''),(224,2,'',''),(224,3,'',''),(225,1,'',''),(225,2,'',''),(225,3,'',''),(226,1,'',''),(226,2,'',''),(226,3,'',''),(227,1,'',''),(227,2,'',''),(227,3,'',''),(228,1,'',''),(228,2,'',''),(228,3,'',''),(229,1,'',''),(229,2,'',''),(229,3,'',''),(230,1,'',''),(230,2,'',''),(230,3,'',''),(231,1,'',''),(231,2,'',''),(231,3,'',''),(232,1,'',''),(232,2,'',''),(232,3,'',''),(233,1,'',''),(233,2,'',''),(233,3,'',''),(234,1,'',''),(234,2,'',''),(234,3,'',''),(235,1,'',''),(235,2,'',''),(235,3,'',''),(236,1,'',''),(236,2,'',''),(236,3,'',''),(237,1,'',''),(237,2,'',''),(237,3,'',''),(238,1,'',''),(238,2,'',''),(238,3,'',''),(239,1,'',''),(239,2,'',''),(239,3,'',''),(240,1,'',''),(240,2,'',''),(240,3,'',''),(241,1,'',''),(241,2,'',''),(241,3,'',''),(242,1,'',''),(242,2,'',''),(242,3,'',''),(243,1,'',''),(243,2,'',''),(243,3,'',''),(244,1,'',''),(244,2,'',''),(244,3,'',''),(245,1,'',''),(245,2,'',''),(245,3,'',''),(246,1,'',''),(246,2,'',''),(246,3,'',''),(247,1,'',''),(247,2,'',''),(247,3,'',''),(248,1,'',''),(248,2,'',''),(248,3,'',''),(249,1,'',''),(249,2,'',''),(249,3,'',''),(250,1,'',''),(250,2,'',''),(250,3,'',''),(251,1,'',''),(251,2,'',''),(251,3,'',''),(252,1,'',''),(252,2,'',''),(252,3,'',''),(253,1,'',''),(253,2,'',''),(253,3,'',''),(254,1,'',''),(254,2,'',''),(254,3,'',''),(255,1,'',''),(255,2,'',''),(255,3,'',''),(256,1,'',''),(256,2,'',''),(256,3,'',''),(257,1,'',''),(257,2,'',''),(257,3,'',''),(258,1,'',''),(258,2,'',''),(258,3,'',''),(259,1,'',''),(259,2,'',''),(259,3,'',''),(260,1,'',''),(260,2,'',''),(260,3,'',''),(261,1,'',''),(261,2,'',''),(261,3,'',''),(262,1,'',''),(262,2,'',''),(262,3,'',''),(263,1,'',''),(263,2,'',''),(263,3,'',''),(264,1,'',''),(264,2,'',''),(264,3,'',''),(265,1,'',''),(265,2,'',''),(265,3,'',''),(266,1,'',''),(266,2,'',''),(266,3,'',''),(267,1,'',''),(267,2,'',''),(267,3,'',''),(268,1,'',''),(268,2,'',''),(268,3,'',''),(269,1,'',''),(269,2,'',''),(269,3,'',''),(270,1,'',''),(270,2,'',''),(270,3,'',''),(271,1,'',''),(271,2,'',''),(271,3,'',''),(272,1,'',''),(272,2,'',''),(272,3,'',''),(273,1,'',''),(273,2,'',''),(273,3,'',''),(274,1,'',''),(274,2,'',''),(274,3,'',''),(275,1,'',''),(275,2,'',''),(275,3,'',''),(276,1,'',''),(276,2,'',''),(276,3,'',''),(277,1,'',''),(277,2,'',''),(277,3,'',''),(278,1,'',''),(278,2,'',''),(278,3,'',''),(279,1,'',''),(279,2,'',''),(279,3,'',''),(280,1,'',''),(280,2,'',''),(280,3,'',''),(281,1,'',''),(281,2,'',''),(281,3,'',''),(282,1,'',''),(282,2,'',''),(282,3,'',''),(283,1,'',''),(283,2,'',''),(283,3,'',''),(284,1,'',''),(284,2,'',''),(284,3,'',''),(285,1,'',''),(285,2,'',''),(285,3,'',''),(286,1,'',''),(286,2,'',''),(286,3,'',''),(287,1,'',''),(287,2,'',''),(287,3,'',''),(288,1,'',''),(288,2,'',''),(288,3,'',''),(289,1,'',''),(289,2,'',''),(289,3,'',''),(290,1,'',''),(290,2,'',''),(290,3,'',''),(291,1,'',''),(291,2,'',''),(291,3,'',''),(292,1,'',''),(292,2,'',''),(292,3,'',''),(293,1,'',''),(293,2,'',''),(293,3,'',''),(294,1,'',''),(294,2,'',''),(294,3,'',''),(295,1,'',''),(295,2,'',''),(295,3,'',''),(296,1,'',''),(296,2,'',''),(296,3,'',''),(297,1,'',''),(297,2,'',''),(297,3,'',''),(298,1,'',''),(298,2,'',''),(298,3,'',''),(299,1,'',''),(299,2,'',''),(299,3,'',''),(300,1,'',''),(300,2,'',''),(300,3,'',''),(301,1,'',''),(301,2,'',''),(301,3,'',''),(302,1,'',''),(302,2,'',''),(302,3,'',''),(303,1,'',''),(303,2,'',''),(303,3,'',''),(304,1,'',''),(304,2,'',''),(304,3,'',''),(305,1,'',''),(305,2,'',''),(305,3,'',''),(306,1,'',''),(306,2,'',''),(306,3,'',''),(307,1,'',''),(307,2,'',''),(307,3,'',''),(308,1,'',''),(308,2,'',''),(308,3,'',''),(309,1,'',''),(309,2,'',''),(309,3,'',''),(310,1,'',''),(310,2,'',''),(310,3,'',''),(311,1,'',''),(311,2,'',''),(311,3,'',''),(312,1,'',''),(312,2,'',''),(312,3,'',''),(313,1,'',''),(313,2,'',''),(313,3,'',''),(314,1,'',''),(314,2,'',''),(314,3,'',''),(315,1,'',''),(315,2,'',''),(315,3,'',''),(316,1,'',''),(316,2,'',''),(316,3,'',''),(317,1,'',''),(317,2,'',''),(317,3,'',''),(318,1,'',''),(318,2,'',''),(318,3,'',''),(319,1,'',''),(319,2,'',''),(319,3,'',''),(320,1,'',''),(320,2,'',''),(320,3,'',''),(321,1,'',''),(321,2,'',''),(321,3,'',''),(322,1,'',''),(322,2,'',''),(322,3,'',''),(323,1,'',''),(323,2,'',''),(323,3,'',''),(324,1,'',''),(324,2,'',''),(324,3,'',''),(325,1,'',''),(325,2,'',''),(325,3,'',''),(326,1,'',''),(326,2,'',''),(326,3,'',''),(327,1,'',''),(327,2,'',''),(327,3,'',''),(328,1,'',''),(328,2,'',''),(328,3,'',''),(329,1,'',''),(329,2,'',''),(329,3,'',''),(330,1,'',''),(330,2,'',''),(330,3,'',''),(331,1,'',''),(331,2,'',''),(331,3,'',''),(332,1,'',''),(332,2,'',''),(332,3,'',''),(333,1,'',''),(333,2,'',''),(333,3,'',''),(334,1,'',''),(334,2,'',''),(334,3,'',''),(335,1,'',''),(335,2,'',''),(335,3,'',''),(336,1,'',''),(336,2,'',''),(336,3,'',''),(337,1,'',''),(337,2,'',''),(337,3,'',''),(338,1,'',''),(338,2,'',''),(338,3,'',''),(339,1,'',''),(339,2,'',''),(339,3,'',''),(340,1,'',''),(340,2,'',''),(340,3,'',''),(341,1,'',''),(341,2,'',''),(341,3,'',''),(342,1,'',''),(342,2,'',''),(342,3,'',''),(343,1,'',''),(343,2,'',''),(343,3,'',''),(344,1,'',''),(344,2,'',''),(344,3,'',''),(345,1,'',''),(345,2,'',''),(345,3,'',''),(346,1,'',''),(346,2,'',''),(346,3,'',''),(347,1,'',''),(347,2,'',''),(347,3,'',''),(348,1,'',''),(348,2,'',''),(348,3,'',''),(349,1,'',''),(349,2,'',''),(349,3,'',''),(350,1,'',''),(350,2,'',''),(350,3,'',''),(351,1,'',''),(351,2,'',''),(351,3,'',''),(352,1,'',''),(352,2,'',''),(352,3,'',''),(353,1,'',''),(353,2,'',''),(353,3,'',''),(354,1,'',''),(354,2,'',''),(354,3,'',''),(355,1,'',''),(355,2,'',''),(355,3,'',''),(356,1,'',''),(356,2,'',''),(356,3,'',''),(357,1,'',''),(357,2,'',''),(357,3,'',''),(358,1,'',''),(358,2,'',''),(358,3,'',''),(359,1,'',''),(359,2,'',''),(359,3,'',''),(360,1,'',''),(360,2,'',''),(360,3,'',''),(361,1,'',''),(361,2,'',''),(361,3,'',''),(362,1,'',''),(362,2,'',''),(362,3,'',''),(363,1,'',''),(363,2,'',''),(363,3,'',''),(364,1,'',''),(364,2,'',''),(364,3,'',''),(365,1,'',''),(365,2,'',''),(365,3,'',''),(366,1,'',''),(366,2,'',''),(366,3,'',''),(367,1,'',''),(367,2,'',''),(367,3,'',''),(368,1,'',''),(368,2,'',''),(368,3,'',''),(369,1,'',''),(369,2,'',''),(369,3,'',''),(370,1,'',''),(370,2,'8-x-11',''),(370,3,'',''),(371,1,'',''),(371,2,'11-x-14',''),(371,3,'',''),(372,1,'',''),(372,2,'11-x-7',''),(372,3,'',''),(373,1,'',''),(373,2,'13-x-9',''),(373,3,'',''),(374,1,'',''),(374,2,'18-x-12',''),(374,3,'',''),(375,1,'',''),(375,2,'55-x-7',''),(375,3,'',''),(376,1,'',''),(376,2,'9x11',''),(376,3,'',''),(377,1,'',''),(377,2,'12-x-14',''),(377,3,'',''),(378,1,'',''),(378,2,'12-x14',''),(378,3,'',''),(379,1,'',''),(379,2,'9-x-11',''),(379,3,'',''),(380,1,'',''),(380,2,'158-x-118',''),(380,3,'',''),(381,1,'',''),(381,2,'166-x-125-x-7',''),(381,3,'',''),(382,1,'',''),(382,2,'6-x-115-x-95',''),(382,3,'',''),(383,1,'',''),(383,2,'10-x-71',''),(383,3,'',''),(384,1,'',''),(384,2,'83-x-82',''),(384,3,'',''),(385,1,'',''),(385,2,'97-x-10',''),(385,3,'',''),(386,1,'',''),(386,2,'17-x-74',''),(386,3,'',''),(387,1,'',''),(387,2,'74-x-7',''),(387,3,'',''),(388,1,'',''),(388,2,'132-x-125',''),(388,3,'',''),(389,1,'',''),(389,2,'115-x-112',''),(389,3,'',''),(390,1,'',''),(390,2,'95-x-9',''),(390,3,'',''),(391,1,'',''),(391,2,'6-x-65',''),(391,3,'',''),(392,1,'',''),(392,2,'135-x-45',''),(392,3,'',''),(393,1,'',''),(393,2,'143-x-7',''),(393,3,'',''),(394,1,'',''),(394,2,'88-x-45',''),(394,3,'',''),(395,1,'',''),(395,2,'13-x-145',''),(395,3,'',''),(396,1,'',''),(396,2,'13-x-65',''),(396,3,'',''),(397,1,'',''),(397,2,'13-x-165',''),(397,3,'',''),(398,1,'',''),(398,2,'7-x-18',''),(398,3,'',''),(399,1,'',''),(399,2,'4-x-102',''),(399,3,'',''),(400,1,'',''),(400,2,'διάμετρος-17',''),(400,3,'',''),(401,1,'',''),(401,2,'105-x-165',''),(401,3,'',''),(402,1,'',''),(402,2,'176-x-215',''),(402,3,'',''),(403,1,'',''),(403,2,'55-x-115',''),(403,3,'',''),(404,1,'',''),(404,2,'75-x-162',''),(404,3,'',''),(405,1,'',''),(405,2,'11-x-23',''),(405,3,'',''),(406,1,'',''),(406,2,'243-x-177',''),(406,3,'',''),(407,1,'',''),(407,2,'108-x-114',''),(407,3,'',''),(408,1,'',''),(408,2,'65-x-8',''),(408,3,'',''),(409,1,'',''),(409,2,'47-x-65',''),(409,3,'',''),(410,1,'',''),(410,2,'289-213',''),(410,3,'',''),(411,1,'',''),(411,2,'289-x-213',''),(411,3,'',''),(412,1,'',''),(412,2,'20-x-123',''),(412,3,'',''),(413,1,'',''),(413,2,'26-x-157',''),(413,3,'',''),(414,1,'',''),(414,2,'62-x-82',''),(414,3,'',''),(415,1,'',''),(415,2,'10-x-139-x-56',''),(415,3,'',''),(416,1,'',''),(416,2,'131-x-13-x-53',''),(416,3,'',''),(417,1,'',''),(417,2,'105-x-101-x-67',''),(417,3,'',''),(418,1,'',''),(418,2,'75-x-73-x-43',''),(418,3,'',''),(419,1,'',''),(419,2,'243-x-505',''),(419,3,'',''),(420,1,'',''),(420,2,'12-x-153',''),(420,3,'',''),(421,1,'',''),(421,2,'72-x-103-x-78',''),(421,3,'',''),(422,1,'',''),(422,2,'89-x-127-x-87',''),(422,3,'',''),(423,1,'',''),(423,2,'162-x-186-x-145',''),(423,3,'',''),(424,1,'',''),(424,2,'95-x-127',''),(424,3,'',''),(425,1,'',''),(425,2,'155-x-85',''),(425,3,'',''),(426,1,'',''),(426,2,'75-x-23',''),(426,3,'',''),(427,1,'28-x-85',''),(427,2,'28-x-85',''),(427,3,'28-x-85',''),(428,1,'',''),(428,2,'35-x-25',''),(428,3,'',''),(429,1,'',''),(429,2,'κερι',''),(429,3,'',''),(430,1,'',''),(430,2,'33',''),(430,3,'',''),(431,1,'',''),(431,2,'32',''),(431,3,'',''),(432,1,'',''),(432,2,'8-x-885',''),(432,3,'',''),(433,1,'',''),(433,2,'9-x-11',''),(433,3,'',''),(434,1,'',''),(434,2,'115-x-145',''),(434,3,'',''),(435,1,'',''),(435,2,'12-x-155',''),(435,3,'',''),(436,1,'',''),(436,2,'11-x-14',''),(436,3,'',''),(437,1,'',''),(437,2,'8-x-92',''),(437,3,'',''),(438,1,'',''),(438,2,'6-x-72',''),(438,3,'',''),(439,1,'',''),(439,2,'34',''),(439,3,'',''),(440,1,'',''),(440,2,'34',''),(440,3,'',''),(441,1,'',''),(441,2,'395',''),(441,3,'',''),(442,1,'',''),(442,2,'28',''),(442,3,'',''),(443,1,'',''),(443,2,'22',''),(443,3,'',''),(444,1,'',''),(444,2,'36',''),(444,3,'',''),(445,1,'',''),(445,2,'295',''),(445,3,'',''),(446,1,'',''),(446,2,'20',''),(446,3,'',''),(447,1,'',''),(447,2,'195',''),(447,3,'',''),(448,1,'',''),(448,2,'53-x-298',''),(448,3,'',''),(449,1,'',''),(449,2,'335',''),(449,3,'',''),(450,1,'',''),(450,2,'198',''),(450,3,'',''),(451,1,'',''),(451,2,'238',''),(451,3,'',''),(452,1,'',''),(452,2,'24',''),(452,3,'',''),(453,1,'',''),(453,2,'βεραμάν',''),(453,3,'',''),(454,1,'',''),(454,2,'φλοράλ',''),(454,3,'',''),(455,1,'',''),(455,2,'ροζ-φλοράλ',''),(455,3,'',''),(456,1,'',''),(456,2,'ροζ-λευκό',''),(456,3,'',''),(457,1,'',''),(457,2,'πετρόλ',''),(457,3,'',''),(458,1,'',''),(458,2,'λευκό',''),(458,3,'',''),(459,1,'',''),(459,2,'37',''),(459,3,'',''),(460,1,'105-x-178',''),(460,2,'105-x-178',''),(460,3,'105-x-178',''),(461,1,'86-x-125',''),(461,2,'86-x-125',''),(461,3,'86-x-125',''),(462,1,'68-x-10',''),(462,2,'68-x-10',''),(462,3,'68-x-10',''),(463,1,'58-x-8',''),(463,2,'58-x-8',''),(463,3,'58-x-8',''),(464,1,'',''),(464,2,'18-x-12',''),(464,3,'',''),(465,1,'',''),(465,2,'145-x-11',''),(465,3,'',''),(466,1,'',''),(466,2,'8-x-95',''),(466,3,'',''),(467,1,'',''),(467,2,'5-x-65',''),(467,3,'',''),(468,1,'',''),(468,2,'55-x-7',''),(468,3,'',''),(469,1,'',''),(469,2,'9-x-115',''),(469,3,'',''),(470,1,'',''),(470,2,'105-x-14',''),(470,3,'',''),(471,1,'',''),(471,2,'6-x-72',''),(471,3,'',''),(472,1,'',''),(472,2,'8-x-92',''),(472,3,'',''),(473,1,'',''),(473,2,'115-x-145',''),(473,3,'',''),(474,1,'',''),(474,2,'115-x-145',''),(474,3,'',''),(475,1,'',''),(475,2,'6-x-7',''),(475,3,'',''),(476,1,'',''),(476,2,'8-x-10',''),(476,3,'',''),(477,1,'',''),(477,2,'12-x-15',''),(477,3,'',''),(478,1,'',''),(478,2,'115-x-205',''),(478,3,'',''),(479,1,'',''),(479,2,'105-x-19',''),(479,3,'',''),(480,1,'',''),(480,2,'9-x-10',''),(480,3,'',''),(481,1,'',''),(481,2,'7-x-9',''),(481,3,'',''),(482,1,'',''),(482,2,'μπλε-πετρόλ',''),(482,3,'',''),(483,1,'',''),(483,2,'30',''),(483,3,'',''),(484,1,'',''),(484,2,'37',''),(484,3,'',''),(485,1,'',''),(485,2,'ροζ-σχοινί',''),(485,3,'',''),(486,1,'',''),(486,2,'μπλε-σχοινί',''),(486,3,'',''),(487,1,'',''),(487,2,'τιρκουάζ-σχοινί',''),(487,3,'',''),(488,1,'',''),(488,2,'πράσινο-σχοινί',''),(488,3,'',''),(489,1,'',''),(489,2,'κόκκινο-σχοινί',''),(489,3,'',''),(490,1,'',''),(490,2,'λευκό-σχοινί',''),(490,3,'',''),(491,1,'',''),(491,2,'11-x-10',''),(491,3,'',''),(492,1,'',''),(492,2,'13-x-125',''),(492,3,'',''),(493,1,'',''),(493,2,'18-x-165',''),(493,3,'',''),(494,1,'',''),(494,2,'με-ξύλινο-μουστάκι',''),(494,3,'',''),(495,1,'',''),(495,2,'με-ξύλινο-καπέλο',''),(495,3,'',''),(496,1,'',''),(496,2,'με-ξύλινο-παπιγιόν',''),(496,3,'',''),(497,1,'',''),(497,2,'145-x-40',''),(497,3,'',''),(498,1,'',''),(498,2,'-',''),(498,3,'',''),(499,1,'',''),(499,2,'17-x-13',''),(499,3,'',''),(500,1,'small',''),(500,2,'small',''),(500,3,'small',''),(501,1,'large',''),(501,2,'large',''),(501,3,'large',''),(502,1,'',''),(502,2,'50-cm',''),(502,3,'',''),(503,1,'',''),(503,2,'50',''),(503,3,'',''),(504,1,'',''),(504,2,'11-x-15',''),(504,3,'',''),(505,1,'',''),(505,2,'ασημί-με-καφέ',''),(505,3,'',''),(506,1,'',''),(506,2,'ασημί-με-πράσινο',''),(506,3,'',''),(507,1,'',''),(507,2,'ασημί-με-πετρόλ',''),(507,3,'',''),(508,1,'',''),(508,2,'60',''),(508,3,'',''),(509,1,'',''),(509,2,'καράβι',''),(509,3,'',''),(510,1,'',''),(510,2,'δέντρο',''),(510,3,'',''),(511,1,'',''),(511,2,'πέταλο',''),(511,3,'',''),(512,1,'',''),(512,2,'χρυσό-πέταλο',''),(512,3,'',''),(513,1,'',''),(513,2,'ασημένιο-πέταλο',''),(513,3,'',''),(514,1,'',''),(514,2,'μπρονζέ-πέταλο',''),(514,3,'',''),(515,1,'',''),(515,2,'χρυσό-σπιτάκι',''),(515,3,'',''),(516,1,'',''),(516,2,'ασημένιο-σπιτάκι',''),(516,3,'',''),(517,1,'',''),(517,2,'καρδιά',''),(517,3,'',''),(518,1,'',''),(518,2,'αγγελάκι',''),(518,3,'',''),(519,1,'',''),(519,2,'καρδιά-και-αγγελάκι',''),(519,3,'',''),(520,1,'',''),(520,2,'άστρο',''),(520,3,'',''),(521,1,'',''),(521,2,'ροζ-φορεσιά',''),(521,3,'',''),(522,1,'',''),(522,2,'πράσινη-φορεσιά',''),(522,3,'',''),(523,1,'',''),(523,2,'κόκκινη-φούντα',''),(523,3,'',''),(524,1,'',''),(524,2,'μαύρη-φούντα',''),(524,3,'',''),(525,1,'',''),(525,2,'μπλε-φούντα',''),(525,3,'',''),(526,1,'',''),(526,2,'πολύχρωμη-φούντα',''),(526,3,'',''),(527,1,'',''),(527,2,'καρδιά-κόκκινη',''),(527,3,'',''),(528,1,'',''),(528,2,'καρδιά-εκρού',''),(528,3,'',''),(529,1,'',''),(529,2,'χρυσό-και-ασήμι',''),(529,3,'',''),(530,1,'',''),(530,2,'ροζ-με-κλειδί',''),(530,3,'',''),(531,1,'',''),(531,2,'κόκκινο-με-φύλλο',''),(531,3,'',''),(532,1,'',''),(532,2,'ασημί-με-μάτι',''),(532,3,'',''),(533,1,'',''),(533,2,'ασημί-με-τετράφυλο-τ',''),(533,3,'',''),(534,1,'',''),(534,2,'ασημί-με-τετράφυλλο-',''),(534,3,'',''),(535,1,'',''),(535,2,'μπλε-με-τετράφυλλο-τ',''),(535,3,'',''),(536,1,'',''),(536,2,'ασημί-με-κόκκινη-φού',''),(536,3,'',''),(537,1,'',''),(537,2,'ασημί-με-πράσινη-φού',''),(537,3,'',''),(538,1,'',''),(538,2,'χρυσό-με-κόκκινη-φού',''),(538,3,'',''),(539,1,'',''),(539,2,'μπρονζέ-με-πράσινη-φ',''),(539,3,'',''),(540,1,'',''),(540,2,'πολύχρωμο-με-κόκκινη',''),(540,3,'',''),(541,1,'',''),(541,2,'ασημί-με-πετρόλ-φούν',''),(541,3,'',''),(542,1,'',''),(542,2,'μπρονζέ-με-πετρόλ-φο',''),(542,3,'',''),(543,1,'',''),(543,2,'έλατο',''),(543,3,'',''),(544,1,'',''),(544,2,'43',''),(544,3,'',''),(545,1,'',''),(545,2,'ασημένια-καρδιά',''),(545,3,'',''),(546,1,'',''),(546,2,'χρυσή-καρδιά',''),(546,3,'',''),(547,1,'',''),(547,2,'ασημένιο-άστρο',''),(547,3,'',''),(548,1,'',''),(548,2,'χρυσό-άστρο',''),(548,3,'',''),(549,1,'',''),(549,2,'44',''),(549,3,'',''),(550,1,'',''),(550,2,'45',''),(550,3,'',''),(551,1,'',''),(551,2,'47',''),(551,3,'',''),(552,1,'',''),(552,2,'κόκκινο-με-μεταλλικό',''),(552,3,'',''),(553,1,'',''),(553,2,'χρυσό-με-χρυσό-πέταλ',''),(553,3,'',''),(554,1,'',''),(554,2,'ασημί-με-μπρονζέ-πέτ',''),(554,3,'',''),(555,1,'',''),(555,2,'ασημένιο-δέντρο',''),(555,3,'',''),(556,1,'',''),(556,2,'μπρονζέ-δέντρο',''),(556,3,'',''),(557,1,'',''),(557,2,'ασημί-και-χρυσό',''),(557,3,'',''),(558,1,'',''),(558,2,'κόκκινη-καρδιά',''),(558,3,'',''),(559,1,'',''),(559,2,'λευκή-καρδιά',''),(559,3,'',''),(560,1,'',''),(560,2,'μπρονζέ',''),(560,3,'',''),(561,1,'',''),(561,2,'πράσινη-κορδέλα',''),(561,3,'',''),(562,1,'',''),(562,2,'κόκκινη-κορδέλα',''),(562,3,'',''),(563,1,'',''),(563,2,'μωβ-κορδέλα',''),(563,3,'',''),(564,1,'',''),(564,2,'μικρό-ρόδι-20-x-9',''),(564,3,'',''),(565,1,'',''),(565,2,'μεγάλο-ρόδι-26-x-13',''),(565,3,'',''),(566,1,'',''),(566,2,'μικρό-και-μεγάλο-ρόδ',''),(566,3,'',''),(567,1,'',''),(567,2,'μικρό-20-χ-6',''),(567,3,'',''),(568,1,'',''),(568,2,'μεγάλο-24-x-7',''),(568,3,'',''),(569,1,'',''),(569,2,'μικρό-20-χ-6',''),(569,3,'',''),(570,1,'',''),(570,2,'μικρό-20-x-6',''),(570,3,'',''),(571,1,'',''),(571,2,'χρυσό-και-μπρονζέ',''),(571,3,'',''),(572,1,'',''),(572,2,'μικρή-καμπάνα-18-x-6',''),(572,3,'',''),(573,1,'',''),(573,2,'μεγάλη-καμπάνα-28-x-',''),(573,3,'',''),(574,1,'',''),(574,2,'ρόδι',''),(574,3,'',''),(575,1,'',''),(575,2,'σπίτι',''),(575,3,'',''),(576,1,'',''),(576,2,'χριστουγεννιάτικη-μπ',''),(576,3,'',''),(577,1,'',''),(577,2,'αστέρι-και-έλατο',''),(577,3,'',''),(578,1,'',''),(578,2,'αγγελάκι-και-καρδιά',''),(578,3,'',''),(579,1,'',''),(579,2,'μπότα-και-γλειφιτζού',''),(579,3,'',''),(580,1,'',''),(580,2,'άστρο-κσι-έλατο',''),(580,3,'',''),(581,1,'',''),(581,2,'χριστουγεννιάτικη-κά',''),(581,3,'',''),(582,1,'',''),(582,2,'80',''),(582,3,'',''),(583,1,'',''),(583,2,'λευκός-κρίκος',''),(583,3,'',''),(584,1,'',''),(584,2,'σιδερένιος-κρίκος',''),(584,3,'',''),(585,1,'',''),(585,2,'μεταλλικός-κρίκος',''),(585,3,'',''),(586,1,'',''),(586,2,'χρυσή-άγκυρα',''),(586,3,'',''),(587,1,'',''),(587,2,'ασημένια-άγκυρα',''),(587,3,'',''),(588,1,'',''),(588,2,'55',''),(588,3,'',''),(589,1,'',''),(589,2,'μπλε-και-πράσινο',''),(589,3,'',''),(590,1,'',''),(590,2,'μωβ-και-γαλάζιο',''),(590,3,'',''),(591,1,'',''),(591,2,'μπλε-πράσινο-γαλάζιο',''),(591,3,'',''),(592,1,'',''),(592,2,'μπλε-πράσινο-γαλάζιο',''),(592,3,'',''),(593,1,'',''),(593,2,'18-τα-μικρά-30-το-με',''),(593,3,'',''),(594,1,'',''),(594,2,'18-30',''),(594,3,'',''),(595,1,'',''),(595,2,'18-30',''),(595,3,'',''),(596,1,'',''),(596,2,'65',''),(596,3,'',''),(597,1,'',''),(597,2,'48',''),(597,3,'',''),(598,1,'',''),(598,2,'16-x-17',''),(598,3,'',''),(599,1,'',''),(599,2,'15-x-10',''),(599,3,'',''),(600,1,'',''),(600,2,'στεφάνι-με-φιόγκο',''),(600,3,'',''),(601,1,'',''),(601,2,'στεφάνι-χωρίς-φιόγκο',''),(601,3,'',''),(602,1,'',''),(602,2,'8',''),(602,3,'',''),(603,1,'',''),(603,2,'95',''),(603,3,'',''),(604,1,'',''),(604,2,'11',''),(604,3,'',''),(605,1,'',''),(605,2,'ροζ-φλαμίνγκο',''),(605,3,'',''),(606,1,'',''),(606,2,'χρυσό-φλαμίνγκο',''),(606,3,'',''),(607,1,'',''),(607,2,'ασημένιο-φλαμίνγκο',''),(607,3,'',''),(608,1,'',''),(608,2,'μεσαίο',''),(608,3,'',''),(609,1,'',''),(609,2,'μεγάλο',''),(609,3,'',''),(610,1,'',''),(610,2,'15-x-10-x-5',''),(610,3,'',''),(611,1,'',''),(611,2,'14-x-10-x-5',''),(611,3,'',''),(612,1,'',''),(612,2,'ιπποκράτης-μεσαίο-μέ',''),(612,3,'',''),(613,1,'',''),(613,2,'ιπποκράτης-μεγάλο-μέ',''),(613,3,'',''),(614,1,'',''),(614,2,'σωκράτης-μεσαίο-μέγε',''),(614,3,'',''),(615,1,'',''),(615,2,'σωκράτης-μεγάλο-μέγε',''),(615,3,'',''),(616,1,'',''),(616,2,'πυθαγόρας-μεσαίο-μέγ',''),(616,3,'',''),(617,1,'',''),(617,2,'πυθαγόρας-μεγάλο-μέγ',''),(617,3,'',''),(618,1,'',''),(618,2,'χρυσό-κλειδί',''),(618,3,'',''),(619,1,'',''),(619,2,'ασημένιο-κλειδί',''),(619,3,'',''),(620,1,'',''),(620,2,'μικρό',''),(620,3,'',''),(621,1,'',''),(621,2,'πολύ-μεγάλο',''),(621,3,'',''),(622,1,'',''),(622,2,'διάμετρος-6-cm',''),(622,3,'',''),(623,1,'',''),(623,2,'διάμετρος-7-cm',''),(623,3,'',''),(624,1,'',''),(624,2,'διάμετρος-9-cm',''),(624,3,'',''),(625,1,'',''),(625,2,'διάμετρος-11-cm',''),(625,3,'',''),(626,1,'',''),(626,2,'διάμετρος-13-cm',''),(626,3,'',''),(627,1,'',''),(627,2,'διάμετρος-8-cm',''),(627,3,'',''),(628,1,'',''),(628,2,'μεγάλο-κουμπαράς',''),(628,3,'',''),(629,1,'',''),(629,2,'διάμετρος-12-cm',''),(629,3,'',''),(630,1,'',''),(630,2,'διάμετρος-14-cm',''),(630,3,'',''),(631,1,'',''),(631,2,'διάμετρος-115-cm-κλε',''),(631,3,'',''),(632,1,'',''),(632,2,'διάμετρος-13-cm-ανοι',''),(632,3,'',''),(633,1,'',''),(633,2,'διάμετρος-115-cm-κλε',''),(633,3,'',''),(634,1,'',''),(634,2,'διάμετρος-13-cm-ανοι',''),(634,3,'',''),(635,1,'',''),(635,2,'κόκκινο-με-χρυσό-ρόδ',''),(635,3,'',''),(636,1,'',''),(636,2,'κόκκινο-με-ασημί-ρόδ',''),(636,3,'',''),(637,1,'',''),(637,2,'πορτοκαλί-με-ασημί-ρ',''),(637,3,'',''),(638,1,'',''),(638,2,'διάμετρος-11-cm-κλει',''),(638,3,'',''),(639,1,'',''),(639,2,'διάμετρος-13-cm-κλει',''),(639,3,'',''),(640,1,'',''),(640,2,'διάμετρος-11-cm-ανοι',''),(640,3,'',''),(641,1,'',''),(641,2,'πέρλα',''),(641,3,'',''),(642,1,'',''),(642,2,'κουκουβάγια',''),(642,3,'',''),(643,1,'',''),(643,2,'κλειδί',''),(643,3,'',''),(644,1,'',''),(644,2,'κλειδί',''),(644,3,'',''),(645,1,'',''),(645,2,'πύργος-του-άιφελ',''),(645,3,'',''),(646,1,'',''),(646,2,'αστεράκια',''),(646,3,'',''),(647,1,'',''),(647,2,'λουδούδι-με-στρας',''),(647,3,'',''),(648,1,'',''),(648,2,'κηροπήγιο',''),(648,3,'',''),(649,1,'',''),(649,2,'δοχείο',''),(649,3,'',''),(650,1,'',''),(650,2,'χρυσός-άγγελος',''),(650,3,'',''),(651,1,'',''),(651,2,'ασημένιος-άγγελος',''),(651,3,'',''),(652,1,'',''),(652,2,'κορώνα',''),(652,3,'',''),(653,1,'',''),(653,2,'δύο-αστέρια',''),(653,3,'',''),(654,1,'',''),(654,2,'κορώνα-και-καρδιά',''),(654,3,'',''),(655,1,'',''),(655,2,'έλατο-και-άγγελος',''),(655,3,'',''),(656,1,'',''),(656,2,'διάμετρος-115-cm-ανο',''),(656,3,'',''),(657,1,'',''),(657,2,'φόρεμα-με-γαλάζιο-το',''),(657,3,'',''),(658,1,'',''),(658,2,'φόρεμα-με-ροζ-τούλι',''),(658,3,'',''),(659,1,'',''),(659,2,'λευκό-αγόρι',''),(659,3,'',''),(660,1,'',''),(660,2,'γαλάζιο-αγόρι',''),(660,3,'',''),(661,1,'',''),(661,2,'λευκό-κορίτσι',''),(661,3,'',''),(662,1,'',''),(662,2,'ροζ-κορίτσι',''),(662,3,'',''),(663,1,'',''),(663,2,'μαύρη-κορδέλα',''),(663,3,'',''),(664,1,'',''),(664,2,'ροζ-κορδέλα',''),(664,3,'',''),(665,1,'',''),(665,2,'λευκή-κορδέλα',''),(665,3,'',''),(666,1,'',''),(666,2,'καμέο-με-άντρα',''),(666,3,'',''),(667,1,'',''),(667,2,'καμέο-με-γυναίκα',''),(667,3,'',''),(668,1,'',''),(668,2,'καμέο-με-πατουσάκια-',''),(668,3,'',''),(669,1,'',''),(669,2,'τετράφυλλο-τριφύλλι',''),(669,3,'',''),(670,1,'',''),(670,2,'δέντρο-ζωής',''),(670,3,'',''),(671,1,'',''),(671,2,'διάμετρος-5-εκ',''),(671,3,'',''),(672,1,'',''),(672,2,'διάμετρος-6-εκ',''),(672,3,'',''),(673,1,'',''),(673,2,'διάμετρος-8-εκ',''),(673,3,'',''),(674,1,'',''),(674,2,'διάμετρος-8-εκ-με-σπ',''),(674,3,'',''),(675,1,'',''),(675,2,'διάμετρος-10-εκ',''),(675,3,'',''),(676,1,'',''),(676,2,'διάμετρος-11-εκ-με-σ',''),(676,3,'',''),(677,1,'',''),(677,2,'κλαδί-ελιάς',''),(677,3,'',''),(678,1,'',''),(678,2,'λευκά-φτερά',''),(678,3,'',''),(679,1,'',''),(679,2,'γαλάζια-φτερά',''),(679,3,'',''),(680,1,'',''),(680,2,'κόκκινα-φτερά',''),(680,3,'',''),(681,1,'',''),(681,2,'στεφάνι-με-ψάθινο-φι',''),(681,3,'',''),(682,1,'',''),(682,2,'στεφάνι-με-φιόγκο-απ',''),(682,3,'',''),(683,1,'',''),(683,2,'μπρονζέ-κλειδί',''),(683,3,'',''),(684,1,'',''),(684,2,'μαύρο-με-χρυσό',''),(684,3,'',''),(685,1,'',''),(685,2,'κόκκινο-με-χρυσό',''),(685,3,'',''),(686,1,'',''),(686,2,'χρυσό-με-χρυσό',''),(686,3,'',''),(687,1,'',''),(687,2,'χρυσό-με-ασημί',''),(687,3,'',''),(688,1,'',''),(688,2,'μπλε-με-χρυσό',''),(688,3,'',''),(689,1,'',''),(689,2,'8-x-275',''),(689,3,'',''),(690,1,'',''),(690,2,'75-x-19',''),(690,3,'',''),(691,1,'',''),(691,2,'8-x-19',''),(691,3,'',''),(692,1,'',''),(692,2,'9-x-27',''),(692,3,'',''),(693,1,'',''),(693,2,'35-x-27',''),(693,3,'',''),(694,1,'',''),(694,2,'30-x-205',''),(694,3,'',''),(695,1,'',''),(695,2,'8-x-135',''),(695,3,'',''),(696,1,'',''),(696,2,'105-x-265',''),(696,3,'',''),(697,1,'',''),(697,2,'7-x-27',''),(697,3,'',''),(698,1,'',''),(698,2,'8-x-315',''),(698,3,'',''),(699,1,'',''),(699,2,'8-x-245',''),(699,3,'',''),(700,1,'',''),(700,2,'7-x-15',''),(700,3,'',''),(701,1,'',''),(701,2,'7-x-20',''),(701,3,'',''),(702,1,'',''),(702,2,'σάπιο-μήλο',''),(702,3,'',''),(703,1,'',''),(703,2,'μέντα',''),(703,3,'',''),(704,1,'',''),(704,2,'4-x-7',''),(704,3,'',''),(705,1,'',''),(705,2,'10-x-14',''),(705,3,'',''),(706,1,'',''),(706,2,'105-x-14',''),(706,3,'',''),(707,1,'',''),(707,2,'12-x-8',''),(707,3,'',''),(708,1,'',''),(708,2,'16-x-105',''),(708,3,'',''),(709,1,'',''),(709,2,'4-x-135',''),(709,3,'',''),(710,1,'',''),(710,2,'175-x-115',''),(710,3,'',''),(711,1,'',''),(711,2,'6-x-65',''),(711,3,'',''),(712,1,'',''),(712,2,'7-x-85',''),(712,3,'',''),(713,1,'',''),(713,2,'85-x-105',''),(713,3,'',''),(714,1,'',''),(714,2,'19-x-18',''),(714,3,'',''),(715,1,'',''),(715,2,'5-x-12',''),(715,3,'',''),(716,1,'',''),(716,2,'10-x-145',''),(716,3,'',''),(717,1,'',''),(717,2,'165-x-18',''),(717,3,'',''),(718,1,'',''),(718,2,'165-x-16',''),(718,3,'',''),(719,1,'',''),(719,2,'165-x-17',''),(719,3,'',''),(720,1,'',''),(720,2,'105-x-16',''),(720,3,'',''),(721,1,'',''),(721,2,'18-x-11',''),(721,3,'',''),(722,1,'',''),(722,2,'125-x-185',''),(722,3,'',''),(723,1,'',''),(723,2,'9-x-145',''),(723,3,'',''),(724,1,'',''),(724,2,'85-x-95',''),(724,3,'',''),(725,1,'',''),(725,2,'9-x-135',''),(725,3,'',''),(726,1,'',''),(726,2,'7-x-95',''),(726,3,'',''),(727,1,'',''),(727,2,'75-x-43',''),(727,3,'',''),(728,1,'',''),(728,2,'10-x-50',''),(728,3,'',''),(729,1,'',''),(729,2,'75-x-95',''),(729,3,'',''),(730,1,'',''),(730,2,'95-x-125',''),(730,3,'',''),(731,1,'',''),(731,2,'105-x-15',''),(731,3,'',''),(732,1,'',''),(732,2,'11-x-135',''),(732,3,'',''),(733,1,'',''),(733,2,'55-x-8',''),(733,3,'',''),(734,1,'',''),(734,2,'13-x-10',''),(734,3,'',''),(735,1,'',''),(735,2,'165-x-12',''),(735,3,'',''),(736,1,'',''),(736,2,'11-x-145',''),(736,3,'',''),(737,1,'',''),(737,2,'10-x-215',''),(737,3,'',''),(738,1,'',''),(738,2,'10-x-20',''),(738,3,'',''),(739,1,'',''),(739,2,'155-x-10',''),(739,3,'',''),(740,1,'',''),(740,2,'10-x-155',''),(740,3,'',''),(741,1,'',''),(741,2,'10-x-75',''),(741,3,'',''),(742,1,'',''),(742,2,'12-x-9',''),(742,3,'',''),(743,1,'',''),(743,2,'165-x-135',''),(743,3,'',''),(744,1,'',''),(744,2,'85-x-11',''),(744,3,'',''),(745,1,'',''),(745,2,'65-x-85',''),(745,3,'',''),(746,1,'',''),(746,2,'85-x-10',''),(746,3,'',''),(747,1,'',''),(747,2,'95-x-12',''),(747,3,'',''),(748,1,'',''),(748,2,'16-x-115',''),(748,3,'',''),(749,1,'',''),(749,2,'75-x-85',''),(749,3,'',''),(750,1,'',''),(750,2,'9-x-105',''),(750,3,'',''),(751,1,'',''),(751,2,'πλάγιο',''),(751,3,'',''),(752,1,'',''),(752,2,'όρθιο',''),(752,3,'',''),(753,1,'',''),(753,2,'αγόρι-κλειστό',''),(753,3,'',''),(754,1,'',''),(754,2,'κορίτσι-με-λαγουδάκι',''),(754,3,'',''),(755,1,'',''),(755,2,'κορίτσι-με-λουλούδια',''),(755,3,'',''),(756,1,'',''),(756,2,'μεσαίο-κλειστό',''),(756,3,'',''),(757,1,'',''),(757,2,'μεσαίο-ανοιγόμενο',''),(757,3,'',''),(758,1,'',''),(758,2,'μεγάλο-κλειστό',''),(758,3,'',''),(759,1,'',''),(759,2,'μικρό-ανοιγόμενο',''),(759,3,'',''),(760,1,'',''),(760,2,'μεγάλο-ανοιγόμενο',''),(760,3,'',''),(761,1,'πολύ-μεγάλο-ανοιγόμε',''),(761,2,'πολύ-μεγάλο-κλειστό',''),(761,3,'πολύ-μεγάλο-ανοιγόμε',''),(762,1,'',''),(762,2,'κοτοπουλάκια',''),(762,3,'',''),(763,1,'',''),(763,2,'κοτοπουλάκια-με-σκυλ',''),(763,3,'',''),(764,1,'',''),(764,2,'κοτοπουλάκι-με-σκυλά',''),(764,3,'',''),(765,1,'',''),(765,2,'γυνάικα',''),(765,3,'',''),(766,1,'',''),(766,2,'κορσές',''),(766,3,'',''),(767,1,'',''),(767,2,'κούκλα',''),(767,3,'',''),(768,1,'',''),(768,2,'μικρό-κλειστό',''),(768,3,'',''),(769,1,'',''),(769,2,'κότα-με-κοτοπουλάκια',''),(769,3,'',''),(770,1,'',''),(770,2,'κότες-με-αυγά',''),(770,3,'',''),(771,1,'',''),(771,2,'85-x-12',''),(771,3,'',''),(772,1,'',''),(772,2,'45-x-7',''),(772,3,'',''),(773,1,'',''),(773,2,'75-x-105',''),(773,3,'',''),(774,1,'',''),(774,2,'45-x-6',''),(774,3,'',''),(775,1,'',''),(775,2,'6-x-10',''),(775,3,'',''),(776,1,'',''),(776,2,'8-x-14',''),(776,3,'',''),(777,1,'',''),(777,2,'9-x-16',''),(777,3,'',''),(778,1,'',''),(778,2,'7-x-105',''),(778,3,'',''),(779,1,'',''),(779,2,'8-x-125',''),(779,3,'',''),(780,1,'',''),(780,2,'85-x-135',''),(780,3,'',''),(781,1,'',''),(781,2,'105-x-195',''),(781,3,'',''),(782,1,'',''),(782,2,'55-x-155',''),(782,3,'',''),(783,1,'',''),(783,2,'10-x-11',''),(783,3,'',''),(784,1,'',''),(784,2,'9-x-18',''),(784,3,'',''),(785,1,'',''),(785,2,'15-x-11',''),(785,3,'',''),(786,1,'',''),(786,2,'135-x-115',''),(786,3,'',''),(787,1,'',''),(787,2,'85-x-125',''),(787,3,'',''),(788,1,'',''),(788,2,'85-x-9',''),(788,3,'',''),(789,1,'',''),(789,2,'85-x-145',''),(789,3,'',''),(790,1,'',''),(790,2,'12-x-135',''),(790,3,'',''),(791,1,'',''),(791,2,'21-x-18',''),(791,3,'',''),(792,1,'',''),(792,2,'22-x-235',''),(792,3,'',''),(793,1,'',''),(793,2,'όρθια',''),(793,3,'',''),(794,1,'',''),(794,2,'καθιστή',''),(794,3,'',''),(795,1,'',''),(795,2,'17-x-31',''),(795,3,'',''),(796,1,'',''),(796,2,'155-x-36',''),(796,3,'',''),(797,1,'',''),(797,2,'145-x-23',''),(797,3,'',''),(798,1,'',''),(798,2,'115-x-27',''),(798,3,'',''),(799,1,'',''),(799,2,'22-x-13',''),(799,3,'',''),(800,1,'',''),(800,2,'34-x-185',''),(800,3,'',''),(801,1,'',''),(801,2,'6-x-125',''),(801,3,'',''),(802,1,'',''),(802,2,'205-x-32',''),(802,3,'',''),(803,1,'',''),(803,2,'175-x-36',''),(803,3,'',''),(804,1,'',''),(804,2,'6-x-22',''),(804,3,'',''),(805,1,'',''),(805,2,'12-x-13',''),(805,3,'',''),(806,1,'',''),(806,2,'5-x-215',''),(806,3,'',''),(807,1,'',''),(807,2,'20-x-21',''),(807,3,'',''),(808,1,'',''),(808,2,'20-x-165',''),(808,3,'',''),(809,1,'',''),(809,2,'205-x-31',''),(809,3,'',''),(810,1,'',''),(810,2,'20-x-28',''),(810,3,'',''),(811,1,'',''),(811,2,'165-x-22',''),(811,3,'',''),(812,1,'',''),(812,2,'23-x-25',''),(812,3,'',''),(813,1,'',''),(813,2,'12-x-165',''),(813,3,'',''),(814,1,'',''),(814,2,'65-x-175',''),(814,3,'',''),(815,1,'',''),(815,2,'6-x-175',''),(815,3,'',''),(816,1,'',''),(816,2,'85-x-225',''),(816,3,'',''),(817,1,'',''),(817,2,'85-x-215',''),(817,3,'',''),(818,1,'',''),(818,2,'55-x-65',''),(818,3,'',''),(819,1,'',''),(819,2,'7-x-8',''),(819,3,'',''),(820,1,'',''),(820,2,'95-x-105',''),(820,3,'',''),(821,1,'',''),(821,2,'125-x-125',''),(821,3,'',''),(822,1,'',''),(822,2,'κότα',''),(822,3,'',''),(823,1,'',''),(823,2,'κόκκορας',''),(823,3,'',''),(824,1,'',''),(824,2,'αγόρι',''),(824,3,'',''),(825,1,'',''),(825,2,'κορίτσι',''),(825,3,'',''),(826,1,'',''),(826,2,'30-εκ',''),(826,3,'',''),(827,1,'',''),(827,2,'29-εκ',''),(827,3,'',''),(828,1,'',''),(828,2,'33-εκ',''),(828,3,'',''),(829,1,'',''),(829,2,'295-εκ',''),(829,3,'',''),(830,1,'',''),(830,2,'37-εκ',''),(830,3,'',''),(831,1,'',''),(831,2,'32-εκ',''),(831,3,'',''),(832,1,'',''),(832,2,'34-εκ',''),(832,3,'',''),(833,1,'',''),(833,2,'35-εκ',''),(833,3,'',''),(834,1,'',''),(834,2,'12-x-36',''),(834,3,'',''),(835,1,'',''),(835,2,'20-x-285',''),(835,3,'',''),(836,1,'',''),(836,2,'10-x-125',''),(836,3,'',''),(837,1,'',''),(837,2,'125-x-19',''),(837,3,'',''),(838,1,'',''),(838,2,'135-x-185',''),(838,3,'',''),(839,1,'',''),(839,2,'65-x-95',''),(839,3,'',''),(840,1,'',''),(840,2,'95-x-145',''),(840,3,'',''),(841,1,'',''),(841,2,'95-x-145',''),(841,3,'',''),(842,1,'',''),(842,2,'13-x-185',''),(842,3,'',''),(843,1,'',''),(843,2,'11-x-12',''),(843,3,'',''),(844,1,'',''),(844,2,'13-x-195',''),(844,3,'',''),(845,1,'',''),(845,2,'14-x-145',''),(845,3,'',''),(846,1,'',''),(846,2,'15-x-18',''),(846,3,'',''),(847,1,'',''),(847,2,'8-x-105',''),(847,3,'',''),(848,1,'',''),(848,2,'8-x-13',''),(848,3,'',''),(849,1,'',''),(849,2,'8-x-30',''),(849,3,'',''),(850,1,'',''),(850,2,'9-x-44',''),(850,3,'',''),(851,1,'',''),(851,2,'95-x-45',''),(851,3,'',''),(852,1,'',''),(852,2,'125-x-18',''),(852,3,'',''),(853,1,'',''),(853,2,'85-x-14',''),(853,3,'',''),(854,1,'',''),(854,2,'75-x-13',''),(854,3,'',''),(855,1,'',''),(855,2,'μπαλαρίνα',''),(855,3,'',''),(856,1,'',''),(856,2,'τσαρούχι',''),(856,3,'',''),(857,1,'',''),(857,2,'15-x-48',''),(857,3,'',''),(858,1,'',''),(858,2,'12-x-45',''),(858,3,'',''),(859,1,'',''),(859,2,'10-x-45',''),(859,3,'',''),(860,1,'',''),(860,2,'13-x-45',''),(860,3,'',''),(861,1,'',''),(861,2,'3-x-40',''),(861,3,'',''),(862,1,'',''),(862,2,'7-x-50',''),(862,3,'',''),(863,1,'',''),(863,2,'10-x-55',''),(863,3,'',''),(864,1,'',''),(864,2,'5-x-40',''),(864,3,'',''),(865,1,'',''),(865,2,'κύκλος',''),(865,3,'',''),(866,1,'',''),(866,2,'τετράγωνο',''),(866,3,'',''),(867,1,'',''),(867,2,'γκρι-ανοιχτό',''),(867,3,'',''),(868,1,'',''),(868,2,'14-x-14-x-26',''),(868,3,'',''),(869,1,'',''),(869,2,'19-x-19-x-36',''),(869,3,'',''),(870,1,'',''),(870,2,'25-x-25-x-475',''),(870,3,'',''),(871,1,'',''),(871,2,'25-x-25-x-415',''),(871,3,'',''),(872,1,'',''),(872,2,'30-x-30-x-57',''),(872,3,'',''),(873,1,'',''),(873,2,'40-x-40-x-753',''),(873,3,'',''),(874,1,'140-x-261-x-5',''),(874,2,'140-x-261-x-5',''),(874,3,'140-x-261-x-5',''),(875,1,'',''),(875,2,'19-x-364-x-5',''),(875,3,'',''),(876,1,'',''),(876,2,'25-x-465-x-5',''),(876,3,'',''),(877,1,'',''),(877,2,'30-x-57-x-5',''),(877,3,'',''),(878,1,'',''),(878,2,'7-x-8-x-55',''),(878,3,'',''),(879,1,'',''),(879,2,'25-x-25-x-465',''),(879,3,'',''),(880,1,'',''),(880,2,'30-x-30-x57',''),(880,3,'',''),(881,1,'',''),(881,2,'λευκό-ιριδίζον',''),(881,3,'',''),(882,1,'',''),(882,2,'35-x-15-x15',''),(882,3,'',''),(883,1,'',''),(883,2,'125-x-125-x-20',''),(883,3,'',''),(884,1,'',''),(884,2,'18-x-14',''),(884,3,'',''),(885,1,'',''),(885,2,'11-x-95',''),(885,3,'',''),(886,1,'',''),(886,2,'35-x-45',''),(886,3,'',''),(887,1,'',''),(887,2,'65-x-9',''),(887,3,'',''),(888,1,'',''),(888,2,'45-x-45',''),(888,3,'',''),(889,1,'',''),(889,2,'3-x-3',''),(889,3,'',''),(890,1,'',''),(890,2,'6-x-75',''),(890,3,'',''),(891,1,'',''),(891,2,'35-x-55',''),(891,3,'',''),(892,1,'',''),(892,2,'65-x-7',''),(892,3,'',''),(893,1,'',''),(893,2,'45-x-5',''),(893,3,'',''),(894,1,'',''),(894,2,'35-x-4',''),(894,3,'',''),(895,1,'',''),(895,2,'35-x-5',''),(895,3,'',''),(896,1,'',''),(896,2,'25-x-3',''),(896,3,'',''),(897,1,'',''),(897,2,'45-x-05',''),(897,3,'',''),(898,1,'',''),(898,2,'4-x-45',''),(898,3,'',''),(899,1,'',''),(899,2,'45-x-55',''),(899,3,'',''),(900,1,'',''),(900,2,'65-x-75',''),(900,3,'',''),(901,1,'',''),(901,2,'5-x-65',''),(901,3,'',''),(902,1,'',''),(902,2,'χρυσό-αντίκ',''),(902,3,'',''),(903,1,'',''),(903,2,'07-x-4',''),(903,3,'',''),(904,1,'',''),(904,2,'15-x-8',''),(904,3,'',''),(905,1,'',''),(905,2,'22-x-6',''),(905,3,'',''),(906,1,'4-x-55',''),(906,2,'4-x-55',''),(906,3,'4-x-55',''),(907,1,'5-x-6',''),(907,2,'5-x-6',''),(907,3,'5-x-6',''),(908,1,'94-x-9',''),(908,2,'94-x-9',''),(908,3,'94-x-9',''),(909,1,'9-x-95',''),(909,2,'9-x-95',''),(909,3,'9-x-95',''),(910,1,'7-x-65',''),(910,2,'7-x-65',''),(910,3,'7-x-65',''),(911,1,'',''),(911,2,'105-x-95',''),(911,3,'',''),(912,1,'9-x-5',''),(912,2,'9-x-5',''),(912,3,'9-x-5',''),(913,1,'55-x-75',''),(913,2,'55-x-75',''),(913,3,'55-x-75',''),(914,1,'κρεμαστό',''),(914,2,'κρεμαστό',''),(914,3,'κρεμαστό',''),(915,1,'απλό',''),(915,2,'απλό',''),(915,3,'απλό',''),(916,1,'125-x-92',''),(916,2,'125-x-92',''),(916,3,'125-x-92',''),(917,1,'155-x-112',''),(917,2,'155-x-112',''),(917,3,'155-x-112',''),(918,1,'19-x-135',''),(918,2,'19-x-135',''),(918,3,'19-x-135',''),(919,1,'19x135',''),(919,2,'19x135',''),(919,3,'19x135',''),(920,1,'53-x-45',''),(920,2,'53-x-45',''),(920,3,'53-x-45',''),(921,1,'104-x-15',''),(921,2,'104-x-15',''),(921,3,'104-x-15',''),(922,1,'48-x-54',''),(922,2,'48-x-54',''),(922,3,'48-x-54',''),(923,1,'9-x-102',''),(923,2,'9-x-102',''),(923,3,'9-x-102',''),(924,1,'105-x-135',''),(924,2,'105-x-135',''),(924,3,'105-x-135',''),(925,1,'8-x-115',''),(925,2,'8-x-115',''),(925,3,'8-x-115',''),(926,1,'155-x-21',''),(926,2,'155-x-21',''),(926,3,'155-x-21',''),(927,1,'21-x-305',''),(927,2,'21-x-305',''),(927,3,'21-x-305',''),(928,1,'10x145',''),(928,2,'10x145',''),(928,3,'10x145',''),(929,1,'υαλωμένο',''),(929,2,'υαλωμένο',''),(929,3,'υαλωμένο',''),(930,1,'14-x-11',''),(930,2,'14-x-11',''),(930,3,'14-x-11',''),(931,1,'19-x-14',''),(931,2,'19-x-14',''),(931,3,'19-x-14',''),(932,1,'medium',''),(932,2,'medium',''),(932,3,'medium',''),(933,1,'xl',''),(933,2,'xl',''),(933,3,'xl',''),(934,1,'κίτρινο-γαλάζιο-χρυσ',''),(934,2,'κίτρινο-γαλάζιο-χρυσ',''),(934,3,'κίτρινο-γαλάζιο-χρυσ',''),(935,1,'κόκκινο-μπλε-χρυσό',''),(935,2,'κόκκινο-μπλε-χρυσό',''),(935,3,'κόκκινο-μπλε-χρυσό',''),(936,1,'μπλε-καφέ-χρυσό',''),(936,2,'μπλε-καφέ-χρυσό',''),(936,3,'μπλε-καφέ-χρυσό',''),(937,1,'μωβ-χρυσό',''),(937,2,'μωβ-χρυσό',''),(937,3,'μωβ-χρυσό',''),(938,1,'πορτοκαλί-μωβ-χρυσό',''),(938,2,'πορτοκαλί-μωβ-χρυσό',''),(938,3,'πορτοκαλί-μωβ-χρυσό',''),(939,1,'πράσινο-γαλάζιο-χρυσ',''),(939,2,'πράσινο-γαλάζιο-χρυσ',''),(939,3,'πράσινο-γαλάζιο-χρυσ',''),(940,1,'ροζ-χρυσό',''),(940,2,'ροζ-χρυσό',''),(940,3,'ροζ-χρυσό',''),(941,1,'λευκό-γαλάζιο-λευκό',''),(941,2,'λευκό-γαλάζιο-λευκό',''),(941,3,'λευκό-γαλάζιο-λευκό',''),(942,1,'μαύρο-καφέ',''),(942,2,'μαύρο-καφέ',''),(942,3,'μαύρο-καφέ',''),(943,1,'κίτρινο-καφέ',''),(943,2,'κίτρινο-καφέ',''),(943,3,'κίτρινο-καφέ',''),(944,1,'κόκκινο-πορτοκαλί',''),(944,2,'κόκκινο-πορτοκαλί',''),(944,3,'κόκκινο-πορτοκαλί',''),(945,1,'πράσινο-μπλε',''),(945,2,'πράσινο-μπλε',''),(945,3,'πράσινο-μπλε',''),(946,1,'ροζ-φούξια',''),(946,2,'ροζ-φούξια',''),(946,3,'ροζ-φούξια',''),(947,1,'πράσινο-κίτρινο-κόκκ',''),(947,2,'πράσινο-κίτρινο-κόκκ',''),(947,3,'πράσινο-κίτρινο-κόκκ',''),(948,1,'',''),(948,2,'65x98',''),(948,3,'',''),(949,1,'',''),(949,2,'χρώμα-ξύλου',''),(949,3,'',''),(950,1,'',''),(950,2,'165x18',''),(950,3,'',''),(951,1,'',''),(951,2,'75x33',''),(951,3,'',''),(952,1,'',''),(952,2,'χρυσό-ροζ-γκρι',''),(952,3,'',''),(953,1,'',''),(953,2,'8x85',''),(953,3,'',''),(954,1,'',''),(954,2,'125x40',''),(954,3,'',''),(955,1,'',''),(955,2,'8-x-23',''),(955,3,'',''),(956,1,'',''),(956,2,'λευκό-μπλέ',''),(956,3,'',''),(957,1,'',''),(957,2,'λευκό-χρυσό',''),(957,3,'',''),(958,1,'',''),(958,2,'σιέλ',''),(958,3,'',''),(959,1,'',''),(959,2,'λευκό-ροζ',''),(959,3,'',''),(960,1,'',''),(960,2,'95x83',''),(960,3,'',''),(961,1,'',''),(961,2,'105x108',''),(961,3,'',''),(962,1,'',''),(962,2,'115x135',''),(962,3,'',''),(963,1,'',''),(963,2,'67x64',''),(963,3,'',''),(964,1,'',''),(964,2,'85x78',''),(964,3,'',''),(965,1,'',''),(965,2,'115x105',''),(965,3,'',''),(966,1,'',''),(966,2,'7x725',''),(966,3,'',''),(967,1,'',''),(967,2,'9x85',''),(967,3,'',''),(968,1,'',''),(968,2,'105x95',''),(968,3,'',''),(969,1,'',''),(969,2,'73x7',''),(969,3,'',''),(970,1,'',''),(970,2,'8x83',''),(970,3,'',''),(971,1,'',''),(971,2,'10x95',''),(971,3,'',''),(972,1,'',''),(972,2,'155x125',''),(972,3,'',''),(973,1,'',''),(973,2,'12x145',''),(973,3,'',''),(974,1,'',''),(974,2,'155x175',''),(974,3,'',''),(975,1,'',''),(975,2,'14x195',''),(975,3,'',''),(976,1,'',''),(976,2,'55x53',''),(976,3,'',''),(977,1,'',''),(977,2,'7x63',''),(977,3,'',''),(978,1,'',''),(978,2,'8x75',''),(978,3,'',''),(979,1,'',''),(979,2,'78-x-205',''),(979,3,'',''),(980,1,'',''),(980,2,'91-x-225',''),(980,3,'',''),(981,1,'',''),(981,2,'75-x-225',''),(981,3,'',''),(982,1,'',''),(982,2,'9-x-245',''),(982,3,'',''),(983,1,'',''),(983,2,'σομόν',''),(983,3,'',''),(984,1,'',''),(984,2,'μπλέ-σκούρο',''),(984,3,'',''),(985,1,'',''),(985,2,'μπλέ-ανοιχτό',''),(985,3,'',''),(986,1,'',''),(986,2,'115x12',''),(986,3,'',''),(987,1,'',''),(987,2,'1',''),(987,3,'',''),(988,1,'',''),(988,2,'2',''),(988,3,'',''),(989,1,'',''),(989,2,'3',''),(989,3,'',''),(990,1,'',''),(990,2,'4',''),(990,3,'',''),(991,1,'',''),(991,2,'5',''),(991,3,'',''),(992,1,'',''),(992,2,'6',''),(992,3,'',''),(993,1,'',''),(993,2,'7',''),(993,3,'',''),(994,1,'',''),(994,2,'8',''),(994,3,'',''),(995,1,'',''),(995,2,'9',''),(995,3,'',''),(996,1,'',''),(996,2,'10',''),(996,3,'',''),(997,1,'',''),(997,2,'11x21',''),(997,3,'',''),(998,1,'',''),(998,2,'9x87',''),(998,3,'',''),(999,1,'',''),(999,2,'105x103',''),(999,3,'',''),(1000,1,'',''),(1000,2,'95x93',''),(1000,3,'',''),(1001,1,'',''),(1001,2,'18-x-27',''),(1001,3,'',''),(1002,1,'',''),(1002,2,'11-x-115',''),(1002,3,'',''),(1003,1,'',''),(1003,2,'38-x-101',''),(1003,3,'',''),(1004,1,'',''),(1004,2,'55-x-158',''),(1004,3,'',''),(1005,1,'',''),(1005,2,'18-x-45',''),(1005,3,'',''),(1006,1,'',''),(1006,2,'115-x-75',''),(1006,3,'',''),(1007,1,'',''),(1007,2,'17-x-12',''),(1007,3,'',''),(1008,1,'',''),(1008,2,'13-x-115',''),(1008,3,'',''),(1009,1,'',''),(1009,2,'15-x-125',''),(1009,3,'',''),(1010,1,'',''),(1010,2,'105-x-13',''),(1010,3,'',''),(1011,1,'',''),(1011,2,'15-x-135',''),(1011,3,'',''),(1012,1,'',''),(1012,2,'κοραλί',''),(1012,3,'',''),(1013,1,'',''),(1013,2,'10-x-115',''),(1013,3,'',''),(1014,1,'',''),(1014,2,'145-x-14',''),(1014,3,'',''),(1015,1,'',''),(1015,2,'105-x-54',''),(1015,3,'',''),(1016,1,'',''),(1016,2,'107-x-53',''),(1016,3,'',''),(1017,1,'',''),(1017,2,'γκρι-μπλε',''),(1017,3,'',''),(1018,1,'',''),(1018,2,'λ',''),(1018,3,'',''),(1019,1,'',''),(1019,2,'λαχανί-πορτοκαλί',''),(1019,3,'',''),(1020,1,'',''),(1020,2,'μαύρο-μωβ',''),(1020,3,'',''),(1021,1,'',''),(1021,2,'6-x-85',''),(1021,3,'',''),(1022,1,'',''),(1022,2,'7-x-105',''),(1022,3,'',''),(1023,1,'',''),(1023,2,'105-x-18',''),(1023,3,'',''),(1024,1,'',''),(1024,2,'95-x-11',''),(1024,3,'',''),(1025,1,'',''),(1025,2,'11x-14',''),(1025,3,'',''),(1026,1,'',''),(1026,2,'75-x-10',''),(1026,3,'',''),(1027,1,'',''),(1027,2,'135-x-18',''),(1027,3,'',''),(1028,1,'',''),(1028,2,'115-x-15-x-115',''),(1028,3,'',''),(1029,1,'',''),(1029,2,'125-x-19-x-13',''),(1029,3,'',''),(1030,1,'',''),(1030,2,'95-x-115',''),(1030,3,'',''),(1031,1,'',''),(1031,2,'115-x-14',''),(1031,3,'',''),(1032,1,'',''),(1032,2,'45-x-6',''),(1032,3,'',''),(1033,1,'',''),(1033,2,'55-x-8',''),(1033,3,'',''),(1034,1,'',''),(1034,2,'7-x-11',''),(1034,3,'',''),(1035,1,'',''),(1035,2,'105-x-175',''),(1035,3,'',''),(1036,1,'',''),(1036,2,'35-x-35-x-68-cm',''),(1036,3,'',''),(1037,1,'',''),(1037,2,'10-x-9',''),(1037,3,'',''),(1038,1,'',''),(1038,2,'12x10',''),(1038,3,'',''),(1039,1,'',''),(1039,2,'14x12',''),(1039,3,'',''),(1040,1,'',''),(1040,2,'16x14',''),(1040,3,'',''),(1041,1,'',''),(1041,2,'18x16',''),(1041,3,'',''),(1042,1,'',''),(1042,2,'21x19',''),(1042,3,'',''),(1043,1,'',''),(1043,2,'25x22',''),(1043,3,'',''),(1044,1,'',''),(1044,2,'30x27',''),(1044,3,'',''),(1045,1,'',''),(1045,2,'13x20',''),(1045,3,'',''),(1046,1,'',''),(1046,2,'14x26',''),(1046,3,'',''),(1047,1,'',''),(1047,2,'19x36',''),(1047,3,'',''),(1048,1,'',''),(1048,2,'25x47',''),(1048,3,'',''),(1049,1,'',''),(1049,2,'30x47',''),(1049,3,'',''),(1050,1,'',''),(1050,2,'40x47',''),(1050,3,'',''),(1051,1,'',''),(1051,2,'xlarge',''),(1051,3,'',''),(1052,1,'',''),(1052,2,'2xlarge',''),(1052,3,'',''),(1053,1,'',''),(1053,2,'3xlarge',''),(1053,3,'',''),(1054,1,'',''),(1054,2,'4xlarge',''),(1054,3,'',''),(1055,1,'',''),(1055,2,'xsmall',''),(1055,3,'',''),(1056,1,'',''),(1056,2,'16-x-24',''),(1056,3,'',''),(1057,1,'',''),(1057,2,'18-x27',''),(1057,3,'',''),(1058,1,'',''),(1058,2,'155-x-21',''),(1058,3,'',''),(1059,1,'',''),(1059,2,'21-x-305',''),(1059,3,'',''),(1060,1,'',''),(1060,2,'σετ-7-τμχ',''),(1060,3,'',''),(1061,1,'',''),(1061,2,'1-τμχ',''),(1061,3,'','');

--
-- Table structure for table `ps_layered_indexable_feature`
--

CREATE TABLE `ps_layered_indexable_feature` (
  `id_feature` int(11) NOT NULL,
  `indexable` tinyint(1) NOT NULL DEFAULT '0',
  PRIMARY KEY (`id_feature`)
) ENGINE=InnoDB DEFAULT CHARSET=utf8;

--
-- Dumping data for table `ps_layered_indexable_feature`
--

INSERT INTO `ps_layered_indexable_feature` VALUES (8,1),(9,1),(10,1);

--
-- Table structure for table `ps_layered_indexable_feature_lang_value`
--

CREATE TABLE `ps_layered_indexable_feature_lang_value` (
  `id_feature` int(11) NOT NULL,
  `id_lang` int(11) NOT NULL,
  `url_name` varchar(20) NOT NULL,
  `meta_title` varchar(20) DEFAULT NULL,
  PRIMARY KEY (`id_feature`,`id_lang`)
) ENGINE=InnoDB DEFAULT CHARSET=utf8;

--
-- Dumping data for table `ps_layered_indexable_feature_lang_value`
--

INSERT INTO `ps_layered_indexable_feature_lang_value` VALUES (8,1,'material',''),(8,2,'υλικό',''),(8,3,'material',''),(9,1,'χρώμα',''),(9,2,'χρώμα',''),(9,3,'χρώμα',''),(10,1,'διάσταση',''),(10,2,'διάσταση',''),(10,3,'διάσταση','');

--
-- Table structure for table `ps_layered_indexable_feature_value_lang_value`
--

CREATE TABLE `ps_layered_indexable_feature_value_lang_value` (
  `id_feature_value` int(11) NOT NULL,
  `id_lang` int(11) NOT NULL,
  `url_name` varchar(20) DEFAULT NULL,
  `meta_title` varchar(20) DEFAULT NULL,
  PRIMARY KEY (`id_feature_value`,`id_lang`)
) ENGINE=InnoDB DEFAULT CHARSET=utf8;

--
-- Dumping data for table `ps_layered_indexable_feature_value_lang_value`
--

INSERT INTO `ps_layered_indexable_feature_value_lang_value` VALUES (46,1,'',''),(46,2,'',''),(46,3,'',''),(47,1,'',''),(47,2,'',''),(47,3,'',''),(48,1,'',''),(48,2,'',''),(48,3,'',''),(49,1,'',''),(49,2,'',''),(49,3,'',''),(50,1,'',''),(50,2,'',''),(50,3,'',''),(51,1,'',''),(51,2,'',''),(51,3,'',''),(52,1,'',''),(52,2,'',''),(52,3,'',''),(53,1,'',''),(53,2,'',''),(53,3,'',''),(54,1,'',''),(54,2,'',''),(54,3,'',''),(55,1,'',''),(55,2,'',''),(55,3,'',''),(56,1,'',''),(56,2,'',''),(56,3,'',''),(57,1,'',''),(57,2,'',''),(57,3,'',''),(58,1,'',''),(58,2,'',''),(58,3,'',''),(59,1,'',''),(59,2,'',''),(59,3,'',''),(90,1,'',''),(90,2,'',''),(90,3,'',''),(94,1,'',''),(94,2,'',''),(94,3,'',''),(95,1,'',''),(95,2,'',''),(95,3,'',''),(958,1,'',''),(958,2,'',''),(958,3,'',''),(959,1,'',''),(959,2,'',''),(959,3,'','');

--
-- Table structure for table `ps_layered_price_index`
--

CREATE TABLE `ps_layered_price_index` (
  `id_product` int(11) NOT NULL,
  `id_currency` int(11) NOT NULL,
  `id_shop` int(11) NOT NULL,
  `price_min` int(11) NOT NULL,
  `price_max` int(11) NOT NULL,
  PRIMARY KEY (`id_product`,`id_currency`,`id_shop`),
  KEY `id_currency` (`id_currency`),
  KEY `price_min` (`price_min`),
  KEY `price_max` (`price_max`)
) ENGINE=InnoDB DEFAULT CHARSET=utf8;

--
-- Dumping data for table `ps_layered_price_index`
--

INSERT INTO `ps_layered_price_index` VALUES (1,1,1,1,1),(2,1,1,0,1),(3,1,1,1,1),(4,1,1,0,1),(5,1,1,4,4),(6,1,1,0,0),(7,1,1,0,0),(8,1,1,1,2),(9,1,1,3,4),(10,1,1,4,5),(11,1,1,1,2),(12,1,1,4,5),(13,1,1,2,2),(14,1,1,9,10),(15,1,1,3,4),(16,1,1,3,4),(17,1,1,2,3),(18,1,1,2,2),(19,1,1,2,2),(20,1,1,0,0),(21,1,1,0,0),(22,1,1,0,0),(23,1,1,0,0),(24,1,1,0,0),(25,1,1,0,0),(26,1,1,0,1),(27,1,1,0,0),(28,1,1,0,0),(29,1,1,0,0),(30,1,1,0,0),(31,1,1,0,0),(32,1,1,0,1),(33,1,1,0,0),(34,1,1,0,1),(35,1,1,0,0),(36,1,1,0,1),(37,1,1,0,0),(38,1,1,0,0),(39,1,1,0,0),(40,1,1,0,0),(41,1,1,0,0),(42,1,1,0,0),(43,1,1,0,0),(44,1,1,0,0),(45,1,1,0,0),(46,1,1,0,0),(47,1,1,0,0),(48,1,1,0,0),(49,1,1,0,0),(50,1,1,0,0),(51,1,1,0,0),(52,1,1,0,0),(53,1,1,0,0),(54,1,1,0,0),(55,1,1,0,1),(56,1,1,2,2),(57,1,1,2,2),(58,1,1,1,2),(59,1,1,1,2),(60,1,1,1,2),(61,1,1,1,2),(62,1,1,2,2),(63,1,1,2,2),(64,1,1,0,1),(65,1,1,1,1),(66,1,1,1,2),(67,1,1,2,2),(68,1,1,1,2),(69,1,1,1,2),(70,1,1,2,2),(71,1,1,1,2),(72,1,1,4,5),(73,1,1,0,0),(74,1,1,5,6),(75,1,1,1,2),(76,1,1,2,3),(77,1,1,3,3),(78,1,1,3,3),(79,1,1,1,2),(80,1,1,1,2),(81,1,1,2,2),(82,1,1,2,2),(83,1,1,2,2),(84,1,1,3,3),(85,1,1,1,2),(86,1,1,2,2),(87,1,1,2,2),(88,1,1,2,2),(89,1,1,4,4),(90,1,1,4,4),(91,1,1,4,4),(92,1,1,3,4),(93,1,1,0,0),(94,1,1,1,1),(95,1,1,1,1),(96,1,1,3,3),(97,1,1,1,2),(98,1,1,2,2),(99,1,1,0,1),(100,1,1,0,1),(101,1,1,0,1),(102,1,1,4,5),(103,1,1,2,3),(104,1,1,2,3),(105,1,1,2,3),(106,1,1,12,13),(107,1,1,1,2),(108,1,1,4,5),(109,1,1,4,5),(110,1,1,2,3),(111,1,1,2,3),(112,1,1,1,1),(113,1,1,1,1),(114,1,1,3,3),(115,1,1,2,2),(116,1,1,1,2),(117,1,1,2,3),(118,1,1,2,3),(119,1,1,2,3),(120,1,1,3,4),(121,1,1,2,3),(122,1,1,2,3),(123,1,1,2,3),(124,1,1,1,2),(125,1,1,1,2),(126,1,1,0,1),(127,1,1,0,1),(128,1,1,0,1),(129,1,1,1,2),(130,1,1,3,4),(131,1,1,8,9),(132,1,1,4,5),(133,1,1,3,4),(134,1,1,2,2),(135,1,1,2,2),(136,1,1,2,2),(137,1,1,4,4),(138,1,1,4,5),(139,1,1,3,4),(140,1,1,3,3),(141,1,1,5,6),(142,1,1,7,8),(143,1,1,7,8),(144,1,1,3,4),(145,1,1,1,2),(146,1,1,6,7),(147,1,1,6,7),(148,1,1,6,7),(149,1,1,6,7),(150,1,1,6,7),(151,1,1,6,7),(152,1,1,6,7),(153,1,1,6,7),(154,1,1,2,2),(155,1,1,2,2),(156,1,1,2,2),(157,1,1,3,3),(158,1,1,5,5),(159,1,1,6,7),(160,1,1,2,3),(161,1,1,2,3),(162,1,1,4,4),(163,1,1,6,7),(164,1,1,9,10),(165,1,1,4,5),(166,1,1,0,1),(167,1,1,0,1),(168,1,1,0,1),(169,1,1,1,1),(170,1,1,1,2),(171,1,1,0,1),(172,1,1,0,1),(173,1,1,0,1),(174,1,1,0,1),(175,1,1,1,2),(176,1,1,1,1),(177,1,1,1,2),(178,1,1,1,2),(179,1,1,0,1),(180,1,1,1,1),(181,1,1,1,2),(182,1,1,1,2),(183,1,1,1,2),(184,1,1,0,1),(185,1,1,0,1),(186,1,1,1,2),(187,1,1,0,1),(188,1,1,1,2),(189,1,1,0,1),(190,1,1,0,1),(191,1,1,0,1),(192,1,1,0,1),(193,1,1,0,1),(194,1,1,0,1),(195,1,1,0,1),(196,1,1,0,1),(197,1,1,0,1),(198,1,1,0,1),(199,1,1,1,2),(200,1,1,1,1),(201,1,1,1,2),(202,1,1,0,1),(203,1,1,0,1),(204,1,1,0,1),(205,1,1,0,1),(206,1,1,0,1),(207,1,1,6,6),(208,1,1,5,5),(209,1,1,0,1),(210,1,1,0,1),(211,1,1,0,1),(212,1,1,0,1),(213,1,1,4,5),(214,1,1,2,2),(215,1,1,1,1),(216,1,1,2,3),(217,1,1,2,3),(218,1,1,4,4),(219,1,1,4,5),(220,1,1,3,3),(221,1,1,1,2),(222,1,1,5,6),(223,1,1,1,1),(224,1,1,1,1),(225,1,1,1,1),(226,1,1,1,1),(227,1,1,1,1),(228,1,1,1,1),(229,1,1,1,1),(230,1,1,1,1),(231,1,1,1,1),(232,1,1,1,1),(233,1,1,1,1),(234,1,1,1,1),(235,1,1,0,1),(236,1,1,0,1),(237,1,1,0,1),(238,1,1,0,1),(239,1,1,0,1),(240,1,1,0,1),(241,1,1,0,1),(242,1,1,0,1),(243,1,1,0,1),(244,1,1,0,1),(245,1,1,1,1),(246,1,1,0,1),(247,1,1,1,1),(248,1,1,1,1),(249,1,1,0,1),(250,1,1,2,2),(251,1,1,1,2),(252,1,1,1,2),(253,1,1,2,2),(254,1,1,0,1),(255,1,1,0,1),(256,1,1,0,1),(257,1,1,0,1),(258,1,1,0,1),(259,1,1,1,2),(260,1,1,1,2),(261,1,1,1,2),(262,1,1,1,2),(263,1,1,2,2),(264,1,1,1,2),(265,1,1,1,2),(266,1,1,1,2),(267,1,1,2,3),(268,1,1,2,2),(269,1,1,1,2),(270,1,1,2,2),(271,1,1,1,2),(272,1,1,1,1),(273,1,1,1,2),(274,1,1,1,2),(275,1,1,1,2),(276,1,1,1,1),(277,1,1,1,2),(278,1,1,4,4),(279,1,1,1,1),(280,1,1,1,1),(281,1,1,2,2),(282,1,1,1,1),(283,1,1,1,1),(284,1,1,1,1),(285,1,1,1,1),(286,1,1,1,2),(287,1,1,3,3),(288,1,1,1,2),(289,1,1,1,2),(290,1,1,2,2),(291,1,1,2,2),(292,1,1,2,2),(293,1,1,2,3),(294,1,1,2,3),(295,1,1,2,3),(296,1,1,2,2),(297,1,1,2,2),(298,1,1,2,2),(299,1,1,2,2),(300,1,1,2,2),(301,1,1,6,7),(302,1,1,2,2),(303,1,1,2,2),(304,1,1,1,2),(305,1,1,1,2),(306,1,1,1,2),(307,1,1,1,2),(308,1,1,1,2),(309,1,1,2,2),(310,1,1,1,2),(311,1,1,2,2),(312,1,1,1,2),(313,1,1,1,2),(314,1,1,1,2),(315,1,1,1,2),(316,1,1,2,3),(317,1,1,2,2),(318,1,1,2,2),(319,1,1,1,2),(320,1,1,1,1),(321,1,1,2,2),(322,1,1,1,1),(323,1,1,1,1),(324,1,1,1,1),(325,1,1,1,1),(326,1,1,1,1),(327,1,1,1,1),(328,1,1,1,1),(329,1,1,2,3),(330,1,1,2,3),(331,1,1,2,3),(332,1,1,2,3),(333,1,1,2,3),(334,1,1,2,3),(335,1,1,2,3),(336,1,1,2,3),(337,1,1,2,3),(338,1,1,2,3),(339,1,1,2,3),(340,1,1,2,3),(341,1,1,2,3),(342,1,1,2,3),(343,1,1,2,3),(344,1,1,2,3),(345,1,1,2,3),(346,1,1,0,0),(347,1,1,0,0),(348,1,1,2,2),(349,1,1,2,2),(350,1,1,2,2),(351,1,1,2,2),(352,1,1,2,2),(353,1,1,2,2),(354,1,1,2,2),(355,1,1,2,2),(356,1,1,2,2),(357,1,1,2,2),(358,1,1,2,2),(359,1,1,2,2),(360,1,1,2,2),(361,1,1,2,2),(362,1,1,2,2),(363,1,1,2,2),(364,1,1,2,2),(365,1,1,2,2),(366,1,1,2,2),(367,1,1,2,2),(368,1,1,2,2),(369,1,1,2,2),(370,1,1,2,2),(371,1,1,2,2),(372,1,1,2,2),(373,1,1,2,2),(374,1,1,2,2),(375,1,1,2,2),(376,1,1,2,2),(377,1,1,2,2),(378,1,1,2,2),(379,1,1,2,2),(380,1,1,2,2),(381,1,1,2,2),(382,1,1,2,2),(383,1,1,2,2),(384,1,1,2,2),(385,1,1,2,2),(386,1,1,2,2),(387,1,1,2,2),(388,1,1,2,2),(389,1,1,2,2),(390,1,1,2,2),(391,1,1,2,2),(392,1,1,2,2),(393,1,1,2,2),(394,1,1,2,2),(395,1,1,2,2),(396,1,1,2,2),(397,1,1,2,2),(398,1,1,2,2),(399,1,1,2,2),(400,1,1,2,2),(401,1,1,2,2),(402,1,1,2,2),(403,1,1,2,2),(404,1,1,2,2),(405,1,1,2,2),(406,1,1,2,2),(407,1,1,2,2),(408,1,1,2,2),(409,1,1,2,2),(410,1,1,2,2),(411,1,1,2,2),(412,1,1,2,2),(413,1,1,3,4),(414,1,1,5,6),(415,1,1,3,4),(416,1,1,5,6),(417,1,1,5,6),(418,1,1,5,6),(419,1,1,5,6),(420,1,1,5,6),(421,1,1,5,6),(422,1,1,5,6),(423,1,1,5,6),(424,1,1,3,3),(425,1,1,3,3),(426,1,1,3,3),(427,1,1,3,3),(428,1,1,3,3),(429,1,1,0,0),(430,1,1,2,3),(431,1,1,3,3),(432,1,1,2,3),(433,1,1,1,1),(434,1,1,2,2),(435,1,1,0,0),(436,1,1,0,0),(437,1,1,0,0),(438,1,1,0,0),(439,1,1,0,0),(440,1,1,0,0),(441,1,1,0,0),(442,1,1,0,0),(443,1,1,0,0),(444,1,1,0,0),(445,1,1,0,0),(446,1,1,0,0),(447,1,1,0,0),(448,1,1,0,0),(449,1,1,0,0),(450,1,1,0,0),(451,1,1,0,0),(452,1,1,0,0),(453,1,1,0,0),(454,1,1,0,0),(455,1,1,0,0),(456,1,1,0,0),(457,1,1,0,0),(458,1,1,0,0),(459,1,1,0,0),(460,1,1,0,0),(461,1,1,0,0),(462,1,1,0,0),(463,1,1,0,0),(464,1,1,0,0),(465,1,1,0,0),(466,1,1,0,0),(467,1,1,0,0),(468,1,1,0,0),(469,1,1,0,0),(470,1,1,0,0),(471,1,1,0,0),(472,1,1,0,0),(473,1,1,0,0),(474,1,1,0,0),(475,1,1,0,0),(476,1,1,0,0),(477,1,1,0,0),(478,1,1,0,0),(479,1,1,0,0),(480,1,1,0,0),(481,1,1,0,0),(482,1,1,0,0),(483,1,1,0,0),(484,1,1,0,0),(485,1,1,0,0),(486,1,1,0,0),(487,1,1,0,0),(488,1,1,0,0),(489,1,1,0,0),(490,1,1,0,0),(491,1,1,0,0),(492,1,1,0,0),(493,1,1,0,0),(494,1,1,0,0),(495,1,1,0,0),(496,1,1,0,0),(497,1,1,0,0),(498,1,1,0,0),(499,1,1,0,0),(500,1,1,0,0),(501,1,1,0,0),(502,1,1,0,0),(503,1,1,0,0),(504,1,1,0,0),(505,1,1,0,0),(506,1,1,0,0),(507,1,1,0,0),(508,1,1,0,0),(509,1,1,0,0),(510,1,1,0,0),(511,1,1,0,0),(512,1,1,0,0),(513,1,1,0,0),(514,1,1,0,0),(515,1,1,0,0),(516,1,1,0,0),(517,1,1,0,0),(518,1,1,0,0),(519,1,1,0,0),(520,1,1,0,0),(521,1,1,0,0),(522,1,1,0,0),(523,1,1,0,0),(524,1,1,0,0),(525,1,1,0,0),(526,1,1,0,0),(527,1,1,0,0),(528,1,1,0,0),(529,1,1,0,0),(530,1,1,0,0),(531,1,1,0,0),(532,1,1,0,0),(533,1,1,0,0),(534,1,1,0,0),(535,1,1,0,0),(536,1,1,0,0),(537,1,1,0,0),(538,1,1,0,0),(539,1,1,0,0),(540,1,1,0,0),(541,1,1,0,0),(542,1,1,0,0),(543,1,1,0,0),(544,1,1,0,0),(545,1,1,0,0),(546,1,1,0,0),(547,1,1,0,0),(548,1,1,3,4),(549,1,1,6,7),(550,1,1,3,4),(551,1,1,3,4),(552,1,1,3,4),(553,1,1,2,3),(554,1,1,3,3),(555,1,1,3,4),(556,1,1,5,6),(557,1,1,5,6),(558,1,1,3,4),(559,1,1,3,4),(560,1,1,8,9),(561,1,1,6,7),(562,1,1,6,7),(563,1,1,4,5),(564,1,1,8,9),(565,1,1,0,0),(566,1,1,0,0),(567,1,1,3,4),(568,1,1,0,0),(569,1,1,14,15),(570,1,1,3,4),(571,1,1,3,4),(572,1,1,3,4),(573,1,1,5,6),(574,1,1,5,6),(575,1,1,3,4),(576,1,1,14,15),(577,1,1,3,4),(578,1,1,0,0),(579,1,1,3,4),(580,1,1,9,10),(581,1,1,5,6),(582,1,1,3,4),(583,1,1,7,8),(584,1,1,4,5),(585,1,1,6,7),(586,1,1,0,0),(587,1,1,14,15),(588,1,1,0,0),(589,1,1,3,4),(590,1,1,5,6),(591,1,1,3,3),(592,1,1,4,5),(593,1,1,3,4),(594,1,1,0,0),(595,1,1,4,4),(596,1,1,3,4),(597,1,1,4,4),(598,1,1,7,8),(599,1,1,3,4),(600,1,1,4,5),(601,1,1,3,4),(602,1,1,6,6),(603,1,1,3,4),(604,1,1,4,5),(605,1,1,1,2),(606,1,1,2,2),(607,1,1,3,4),(608,1,1,3,4),(609,1,1,3,3),(610,1,1,3,4),(611,1,1,3,4),(612,1,1,1,2),(613,1,1,2,3),(614,1,1,2,2),(615,1,1,2,2),(616,1,1,2,3),(617,1,1,3,4),(618,1,1,4,5),(619,1,1,5,6),(620,1,1,4,4),(621,1,1,4,4),(622,1,1,3,4),(623,1,1,5,6),(624,1,1,5,6),(625,1,1,7,8),(626,1,1,1,2),(627,1,1,2,3),(628,1,1,0,0),(629,1,1,8,9),(630,1,1,0,0),(631,1,1,8,9),(632,1,1,1,2),(633,1,1,1,2),(634,1,1,1,2),(635,1,1,2,2),(636,1,1,2,2),(637,1,1,2,2),(638,1,1,2,2),(639,1,1,2,2),(640,1,1,2,2),(641,1,1,2,3),(642,1,1,3,4),(643,1,1,2,3),(644,1,1,2,3),(645,1,1,2,3),(646,1,1,3,4),(647,1,1,3,4),(648,1,1,6,6),(649,1,1,5,6),(650,1,1,6,7),(651,1,1,5,6),(652,1,1,5,6),(653,1,1,5,6),(654,1,1,5,6),(655,1,1,5,6),(656,1,1,4,5),(657,1,1,2,3),(658,1,1,2,3),(659,1,1,2,3),(660,1,1,2,3),(661,1,1,5,6),(662,1,1,2,3),(663,1,1,2,3),(664,1,1,4,4),(665,1,1,3,4),(666,1,1,4,4),(667,1,1,4,4),(668,1,1,3,4),(669,1,1,4,5),(670,1,1,5,5),(671,1,1,5,5),(672,1,1,6,6),(673,1,1,5,5),(674,1,1,6,6),(675,1,1,5,5),(676,1,1,3,4),(677,1,1,7,8),(678,1,1,7,8),(679,1,1,4,5),(680,1,1,8,9),(681,1,1,8,9),(682,1,1,8,9),(683,1,1,7,7),(684,1,1,7,7),(685,1,1,7,7),(686,1,1,7,7),(687,1,1,5,6),(688,1,1,5,6),(689,1,1,5,6),(690,1,1,5,6),(691,1,1,5,6),(692,1,1,7,8),(693,1,1,7,8),(694,1,1,7,8),(695,1,1,8,9),(696,1,1,8,9),(697,1,1,4,5),(698,1,1,6,7),(699,1,1,4,5),(700,1,1,5,6),(701,1,1,5,6),(702,1,1,5,6),(703,1,1,4,5),(704,1,1,5,6),(705,1,1,8,9),(706,1,1,4,5),(707,1,1,5,6),(708,1,1,6,7),(709,1,1,6,7),(710,1,1,5,6),(711,1,1,5,6),(712,1,1,8,8),(713,1,1,8,8),(714,1,1,11,11),(715,1,1,6,7),(716,1,1,6,7),(717,1,1,7,8),(718,1,1,6,7),(719,1,1,5,6),(720,1,1,5,6),(721,1,1,5,6),(722,1,1,5,6),(723,1,1,5,6),(724,1,1,4,5),(725,1,1,4,5),(726,1,1,4,5),(727,1,1,4,5),(728,1,1,4,5),(729,1,1,6,7),(730,1,1,0,1),(731,1,1,6,7),(732,1,1,0,1),(733,1,1,0,1),(734,1,1,0,1),(735,1,1,4,5),(736,1,1,1,2),(737,1,1,2,3),(738,1,1,2,3),(739,1,1,2,3),(740,1,1,6,7),(741,1,1,5,6),(742,1,1,5,6),(743,1,1,1,2),(744,1,1,1,2),(745,1,1,2,2),(746,1,1,5,5),(747,1,1,5,6),(748,1,1,5,6),(749,1,1,3,4),(750,1,1,1,2),(751,1,1,5,6),(752,1,1,1,1),(753,1,1,2,3),(754,1,1,2,3),(755,1,1,2,3),(756,1,1,0,0),(757,1,1,1,2),(758,1,1,0,0),(759,1,1,3,4),(760,1,1,1,1),(761,1,1,0,0),(762,1,1,2,3),(763,1,1,6,7),(764,1,1,4,5),(765,1,1,3,4),(766,1,1,4,5),(767,1,1,4,5),(768,1,1,4,5),(769,1,1,7,8),(770,1,1,3,4),(771,1,1,3,4),(772,1,1,8,9),(773,1,1,0,1),(774,1,1,3,4),(775,1,1,4,5),(776,1,1,3,4),(777,1,1,3,4),(778,1,1,8,9),(779,1,1,4,4),(780,1,1,2,2),(781,1,1,5,5),(782,1,1,4,5),(783,1,1,4,5),(784,1,1,2,2),(785,1,1,2,3),(786,1,1,3,3),(787,1,1,4,5),(788,1,1,6,7),(789,1,1,5,6),(790,1,1,5,6),(791,1,1,8,9),(792,1,1,8,9),(793,1,1,3,4),(794,1,1,3,4),(795,1,1,4,5),(796,1,1,6,7),(797,1,1,2,3),(798,1,1,3,4),(799,1,1,0,0),(800,1,1,6,7),(801,1,1,0,0),(802,1,1,0,0),(803,1,1,0,0),(804,1,1,0,0),(805,1,1,188,189),(806,1,1,4,4),(807,1,1,14,15),(808,1,1,0,0),(809,1,1,8,9),(810,1,1,2,2),(811,1,1,0,0),(812,1,1,4,4),(813,1,1,14,15),(814,1,1,11,12),(815,1,1,11,12),(816,1,1,8,9),(817,1,1,8,9),(818,1,1,5,6),(819,1,1,9,10),(820,1,1,0,0),(821,1,1,3,4),(822,1,1,2,3),(823,1,1,3,4),(824,1,1,5,6),(825,1,1,4,5),(826,1,1,5,6),(827,1,1,5,6),(828,1,1,4,5),(829,1,1,3,4),(830,1,1,8,9),(831,1,1,3,4),(832,1,1,4,5),(833,1,1,9,10),(834,1,1,0,0),(835,1,1,4,5),(836,1,1,3,4),(837,1,1,3,4),(838,1,1,3,4),(839,1,1,3,4),(840,1,1,3,4),(841,1,1,3,4),(842,1,1,3,4),(843,1,1,2,3),(844,1,1,2,3),(845,1,1,6,7),(846,1,1,2,3),(847,1,1,2,3),(848,1,1,6,7),(849,1,1,6,7),(850,1,1,0,0),(851,1,1,9,10),(852,1,1,0,0),(853,1,1,14,15),(854,1,1,0,0),(855,1,1,2,2),(856,1,1,2,2),(857,1,1,3,3),(858,1,1,32,33),(859,1,1,26,27),(860,1,1,5,6),(861,1,1,3,4),(862,1,1,0,0),(863,1,1,3,4),(864,1,1,3,4),(865,1,1,0,0),(866,1,1,0,0),(867,1,1,9,10),(868,1,1,6,7),(869,1,1,6,7),(870,1,1,6,7),(871,1,1,3,4),(872,1,1,0,0),(873,1,1,14,15),(874,1,1,0,0),(875,1,1,0,0),(876,1,1,12,13),(877,1,1,8,9),(878,1,1,8,9),(879,1,1,0,0),(880,1,1,14,15),(881,1,1,0,0),(882,1,1,12,13),(883,1,1,3,4),(884,1,1,12,13),(885,1,1,18,19),(886,1,1,3,4),(887,1,1,18,19),(888,1,1,4,5),(889,1,1,18,19),(890,1,1,3,3),(891,1,1,18,19),(892,1,1,3,4),(893,1,1,18,19),(894,1,1,2,3),(895,1,1,18,19),(896,1,1,1,2),(897,1,1,11,12),(898,1,1,0,0),(899,1,1,12,13),(900,1,1,0,0),(901,1,1,12,13),(902,1,1,12,13),(903,1,1,0,0),(904,1,1,12,13),(905,1,1,12,13),(906,1,1,9,10),(907,1,1,12,13),(908,1,1,5,6),(909,1,1,2,3),(910,1,1,4,5),(911,1,1,0,0),(912,1,1,14,15),(913,1,1,14,15),(914,1,1,0,0),(915,1,1,15,16),(916,1,1,0,0),(917,1,1,9,10),(918,1,1,11,12),(919,1,1,14,15),(920,1,1,0,0),(921,1,1,28,29),(922,1,1,12,13),(923,1,1,8,9),(924,1,1,14,15),(925,1,1,0,0),(926,1,1,4,5),(927,1,1,4,5),(928,1,1,4,5),(929,1,1,4,5),(930,1,1,4,5),(931,1,1,4,4),(932,1,1,0,0),(933,1,1,11,12),(934,1,1,3,3),(935,1,1,6,7),(936,1,1,5,6),(937,1,1,6,7),(938,1,1,0,0),(939,1,1,4,5),(940,1,1,0,0),(941,1,1,12,13),(942,1,1,15,16),(943,1,1,2,2),(944,1,1,0,0),(945,1,1,0,0),(946,1,1,0,0),(947,1,1,0,0),(948,1,1,0,0),(949,1,1,0,0),(950,1,1,9,10),(951,1,1,9,10),(952,1,1,9,10),(953,1,1,9,10),(954,1,1,9,10),(955,1,1,9,10),(956,1,1,4,4),(957,1,1,5,6),(958,1,1,14,15),(959,1,1,9,10),(960,1,1,5,6),(961,1,1,6,7),(962,1,1,6,6),(963,1,1,2,2),(964,1,1,6,7),(965,1,1,12,13),(966,1,1,8,9),(967,1,1,8,9),(968,1,1,6,6),(969,1,1,8,9),(970,1,1,3,4),(971,1,1,0,0),(972,1,1,5,6),(973,1,1,7,7),(974,1,1,3,4),(975,1,1,0,0),(976,1,1,0,0),(977,1,1,3,3),(978,1,1,0,0),(979,1,1,0,0),(980,1,1,0,0),(981,1,1,3,4),(982,1,1,0,0),(983,1,1,0,0),(984,1,1,5,6),(985,1,1,0,0),(986,1,1,3,4),(987,1,1,0,0),(988,1,1,1,1),(989,1,1,0,0),(990,1,1,0,0),(991,1,1,0,0),(992,1,1,0,0),(993,1,1,0,0),(994,1,1,0,0),(995,1,1,0,0),(996,1,1,0,0),(997,1,1,0,0),(998,1,1,0,0),(999,1,1,0,0),(1000,1,1,0,0),(1001,1,1,0,0),(1002,1,1,0,0),(1003,1,1,0,0),(1004,1,1,0,0),(1005,1,1,0,0),(1006,1,1,5,6),(1007,1,1,0,0),(1008,1,1,3,4),(1009,1,1,14,15),(1010,1,1,10,11),(1011,1,1,6,7),(1012,1,1,6,7),(1013,1,1,6,7),(1014,1,1,6,7),(1015,1,1,6,7),(1016,1,1,0,0),(1017,1,1,3,4),(1018,1,1,5,6),(1019,1,1,3,4),(1020,1,1,0,0),(1021,1,1,4,4),(1022,1,1,6,7),(1023,1,1,6,7),(1024,1,1,5,5),(1025,1,1,4,5),(1026,1,1,4,5),(1027,1,1,4,5),(1028,1,1,12,13),(1029,1,1,0,0),(1030,1,1,4,5),(1031,1,1,13,14),(1032,1,1,28,29),(1033,1,1,3,4),(1034,1,1,0,0),(1035,1,1,3,3),(1036,1,1,0,0),(1037,1,1,4,5),(1038,1,1,0,0),(1039,1,1,3,4),(1040,1,1,0,0),(1041,1,1,7,8),(1042,1,1,8,9),(1043,1,1,1,2),(1044,1,1,3,4),(1045,1,1,12,13),(1046,1,1,8,9),(1047,1,1,0,0),(1048,1,1,4,5),(1049,1,1,0,0),(1050,1,1,0,0),(1051,1,1,0,0),(1052,1,1,0,0),(1053,1,1,0,0),(1054,1,1,0,0),(1055,1,1,0,0),(1056,1,1,0,0),(1057,1,1,0,0),(1058,1,1,0,0),(1059,1,1,0,0),(1060,1,1,0,0),(1061,1,1,0,0),(1062,1,1,0,0),(1063,1,1,0,0),(1064,1,1,0,0),(1065,1,1,0,0),(1066,1,1,0,0),(1067,1,1,0,0),(1068,1,1,4,4),(1069,1,1,15,16),(1070,1,1,15,16),(1071,1,1,15,16),(1072,1,1,12,13),(1073,1,1,12,13),(1074,1,1,12,13),(1075,1,1,5,6),(1076,1,1,8,9),(1077,1,1,0,0),(1078,1,1,0,0),(1079,1,1,0,0),(1080,1,1,0,0),(1081,1,1,3,4),(1082,1,1,0,0),(1083,1,1,7,8),(1084,1,1,12,13),(1085,1,1,2,2),(1086,1,1,3,4),(1087,1,1,3,4),(1088,1,1,3,4),(1089,1,1,4,5),(1090,1,1,0,0),(1091,1,1,0,0),(1092,1,1,0,0),(1093,1,1,3,4),(1094,1,1,0,0),(1095,1,1,6,7),(1096,1,1,0,0),(1097,1,1,0,0),(1098,1,1,6,7),(1099,1,1,0,0),(1100,1,1,0,0),(1101,1,1,0,0),(1102,1,1,8,9),(1103,1,1,3,3),(1104,1,1,18,19),(1105,1,1,0,0),(1106,1,1,14,15),(1107,1,1,3,4),(1108,1,1,4,4),(1109,1,1,4,4),(1110,1,1,4,5),(1111,1,1,4,5),(1112,1,1,4,5),(1113,1,1,4,5),(1114,1,1,15,16),(1115,1,1,6,7),(1116,1,1,4,4),(1117,1,1,5,6),(1118,1,1,3,3),(1119,1,1,4,5),(1120,1,1,4,5),(1121,1,1,5,6),(1122,1,1,4,5),(1123,1,1,3,4),(1124,1,1,0,0),(1125,1,1,0,0),(1126,1,1,12,13),(1127,1,1,2,3),(1128,1,1,2,3),(1129,1,1,2,3),(1130,1,1,0,0),(1131,1,1,2,3),(1132,1,1,4,4),(1133,1,1,9,10),(1134,1,1,0,0),(1135,1,1,4,5),(1136,1,1,4,5),(1137,1,1,12,13),(1138,1,1,0,0),(1139,1,1,4,5),(1140,1,1,0,0),(1141,1,1,6,7),(1142,1,1,2,3),(1143,1,1,2,3),(1144,1,1,4,4),(1145,1,1,3,4),(1146,1,1,0,0),(1147,1,1,2,3),(1148,1,1,0,0),(1149,1,1,0,0),(1150,1,1,0,0),(1151,1,1,6,7),(1152,1,1,6,7),(1153,1,1,9,10),(1154,1,1,5,6),(1155,1,1,7,8),(1156,1,1,7,8),(1157,1,1,2,3),(1158,1,1,6,7),(1159,1,1,6,7),(1160,1,1,6,7),(1161,1,1,12,13),(1162,1,1,3,4),(1163,1,1,9,10),(1164,1,1,9,10),(1165,1,1,0,0),(1166,1,1,6,7),(1167,1,1,10,11),(1168,1,1,9,10),(1169,1,1,9,10),(1170,1,1,13,14),(1171,1,1,13,14),(1172,1,1,13,14),(1173,1,1,11,12),(1174,1,1,9,10),(1175,1,1,7,8),(1176,1,1,12,13),(1177,1,1,11,12),(1178,1,1,11,12),(1179,1,1,0,0),(1180,1,1,3,4),(1181,1,1,7,8),(1182,1,1,6,7),(1183,1,1,6,7),(1184,1,1,6,7),(1185,1,1,6,7),(1186,1,1,4,5),(1187,1,1,0,0),(1188,1,1,0,0),(1189,1,1,0,0),(1190,1,1,0,0),(1191,1,1,0,0),(1192,1,1,5,6),(1193,1,1,0,0),(1194,1,1,0,0),(1195,1,1,4,4),(1196,1,1,15,16),(1197,1,1,0,0),(1198,1,1,0,0),(1199,1,1,0,0),(1200,1,1,0,0),(1201,1,1,0,0),(1202,1,1,0,0),(1203,1,1,12,13),(1204,1,1,11,12),(1205,1,1,9,10),(1206,1,1,7,8),(1207,1,1,0,0),(1208,1,1,7,8),(1209,1,1,5,6),(1210,1,1,14,15),(1211,1,1,4,5),(1212,1,1,4,5),(1213,1,1,4,5),(1214,1,1,2,2),(1215,1,1,2,3),(1216,1,1,4,5),(1217,1,1,2,3),(1218,1,1,0,0),(1219,1,1,0,0),(1220,1,1,2,3),(1221,1,1,2,3),(1222,1,1,2,3),(1223,1,1,2,3),(1224,1,1,2,3),(1225,1,1,2,3),(1226,1,1,2,3),(1227,1,1,2,3),(1228,1,1,2,3),(1229,1,1,2,3),(1230,1,1,2,3),(1231,1,1,2,3),(1232,1,1,2,3),(1233,1,1,2,3),(1234,1,1,2,3),(1235,1,1,2,3),(1236,1,1,2,3),(1237,1,1,2,3),(1238,1,1,2,3),(1239,1,1,2,3),(1240,1,1,2,3),(1241,1,1,2,3),(1242,1,1,2,3),(1243,1,1,2,3),(1244,1,1,2,3),(1245,1,1,4,4),(1246,1,1,4,4),(1247,1,1,0,0),(1248,1,1,1,1),(1249,1,1,0,1),(1250,1,1,4,5),(1251,1,1,4,5),(1252,1,1,4,5),(1253,1,1,3,4),(1254,1,1,4,5),(1255,1,1,3,4),(1256,1,1,3,4),(1257,1,1,4,5),(1258,1,1,4,5),(1259,1,1,4,5),(1260,1,1,4,5),(1261,1,1,4,5),(1262,1,1,3,4),(1263,1,1,12,13),(1264,1,1,4,5),(1265,1,1,4,5),(1266,1,1,4,5),(1267,1,1,4,5),(1268,1,1,2,3),(1269,1,1,2,3),(1270,1,1,2,3),(1271,1,1,2,3),(1272,1,1,2,3),(1273,1,1,2,3),(1274,1,1,2,3),(1275,1,1,2,3),(1276,1,1,2,3),(1277,1,1,2,3),(1278,1,1,0,0),(1279,1,1,0,0),(1280,1,1,0,0),(1281,1,1,0,1),(1282,1,1,0,1),(1283,1,1,0,1),(1284,1,1,2,3),(1285,1,1,2,3),(1286,1,1,2,3),(1287,1,1,2,3),(1288,1,1,2,3),(1289,1,1,0,0),(1290,1,1,0,0),(1291,1,1,0,0),(1292,1,1,0,0),(1293,1,1,0,0),(1294,1,1,0,0),(1295,1,1,0,0),(1296,1,1,0,0),(1297,1,1,0,0),(1298,1,1,0,0),(1299,1,1,0,0),(1300,1,1,0,0),(1301,1,1,0,0),(1302,1,1,0,0),(1303,1,1,0,0),(1304,1,1,0,0),(1305,1,1,0,0),(1306,1,1,0,0),(1307,1,1,0,0),(1308,1,1,0,0),(1309,1,1,0,0),(1310,1,1,0,0),(1311,1,1,0,0),(1312,1,1,0,0),(1313,1,1,0,0),(1314,1,1,0,0),(1315,1,1,0,0),(1316,1,1,0,0),(1317,1,1,0,0),(1318,1,1,0,0),(1319,1,1,0,0),(1320,1,1,0,0),(1321,1,1,0,0),(1322,1,1,0,0),(1323,1,1,0,0),(1324,1,1,0,0),(1325,1,1,0,0),(1326,1,1,0,0),(1327,1,1,0,0),(1328,1,1,0,0),(1329,1,1,0,0),(1330,1,1,0,0),(1331,1,1,0,0),(1332,1,1,0,0),(1333,1,1,0,0),(1334,1,1,0,0),(1335,1,1,0,0),(1336,1,1,0,0),(1337,1,1,0,0),(1338,1,1,0,0),(1339,1,1,0,0),(1340,1,1,0,0),(1341,1,1,0,0),(1342,1,1,0,0),(1343,1,1,0,0),(1344,1,1,0,0),(1345,1,1,0,0),(1346,1,1,0,0),(1347,1,1,0,0),(1348,1,1,0,0),(1349,1,1,1,1),(1350,1,1,1,2),(1351,1,1,2,2),(1352,1,1,0,0),(1353,1,1,0,0),(1354,1,1,0,0),(1355,1,1,4,4),(1356,1,1,0,0),(1357,1,1,0,0),(1358,1,1,0,0),(1359,1,1,0,0),(1360,1,1,0,0),(1361,1,1,0,0),(1362,1,1,0,0),(1363,1,1,0,0),(1364,1,1,0,0),(1365,1,1,0,0),(1366,1,1,0,0),(1367,1,1,3,4),(1368,1,1,0,0),(1369,1,1,0,0),(1370,1,1,0,0),(1371,1,1,0,0),(1372,1,1,0,0),(1373,1,1,0,0),(1374,1,1,0,0),(1375,1,1,0,0),(1376,1,1,0,0),(1377,1,1,6,7),(1378,1,1,6,7),(1379,1,1,4,5),(1380,1,1,6,7),(1381,1,1,6,7),(1382,1,1,6,7),(1383,1,1,6,7),(1384,1,1,6,7),(1385,1,1,7,8),(1386,1,1,6,7),(1387,1,1,6,7),(1388,1,1,6,6),(1389,1,1,0,0),(1390,1,1,6,7),(1391,1,1,6,7),(1392,1,1,6,7),(1393,1,1,0,1),(1394,1,1,0,0),(1395,1,1,0,1),(1396,1,1,0,1),(1397,1,1,2,2),(1398,1,1,2,3),(1399,1,1,2,2),(1400,1,1,2,2),(1401,1,1,2,3),(1402,1,1,2,3),(1403,1,1,2,2),(1404,1,1,6,7),(1405,1,1,6,6),(1406,1,1,6,6),(1407,1,1,3,4),(1408,1,1,3,4),(1409,1,1,5,6),(1410,1,1,4,5),(1411,1,1,4,5),(1412,1,1,4,5),(1413,1,1,8,9),(1414,1,1,8,9),(1415,1,1,5,6),(1416,1,1,4,5),(1417,1,1,6,7),(1418,1,1,0,0),(1419,1,1,0,0),(1420,1,1,0,0),(1421,1,1,0,0),(1422,1,1,0,0),(1423,1,1,0,0),(1424,1,1,0,0),(1425,1,1,0,0),(1426,1,1,0,0),(1427,1,1,0,0),(1428,1,1,0,0),(1429,1,1,0,0),(1430,1,1,0,0),(1431,1,1,0,0),(1432,1,1,0,0),(1433,1,1,4,5),(1434,1,1,6,6),(1435,1,1,8,9),(1436,1,1,0,0),(1437,1,1,8,9),(1438,1,1,6,7),(1439,1,1,8,9),(1440,1,1,5,6),(1441,1,1,2,3),(1442,1,1,2,3),(1443,1,1,2,3),(1444,1,1,2,3),(1445,1,1,2,3),(1446,1,1,4,5),(1447,1,1,5,6),(1448,1,1,3,3),(1449,1,1,4,4),(1450,1,1,4,4),(1451,1,1,4,4),(1452,1,1,4,4),(1453,1,1,4,4),(1454,1,1,4,4),(1455,1,1,4,4),(1456,1,1,4,4),(1457,1,1,4,4),(1458,1,1,4,4),(1459,1,1,4,4),(1460,1,1,4,4),(1461,1,1,2,2),(1462,1,1,2,2),(1463,1,1,2,2),(1464,1,1,2,2),(1465,1,1,2,2),(1466,1,1,2,2),(1467,1,1,2,2),(1468,1,1,2,2),(1469,1,1,6,7),(1470,1,1,6,7),(1471,1,1,3,3),(1472,1,1,3,3),(1473,1,1,2,2),(1474,1,1,2,2),(1475,1,1,0,0),(1476,1,1,2,2),(1477,1,1,2,3),(1478,1,1,1,1),(1479,1,1,1,1),(1480,1,1,2,3),(1481,1,1,0,1),(1482,1,1,0,1),(1483,1,1,1,1),(1484,1,1,1,2),(1485,1,1,0,1),(1486,1,1,1,1),(1487,1,1,0,1),(1488,1,1,1,1),(1489,1,1,0,1),(1490,1,1,0,1),(1491,1,1,0,1),(1492,1,1,0,0),(1493,1,1,0,1),(1494,1,1,0,1),(1495,1,1,1,1),(1496,1,1,0,1),(1497,1,1,0,1),(1498,1,1,2,3),(1499,1,1,2,3),(1500,1,1,2,3),(1501,1,1,2,3),(1502,1,1,2,3),(1503,1,1,1,1),(1504,1,1,0,1),(1505,1,1,0,1),(1506,1,1,1,1),(1507,1,1,1,1),(1508,1,1,0,1),(1509,1,1,1,1),(1510,1,1,1,1),(1511,1,1,0,1),(1512,1,1,0,1),(1513,1,1,0,1),(1514,1,1,0,1),(1515,1,1,1,1),(1516,1,1,0,1),(1517,1,1,0,1),(1518,1,1,4,4),(1519,1,1,1,1),(1520,1,1,3,4),(1521,1,1,1,1),(1522,1,1,0,0),(1523,1,1,1,1),(1524,1,1,3,4),(1525,1,1,0,0),(1526,1,1,0,0),(1527,1,1,1,2),(1528,1,1,4,5),(1529,1,1,1,2),(1530,1,1,1,2),(1531,1,1,1,2),(1532,1,1,1,1),(1533,1,1,1,1),(1534,1,1,1,2),(1535,1,1,1,2),(1536,1,1,1,2),(1537,1,1,0,1),(1538,1,1,1,2),(1539,1,1,0,1),(1540,1,1,1,2),(1541,1,1,1,1),(1542,1,1,3,4),(1543,1,1,1,1),(1544,1,1,1,2),(1545,1,1,3,4),(1546,1,1,2,3),(1547,1,1,2,3),(1548,1,1,6,7),(1549,1,1,4,5),(1550,1,1,6,7),(1551,1,1,2,3),(1552,1,1,2,3),(1553,1,1,2,3),(1554,1,1,2,3),(1555,1,1,2,3),(1556,1,1,2,3),(1557,1,1,2,3),(1558,1,1,2,3),(1559,1,1,2,3),(1560,1,1,2,3),(1561,1,1,2,3),(1562,1,1,2,3),(1563,1,1,2,3),(1564,1,1,2,3),(1565,1,1,2,3),(1566,1,1,2,3),(1567,1,1,2,3),(1568,1,1,2,3),(1569,1,1,2,3),(1570,1,1,2,3),(1571,1,1,2,2),(1572,1,1,2,2),(1573,1,1,1,2),(1574,1,1,3,4),(1575,1,1,3,4),(1576,1,1,3,3),(1577,1,1,2,3),(1578,1,1,3,4),(1579,1,1,4,5),(1580,1,1,3,4),(1581,1,1,6,7),(1582,1,1,4,5),(1583,1,1,6,7),(1584,1,1,3,4),(1585,1,1,3,4),(1586,1,1,4,5),(1587,1,1,2,2),(1588,1,1,2,2),(1589,1,1,2,2),(1590,1,1,2,3),(1591,1,1,2,3),(1592,1,1,2,3),(1593,1,1,2,3),(1594,1,1,2,3),(1595,1,1,2,3),(1596,1,1,2,3),(1597,1,1,2,3),(1598,1,1,2,3),(1599,1,1,2,3),(1600,1,1,2,3),(1601,1,1,3,4),(1602,1,1,2,3),(1603,1,1,2,3),(1604,1,1,2,3),(1605,1,1,2,3),(1606,1,1,2,3),(1607,1,1,2,3),(1608,1,1,2,3),(1609,1,1,2,3),(1610,1,1,2,3),(1611,1,1,2,3),(1612,1,1,2,3),(1613,1,1,2,3),(1614,1,1,2,3),(1615,1,1,2,3),(1616,1,1,2,3),(1617,1,1,2,3),(1618,1,1,2,3),(1619,1,1,2,3),(1620,1,1,2,3),(1621,1,1,2,3),(1622,1,1,2,3),(1623,1,1,2,3),(1624,1,1,2,3),(1625,1,1,2,3),(1626,1,1,2,3),(1627,1,1,2,3),(1628,1,1,2,3),(1629,1,1,2,3),(1630,1,1,2,3),(1631,1,1,2,3),(1632,1,1,2,3),(1633,1,1,2,3),(1634,1,1,2,3),(1635,1,1,2,3),(1636,1,1,2,3),(1637,1,1,2,3),(1638,1,1,2,3),(1639,1,1,2,3),(1640,1,1,2,3),(1641,1,1,2,3),(1642,1,1,2,3),(1643,1,1,2,3),(1644,1,1,2,3),(1645,1,1,2,3),(1646,1,1,2,3),(1647,1,1,2,3),(1648,1,1,2,3),(1649,1,1,2,3),(1650,1,1,2,3),(1651,1,1,2,3),(1652,1,1,2,3),(1653,1,1,2,3),(1654,1,1,2,3),(1655,1,1,2,3),(1656,1,1,2,3),(1657,1,1,2,3),(1658,1,1,2,3),(1659,1,1,2,3),(1660,1,1,2,3),(1661,1,1,2,3),(1662,1,1,2,3),(1663,1,1,2,3),(1664,1,1,2,3),(1665,1,1,2,3),(1666,1,1,2,3),(1667,1,1,1,1),(1668,1,1,2,3),(1669,1,1,2,3),(1670,1,1,2,3),(1671,1,1,2,3),(1672,1,1,2,3),(1673,1,1,2,3),(1674,1,1,2,3),(1675,1,1,2,3),(1676,1,1,2,3),(1677,1,1,2,3),(1678,1,1,2,3),(1679,1,1,2,3),(1680,1,1,2,3),(1681,1,1,2,3),(1682,1,1,2,3),(1683,1,1,2,3),(1684,1,1,2,3),(1685,1,1,2,3),(1686,1,1,2,3),(1687,1,1,2,3),(1688,1,1,2,3),(1689,1,1,2,3),(1690,1,1,2,3),(1691,1,1,2,3),(1692,1,1,2,3),(1693,1,1,2,3),(1694,1,1,2,3),(1695,1,1,2,3),(1696,1,1,2,3),(1697,1,1,2,3),(1698,1,1,2,3),(1699,1,1,2,2),(1700,1,1,2,3),(1701,1,1,2,3),(1702,1,1,2,3),(1703,1,1,2,3),(1704,1,1,2,3),(1705,1,1,2,3),(1706,1,1,2,3),(1707,1,1,2,3),(1708,1,1,2,3),(1709,1,1,2,3),(1710,1,1,2,3),(1711,1,1,2,3),(1712,1,1,2,3),(1713,1,1,2,3),(1714,1,1,2,3),(1715,1,1,2,3),(1716,1,1,2,3),(1717,1,1,2,3),(1718,1,1,2,3),(1719,1,1,2,3),(1720,1,1,2,3),(1721,1,1,2,3),(1722,1,1,2,3),(1723,1,1,2,3),(1724,1,1,2,3),(1725,1,1,2,3),(1726,1,1,2,3),(1727,1,1,2,3),(1728,1,1,2,3),(1729,1,1,2,3),(1730,1,1,2,3),(1731,1,1,2,3),(1732,1,1,2,3),(1733,1,1,2,3),(1734,1,1,2,3),(1735,1,1,2,3),(1736,1,1,2,3),(1737,1,1,2,3),(1738,1,1,2,3),(1739,1,1,2,3),(1740,1,1,2,3),(1741,1,1,2,3),(1742,1,1,2,3),(1743,1,1,2,3),(1744,1,1,2,3),(1745,1,1,2,3),(1746,1,1,2,3),(1747,1,1,2,3),(1748,1,1,2,3),(1749,1,1,2,3),(1750,1,1,2,3),(1751,1,1,2,3),(1752,1,1,2,3),(1753,1,1,2,3),(1754,1,1,2,3),(1755,1,1,2,3),(1756,1,1,2,3),(1757,1,1,2,3),(1758,1,1,2,3),(1759,1,1,2,3),(1760,1,1,2,3),(1761,1,1,2,3),(1762,1,1,2,3),(1763,1,1,2,3),(1764,1,1,2,3),(1765,1,1,2,3),(1766,1,1,2,3),(1767,1,1,2,3),(1768,1,1,2,3),(1769,1,1,2,3),(1770,1,1,2,3),(1771,1,1,2,3),(1772,1,1,2,3),(1773,1,1,2,3),(1774,1,1,2,3),(1775,1,1,2,3),(1776,1,1,2,3),(1777,1,1,2,3),(1778,1,1,2,3),(1779,1,1,2,3),(1780,1,1,2,3),(1781,1,1,2,3),(1782,1,1,2,3),(1783,1,1,2,3),(1784,1,1,2,3),(1785,1,1,4,5),(1786,1,1,3,4),(1787,1,1,3,3),(1788,1,1,4,5),(1789,1,1,3,3),(1790,1,1,9,10),(1791,1,1,2,2),(1792,1,1,3,4),(1793,1,1,3,4),(1794,1,1,2,3),(1795,1,1,2,3),(1796,1,1,3,4),(1797,1,1,1,1),(1798,1,1,2,3),(1799,1,1,8,9),(1800,1,1,8,9),(1801,1,1,8,9),(1802,1,1,8,9),(1803,1,1,4,4),(1804,1,1,8,9),(1805,1,1,7,8),(1806,1,1,4,5),(1807,1,1,4,5),(1808,1,1,7,8),(1809,1,1,3,4),(1810,1,1,1,2),(1811,1,1,4,5),(1812,1,1,6,7),(1813,1,1,4,5),(1814,1,1,3,4),(1815,1,1,2,3),(1816,1,1,3,4),(1817,1,1,8,9),(1818,1,1,8,9),(1819,1,1,3,4),(1820,1,1,9,10),(1821,1,1,4,5),(1822,1,1,3,3),(1823,1,1,6,7),(1824,1,1,3,3),(1825,1,1,4,5),(1826,1,1,4,4),(1827,1,1,3,4),(1828,1,1,3,3),(1829,1,1,3,4),(1830,1,1,2,2),(1831,1,1,5,6),(1832,1,1,1,1),(1833,1,1,3,4),(1834,1,1,2,3),(1835,1,1,2,3),(1836,1,1,4,5),(1837,1,1,3,3),(1838,1,1,3,3),(1839,1,1,8,9),(1840,1,1,6,7),(1841,1,1,3,3),(1842,1,1,3,4),(1843,1,1,3,4),(1844,1,1,3,4),(1845,1,1,3,4),(1846,1,1,9,10),(1847,1,1,6,7),(1848,1,1,4,4),(1849,1,1,3,4),(1850,1,1,16,17),(1851,1,1,7,8),(1852,1,1,6,7),(1853,1,1,14,15),(1854,1,1,6,7),(1855,1,1,4,4),(1856,1,1,4,5),(1857,1,1,4,4),(1858,1,1,3,3),(1859,1,1,4,5),(1860,1,1,5,6),(1861,1,1,7,8),(1862,1,1,4,4),(1863,1,1,3,4),(1864,1,1,2,3),(1865,1,1,6,7),(1866,1,1,4,5),(1867,1,1,17,18),(1868,1,1,2,3),(1869,1,1,2,2),(1870,1,1,2,2),(1871,1,1,2,2),(1872,1,1,2,2),(1873,1,1,2,2),(1874,1,1,2,2),(1875,1,1,2,2),(1876,1,1,2,2),(1877,1,1,7,8),(1878,1,1,2,3),(1879,1,1,2,3),(1880,1,1,6,7),(1881,1,1,12,13),(1882,1,1,4,5),(1883,1,1,3,4),(1884,1,1,3,4),(1885,1,1,2,3),(1886,1,1,3,4),(1887,1,1,3,4),(1888,1,1,4,5),(1889,1,1,14,15),(1890,1,1,4,4),(1891,1,1,4,4),(1892,1,1,4,4),(1893,1,1,14,15),(1894,1,1,2,3),(1895,1,1,4,4),(1896,1,1,3,4),(1897,1,1,1,1),(1898,1,1,3,4),(1899,1,1,3,4),(1900,1,1,8,9),(1901,1,1,2,3),(1902,1,1,2,3),(1903,1,1,2,3),(1904,1,1,4,5),(1905,1,1,3,4),(1906,1,1,3,4),(1907,1,1,3,4),(1908,1,1,3,4),(1909,1,1,3,4),(1910,1,1,0,0),(1911,1,1,3,4),(1912,1,1,6,7),(1913,1,1,5,6),(1914,1,1,4,4),(1915,1,1,4,4),(1916,1,1,8,9),(1917,1,1,6,7),(1918,1,1,7,8),(1919,1,1,9,10),(1920,1,1,3,4),(1921,1,1,3,4),(1922,1,1,4,4),(1923,1,1,4,5),(1924,1,1,3,4),(1925,1,1,4,5),(1926,1,1,4,5),(1927,1,1,3,4),(1928,1,1,2,2),(1929,1,1,2,2),(1930,1,1,2,2),(1931,1,1,5,6),(1932,1,1,5,5),(1933,1,1,5,5),(1934,1,1,4,5),(1935,1,1,4,5),(1936,1,1,4,5),(1937,1,1,4,5),(1938,1,1,4,5),(1939,1,1,4,5),(1940,1,1,4,5),(1941,1,1,4,5),(1942,1,1,4,5),(1943,1,1,3,4),(1944,1,1,3,4),(1945,1,1,3,4),(1946,1,1,3,4),(1947,1,1,3,4),(1948,1,1,0,0),(1949,1,1,1,2),(1950,1,1,1,2),(1951,1,1,2,3),(1952,1,1,3,3),(1953,1,1,1,2),(1954,1,1,3,3),(1955,1,1,3,3),(1956,1,1,3,3),(1957,1,1,8,9),(1958,1,1,3,4),(1959,1,1,6,6),(1960,1,1,3,4),(1961,1,1,1,2),(1962,1,1,1,2),(1963,1,1,9,10),(1964,1,1,9,10),(1965,1,1,9,10),(1966,1,1,9,10),(1967,1,1,9,10),(1968,1,1,0,0),(1969,1,1,9,10),(1970,1,1,9,10),(1971,1,1,9,10),(1972,1,1,9,10),(1973,1,1,9,10),(1974,1,1,9,10),(1975,1,1,2,3),(1976,1,1,3,4),(1977,1,1,4,5),(1978,1,1,2,3),(1979,1,1,2,3),(1980,1,1,2,3),(1981,1,1,0,0),(1982,1,1,2,3),(1983,1,1,2,3),(1984,1,1,2,3),(1985,1,1,2,3),(1986,1,1,2,3),(1987,1,1,2,3),(1988,1,1,2,3),(1989,1,1,2,3),(1990,1,1,2,3),(1991,1,1,2,3),(1992,1,1,4,4),(1993,1,1,2,3),(1994,1,1,2,3),(1995,1,1,0,1),(1996,1,1,2,3),(1997,1,1,2,3),(1998,1,1,2,3),(1999,1,1,14,15),(2000,1,1,2,3),(2001,1,1,2,3),(2002,1,1,2,3),(2003,1,1,2,3),(2004,1,1,2,3),(2005,1,1,2,3),(2006,1,1,2,3),(2007,1,1,2,3),(2017,1,1,2,2),(2140,1,1,1,2),(2141,1,1,2,3),(2142,1,1,2,3),(2155,1,1,1,1),(2156,1,1,1,1),(2157,1,1,1,1),(2158,1,1,1,1),(2159,1,1,1,1),(2160,1,1,1,1),(2161,1,1,1,1),(2163,1,1,11,12),(2164,1,1,11,12),(2165,1,1,10,11),(2166,1,1,10,11),(2167,1,1,11,12),(2168,1,1,11,12),(2169,1,1,13,14),(2170,1,1,12,13),(2171,1,1,12,13),(2172,1,1,12,13),(2173,1,1,10,11),(2174,1,1,10,11),(2175,1,1,10,11),(2176,1,1,10,11),(2177,1,1,11,12),(2178,1,1,11,12),(2179,1,1,9,10),(2180,1,1,3,3),(2181,1,1,2,3),(2190,1,1,3,3),(2191,1,1,2,2),(2193,1,1,5,6),(2194,1,1,5,6),(2195,1,1,7,8),(2196,1,1,6,6),(2197,1,1,3,4),(2198,1,1,3,4),(2199,1,1,3,4),(2200,1,1,3,4),(2204,1,1,3,4),(2205,1,1,2,3),(2210,1,1,0,0),(2211,1,1,2,2),(2212,1,1,4,5),(2213,1,1,4,4),(2214,1,1,4,5),(2215,1,1,4,4),(2216,1,1,4,4),(2217,1,1,3,3),(2218,1,1,0,0),(2219,1,1,4,4),(2220,1,1,0,0),(2221,1,1,0,0),(2222,1,1,0,0),(2223,1,1,3,4),(2224,1,1,4,5),(2225,1,1,0,0),(2226,1,1,1,1),(2227,1,1,3,3),(2228,1,1,6,7),(2229,1,1,0,0),(2230,1,1,2,2),(2231,1,1,0,0),(2232,1,1,0,0),(2234,1,1,0,0),(2235,1,1,0,0),(2236,1,1,0,0),(2237,1,1,0,0),(2245,1,1,6,7),(2246,1,1,6,7),(2247,1,1,8,9),(2248,1,1,8,9),(2249,1,1,6,7),(2250,1,1,6,7),(2251,1,1,6,7),(2252,1,1,8,9),(2253,1,1,6,7),(2254,1,1,8,9),(2255,1,1,6,7),(2256,1,1,6,7),(2257,1,1,6,7),(2258,1,1,6,7),(2259,1,1,6,7),(2260,1,1,6,7),(2261,1,1,8,9),(2262,1,1,8,9),(2263,1,1,6,7),(2264,1,1,6,7),(2265,1,1,9,10),(2266,1,1,6,7),(2267,1,1,8,9),(2268,1,1,6,7),(2269,1,1,8,9),(2270,1,1,6,7),(2271,1,1,6,7),(2272,1,1,6,7),(2273,1,1,6,7),(2274,1,1,6,7),(2275,1,1,6,7),(2276,1,1,6,7),(2277,1,1,5,5),(2278,1,1,5,5),(2279,1,1,5,5),(2280,1,1,5,5),(2281,1,1,5,5),(2282,1,1,5,5),(2283,1,1,5,5),(2284,1,1,5,5),(2285,1,1,6,6),(2286,1,1,5,5),(2287,1,1,5,5),(2288,1,1,5,5),(2289,1,1,5,5),(2290,1,1,5,5),(2291,1,1,5,5),(2292,1,1,5,5),(2293,1,1,5,5),(2294,1,1,5,5),(2295,1,1,7,7),(2296,1,1,5,5),(2297,1,1,6,6),(2299,1,1,8,9),(2300,1,1,6,7),(2301,1,1,6,7),(2302,1,1,9,10),(2303,1,1,6,7),(2304,1,1,6,7),(2305,1,1,6,7),(2306,1,1,6,7),(2307,1,1,6,7),(2308,1,1,6,7),(2309,1,1,6,7),(2310,1,1,6,7),(2311,1,1,6,7),(2312,1,1,6,7),(2313,1,1,6,7),(2314,1,1,8,9),(2315,1,1,6,7),(2316,1,1,6,7),(2317,1,1,9,10),(2318,1,1,8,9),(2319,1,1,8,9),(2320,1,1,6,7),(2321,1,1,6,7),(2322,1,1,6,7),(2323,1,1,6,7),(2324,1,1,9,10),(2325,1,1,6,7),(2326,1,1,9,10),(2327,1,1,6,7),(2328,1,1,6,7),(2329,1,1,6,7),(2330,1,1,6,7),(2331,1,1,8,9),(2332,1,1,6,7),(2333,1,1,9,10),(2334,1,1,6,7),(2335,1,1,8,9),(2336,1,1,6,7),(2337,1,1,8,9),(2338,1,1,8,9),(2339,1,1,6,7),(2340,1,1,9,10),(2341,1,1,6,7),(2342,1,1,8,9),(2343,1,1,8,9),(2344,1,1,6,7),(2345,1,1,8,9),(2346,1,1,8,9),(2347,1,1,8,9),(2348,1,1,8,9),(2349,1,1,11,12),(2350,1,1,8,9),(2352,1,1,2,2),(2353,1,1,2,2),(2354,1,1,2,2),(2355,1,1,2,2),(2356,1,1,1,2),(2362,1,1,4,4),(2364,1,1,11,12),(2365,1,1,11,12),(2366,1,1,11,12),(2367,1,1,14,15),(2368,1,1,14,15),(2369,1,1,14,15),(2370,1,1,11,12),(2371,1,1,12,13),(2372,1,1,4,5),(2373,1,1,6,7),(2374,1,1,4,5),(2375,1,1,4,5),(2376,1,1,4,5),(2379,1,1,0,0),(2380,1,1,0,0),(2381,1,1,0,0),(2382,1,1,0,0),(2383,1,1,0,0),(2384,1,1,0,0),(2385,1,1,0,0),(2386,1,1,0,0),(2387,1,1,0,0),(2388,1,1,0,0),(2389,1,1,0,0),(2390,1,1,0,0),(2391,1,1,0,0),(2392,1,1,0,0),(2393,1,1,0,0),(2394,1,1,0,0),(2395,1,1,0,0),(2396,1,1,0,0),(2397,1,1,0,0),(2398,1,1,0,0),(2399,1,1,0,0),(2400,1,1,0,0),(2401,1,1,0,0),(2402,1,1,0,0),(2403,1,1,0,0),(2404,1,1,0,0),(2405,1,1,0,0),(2406,1,1,0,0),(2407,1,1,0,0),(2408,1,1,0,0),(2409,1,1,0,0),(2410,1,1,0,0),(2411,1,1,0,0),(2412,1,1,0,0),(2413,1,1,0,0),(2414,1,1,0,0),(2415,1,1,0,0),(2416,1,1,0,0),(2417,1,1,0,0),(2418,1,1,0,0),(2419,1,1,0,0),(2420,1,1,0,0),(2421,1,1,0,0),(2422,1,1,0,0),(2423,1,1,0,0),(2424,1,1,0,0),(2425,1,1,0,0),(2426,1,1,0,0),(2427,1,1,0,0),(2428,1,1,0,0),(2429,1,1,0,0),(2430,1,1,0,0),(2431,1,1,0,0),(2432,1,1,0,0),(2433,1,1,0,0),(2434,1,1,0,0),(2435,1,1,0,0),(2436,1,1,0,0),(2437,1,1,0,0),(2438,1,1,0,0),(2439,1,1,0,0),(2440,1,1,0,0),(2441,1,1,0,0),(2442,1,1,0,0),(2443,1,1,0,0),(2444,1,1,0,0),(2445,1,1,0,0),(2446,1,1,0,0),(2447,1,1,0,0),(2448,1,1,0,0),(2449,1,1,0,0),(2450,1,1,0,0),(2451,1,1,0,0),(2452,1,1,0,0),(2453,1,1,0,0),(2454,1,1,0,0),(2455,1,1,0,0),(2456,1,1,0,0),(2457,1,1,0,0),(2458,1,1,0,0),(2459,1,1,0,0),(2460,1,1,0,0),(2461,1,1,0,0),(2462,1,1,0,0),(2463,1,1,0,0),(2464,1,1,0,0),(2465,1,1,0,0),(2466,1,1,0,0),(2467,1,1,0,0),(2468,1,1,0,0),(2469,1,1,0,0),(2470,1,1,0,0),(2471,1,1,0,0),(2472,1,1,0,0),(2473,1,1,0,0),(2474,1,1,0,0),(2475,1,1,0,0),(2476,1,1,0,0),(2477,1,1,0,0),(2478,1,1,0,0),(2479,1,1,0,0),(2480,1,1,0,0),(2481,1,1,0,0),(2482,1,1,0,0),(2483,1,1,0,0),(2484,1,1,0,0),(2485,1,1,0,0),(2486,1,1,0,0),(2487,1,1,0,0),(2488,1,1,0,0),(2489,1,1,0,0),(2490,1,1,0,0),(2491,1,1,0,0),(2492,1,1,0,0),(2493,1,1,0,0),(2496,1,1,0,0),(2497,1,1,0,0),(2498,1,1,0,0),(2499,1,1,0,0),(2500,1,1,0,0),(2501,1,1,0,0),(2502,1,1,0,0),(2503,1,1,0,0),(2504,1,1,0,0),(2505,1,1,0,0),(2506,1,1,0,0),(2507,1,1,0,0),(2508,1,1,0,0),(2509,1,1,0,0),(2510,1,1,0,0),(2511,1,1,0,0),(2512,1,1,0,0),(2513,1,1,4,5),(2514,1,1,0,0),(2515,1,1,0,0),(2516,1,1,0,0),(2517,1,1,0,0),(2518,1,1,0,0),(2519,1,1,0,0),(2520,1,1,0,0),(2521,1,1,0,0),(2522,1,1,0,0),(2523,1,1,0,0),(2524,1,1,0,0),(2525,1,1,0,0),(2526,1,1,0,0),(2527,1,1,0,0),(2528,1,1,0,0),(2529,1,1,0,0),(2530,1,1,0,0),(2531,1,1,0,0),(2532,1,1,0,0),(2533,1,1,0,0),(2534,1,1,0,0),(2535,1,1,0,0),(2536,1,1,0,0),(2537,1,1,0,0),(2538,1,1,0,0),(2539,1,1,0,0),(2540,1,1,0,0),(2541,1,1,0,0),(2542,1,1,0,0),(2543,1,1,0,0),(2544,1,1,0,0),(2545,1,1,0,0),(2547,1,1,0,0),(2548,1,1,0,0),(2549,1,1,3,4),(2550,1,1,4,5),(2551,1,1,6,7),(2552,1,1,4,4),(2553,1,1,3,4),(2554,1,1,4,4),(2555,1,1,4,4),(2556,1,1,4,4),(2557,1,1,3,4),(2558,1,1,3,4),(2559,1,1,3,4),(2560,1,1,3,4),(2561,1,1,3,4),(2562,1,1,3,3),(2563,1,1,4,5),(2564,1,1,4,4),(2574,1,1,3,4),(2575,1,1,18,19),(2576,1,1,12,13),(2577,1,1,3,4),(2578,1,1,6,7),(2579,1,1,4,5),(2580,1,1,3,4),(2581,1,1,5,6),(2582,1,1,7,8),(2583,1,1,1,2),(2584,1,1,2,2),(2585,1,1,2,2),(2586,1,1,2,2),(2587,1,1,2,2),(2594,1,1,4,5),(2595,1,1,1,1),(2596,1,1,6,7),(2598,1,1,6,7),(2599,1,1,6,7),(2600,1,1,4,5),(2601,1,1,4,5),(2602,1,1,6,7),(2603,1,1,4,5),(2604,1,1,4,5),(2605,1,1,3,4),(2606,1,1,3,4),(2607,1,1,3,4),(2608,1,1,4,5),(2609,1,1,3,4),(2610,1,1,6,7),(2611,1,1,3,4),(2612,1,1,3,4),(2613,1,1,3,4),(2614,1,1,4,5),(2615,1,1,6,7),(2616,1,1,3,4),(2617,1,1,3,4),(2621,1,1,4,5),(2622,1,1,4,5),(2623,1,1,4,5),(2624,1,1,4,5),(2625,1,1,4,5),(2626,1,1,4,5),(2627,1,1,3,4),(2628,1,1,4,5),(2629,1,1,4,5),(2630,1,1,3,4),(2631,1,1,3,4),(2632,1,1,6,7),(2633,1,1,4,5),(2634,1,1,3,4),(2635,1,1,3,4),(2636,1,1,4,5),(2637,1,1,4,5),(2638,1,1,4,5),(2639,1,1,4,5),(2640,1,1,6,7),(2641,1,1,6,7),(2642,1,1,3,4),(2643,1,1,4,5),(2644,1,1,3,4),(2645,1,1,4,5),(2646,1,1,3,4),(2647,1,1,3,4),(2648,1,1,6,7),(2649,1,1,4,5),(2650,1,1,6,7),(2651,1,1,3,4),(2652,1,1,4,5),(2653,1,1,3,4),(2654,1,1,4,5),(2655,1,1,3,4),(2656,1,1,3,4),(2657,1,1,3,4),(2658,1,1,6,7),(2659,1,1,4,5),(2660,1,1,3,4),(2661,1,1,19,20),(2662,1,1,19,20),(2663,1,1,19,20),(2664,1,1,19,20),(2665,1,1,19,20),(2666,1,1,19,20),(2667,1,1,3,4),(2668,1,1,9,10),(2669,1,1,9,10),(2670,1,1,9,10),(2671,1,1,9,10),(2672,1,1,9,10),(2673,1,1,9,10),(2674,1,1,9,10),(2675,1,1,3,4),(2680,1,1,0,0),(2681,1,1,0,0),(2682,1,1,0,0),(2683,1,1,0,0),(2684,1,1,0,0),(2685,1,1,0,0),(2686,1,1,0,0),(2687,1,1,0,0),(2688,1,1,0,0),(2689,1,1,0,0),(2690,1,1,0,0),(2691,1,1,0,0),(2692,1,1,0,0),(2693,1,1,0,0),(2694,1,1,0,0),(2695,1,1,0,0),(2696,1,1,0,0),(2697,1,1,0,0),(2698,1,1,0,0),(2699,1,1,0,0),(2700,1,1,0,0),(2701,1,1,0,0),(2702,1,1,0,0),(2703,1,1,0,0),(2704,1,1,0,0),(2705,1,1,0,0),(2706,1,1,0,0),(2707,1,1,0,0),(2708,1,1,0,0),(2709,1,1,0,0),(2710,1,1,0,0),(2711,1,1,0,0),(2712,1,1,0,0),(2713,1,1,0,0),(2714,1,1,0,0),(2715,1,1,0,0),(2716,1,1,0,0),(2717,1,1,0,0),(2718,1,1,0,0),(2719,1,1,0,0),(2720,1,1,0,0),(2721,1,1,0,0),(2722,1,1,0,0),(2723,1,1,0,0),(2724,1,1,0,0),(2725,1,1,0,0),(2726,1,1,0,0),(2727,1,1,0,0),(2728,1,1,0,0),(2729,1,1,0,0),(2730,1,1,0,0),(2731,1,1,0,0),(2732,1,1,0,0),(2733,1,1,0,0),(2734,1,1,0,0),(2735,1,1,0,0),(2736,1,1,0,0),(2737,1,1,0,0),(2738,1,1,0,0),(2739,1,1,0,0),(2740,1,1,0,0),(2741,1,1,0,0),(2742,1,1,0,0),(2743,1,1,0,0),(2744,1,1,0,0),(2745,1,1,0,0),(2746,1,1,0,0),(2747,1,1,0,0),(2748,1,1,0,0),(2749,1,1,0,0),(2750,1,1,0,0),(2751,1,1,0,0),(2752,1,1,0,0),(2753,1,1,0,0),(2754,1,1,0,0),(2755,1,1,0,0),(2756,1,1,0,0),(2757,1,1,0,0),(2758,1,1,0,0),(2759,1,1,0,0),(2760,1,1,0,0),(2761,1,1,0,0),(2762,1,1,0,0),(2763,1,1,0,0),(2764,1,1,0,0),(2765,1,1,0,0),(2766,1,1,0,0),(2767,1,1,0,0),(2768,1,1,0,0),(2769,1,1,0,0),(2770,1,1,0,0),(2771,1,1,0,0),(2772,1,1,0,0),(2773,1,1,0,0),(2774,1,1,0,0),(2775,1,1,0,0),(2776,1,1,0,0),(2777,1,1,0,0),(2778,1,1,0,0),(2779,1,1,0,0),(2780,1,1,0,0),(2781,1,1,0,0),(2782,1,1,0,0),(2783,1,1,0,0),(2784,1,1,0,0),(2785,1,1,0,0),(2786,1,1,0,0),(2787,1,1,0,0),(2788,1,1,0,0),(2789,1,1,0,0),(2790,1,1,0,0),(2791,1,1,0,0),(2792,1,1,0,0),(2793,1,1,0,0),(2794,1,1,0,0),(2795,1,1,0,0),(2798,1,1,0,0),(2799,1,1,0,0),(2800,1,1,0,0),(2804,1,1,0,0),(2805,1,1,0,0),(2806,1,1,0,0),(2807,1,1,0,0),(2808,1,1,0,0),(2809,1,1,0,0),(2810,1,1,0,0),(2811,1,1,0,0),(2812,1,1,0,0),(2813,1,1,0,0),(2814,1,1,0,0),(2815,1,1,0,0),(2816,1,1,0,0),(2817,1,1,0,0),(2818,1,1,0,0),(2819,1,1,0,0),(2820,1,1,0,0),(2821,1,1,0,0),(2822,1,1,0,0),(2823,1,1,0,0),(2824,1,1,0,0),(2825,1,1,0,0),(2826,1,1,0,0),(2827,1,1,0,0),(2828,1,1,0,0),(2829,1,1,0,0),(2830,1,1,0,0),(2831,1,1,0,0),(2832,1,1,0,0),(2833,1,1,0,0),(2834,1,1,0,0),(2835,1,1,0,0),(2836,1,1,0,0),(2837,1,1,0,0),(2838,1,1,0,0),(2839,1,1,0,0),(2840,1,1,0,0),(2841,1,1,0,0),(2842,1,1,0,0),(2855,1,1,0,0),(2856,1,1,0,0),(2857,1,1,0,0),(2858,1,1,0,0),(2859,1,1,0,0),(2860,1,1,0,0),(2861,1,1,0,0),(2862,1,1,0,0),(2863,1,1,0,0),(2864,1,1,0,0),(2865,1,1,0,0),(2866,1,1,3,4),(2867,1,1,8,9),(2868,1,1,4,5),(2874,1,1,0,0),(2875,1,1,7,8),(2876,1,1,7,8),(2877,1,1,7,8),(2878,1,1,3,3),(3538,1,1,0,0),(3655,1,1,1,2);

--
-- Table structure for table `ps_layered_product_attribute`
--

CREATE TABLE `ps_layered_product_attribute` (
  `id_attribute` int(10) unsigned NOT NULL,
  `id_product` int(10) unsigned NOT NULL,
  `id_attribute_group` int(10) unsigned NOT NULL DEFAULT '0',
  `id_shop` int(10) unsigned NOT NULL DEFAULT '1',
  KEY `id_attribute` (`id_attribute`)
) ENGINE=InnoDB DEFAULT CHARSET=utf8;

--
-- Dumping data for table `ps_layered_product_attribute`
--

INSERT INTO `ps_layered_product_attribute` VALUES (1,6,1,1),(1,27,1,1),(1,41,1,1),(1,55,1,1),(1,167,1,1),(1,181,1,1),(1,190,1,1),(1,206,1,1),(1,312,1,1),(1,313,1,1),(1,712,1,1),(1,1296,1,1),(1,1357,1,1),(1,1370,1,1),(1,1474,1,1),(1,1517,1,1),(1,1809,1,1),(1,2179,1,1),(2,6,2,1),(2,7,2,1),(2,20,2,1),(2,21,2,1),(2,22,2,1),(2,23,2,1),(2,24,2,1),(2,1788,2,1),(2,1890,2,1),(2,1891,2,1),(2,1892,2,1),(3,6,2,1),(3,7,2,1),(3,20,2,1),(3,21,2,1),(3,22,2,1),(3,23,2,1),(3,24,2,1),(4,6,2,1),(4,7,2,1),(4,20,2,1),(4,21,2,1),(4,22,2,1),(4,23,2,1),(4,24,2,1),(5,6,2,1),(5,20,2,1),(5,21,2,1),(5,23,2,1),(5,24,2,1),(6,6,2,1),(6,7,2,1),(6,20,2,1),(6,21,2,1),(6,22,2,1),(6,23,2,1),(6,24,2,1),(7,6,2,1),(7,7,2,1),(7,20,2,1),(7,21,2,1),(7,22,2,1),(7,23,2,1),(7,24,2,1),(8,7,1,1),(8,35,1,1),(8,50,1,1),(8,82,1,1),(8,199,1,1),(8,256,1,1),(8,1352,1,1),(8,1456,1,1),(8,1464,1,1),(8,1471,1,1),(8,1473,1,1),(8,1474,1,1),(8,1509,1,1),(8,1511,1,1),(8,1516,1,1),(8,1785,1,1),(8,1791,1,1),(8,1805,1,1),(9,7,2,1),(9,22,2,1),(10,5,1,1),(10,20,1,1),(10,28,1,1),(10,42,1,1),(10,56,1,1),(10,58,1,1),(10,60,1,1),(10,62,1,1),(10,166,1,1),(10,171,1,1),(10,185,1,1),(10,1423,1,1),(10,1461,1,1),(10,1473,1,1),(10,1791,1,1),(10,1816,1,1),(10,1830,1,1),(10,1839,1,1),(10,2226,1,1),(10,2227,1,1),(10,2228,1,1),(10,2554,1,1),(10,2579,1,1),(10,2580,1,1),(10,2581,1,1),(10,2582,1,1),(11,21,1,1),(11,29,1,1),(11,43,1,1),(11,55,1,1),(11,127,1,1),(11,128,1,1),(11,191,1,1),(11,254,1,1),(11,778,1,1),(11,1471,1,1),(11,1803,1,1),(12,22,1,1),(12,30,1,1),(12,44,1,1),(12,55,1,1),(12,56,1,1),(12,58,1,1),(12,60,1,1),(12,62,1,1),(12,168,1,1),(12,183,1,1),(12,184,1,1),(12,189,1,1),(12,199,1,1),(12,206,1,1),(12,207,1,1),(12,311,1,1),(12,312,1,1),(12,313,1,1),(12,712,1,1),(12,1457,1,1),(12,1465,1,1),(12,1473,1,1),(12,1474,1,1),(12,1517,1,1),(12,1790,1,1),(12,1809,1,1),(12,2196,1,1),(13,17,1,1),(13,23,1,1),(13,25,1,1),(13,47,1,1),(13,55,1,1),(13,67,1,1),(13,72,1,1),(13,76,1,1),(13,78,1,1),(13,79,1,1),(13,84,1,1),(13,86,1,1),(13,89,1,1),(13,96,1,1),(13,99,1,1),(13,110,1,1),(13,111,1,1),(13,116,1,1),(13,117,1,1),(13,118,1,1),(13,145,1,1),(13,188,1,1),(13,199,1,1),(13,213,1,1),(13,214,1,1),(13,215,1,1),(13,216,1,1),(13,217,1,1),(13,218,1,1),(13,219,1,1),(13,220,1,1),(13,221,1,1),(13,222,1,1),(13,251,1,1),(13,252,1,1),(13,290,1,1),(13,291,1,1),(13,301,1,1),(13,413,1,1),(13,595,1,1),(13,873,1,1),(13,924,1,1),(13,1121,1,1),(13,1203,1,1),(13,1278,1,1),(13,1281,1,1),(13,1283,1,1),(13,1290,1,1),(13,1299,1,1),(13,1300,1,1),(13,1303,1,1),(13,1307,1,1),(13,1308,1,1),(13,1310,1,1),(13,1311,1,1),(13,1313,1,1),(13,1314,1,1),(13,1315,1,1),(13,1316,1,1),(13,1317,1,1),(13,1324,1,1),(13,1325,1,1),(13,1326,1,1),(13,1327,1,1),(13,1328,1,1),(13,1332,1,1),(13,1335,1,1),(13,1336,1,1),(13,1337,1,1),(13,1338,1,1),(13,1339,1,1),(13,1340,1,1),(13,1341,1,1),(13,1342,1,1),(13,1346,1,1),(13,1352,1,1),(13,1420,1,1),(13,1422,1,1),(13,1425,1,1),(13,1426,1,1),(13,1427,1,1),(13,1430,1,1),(13,1434,1,1),(13,1437,1,1),(13,1438,1,1),(13,1439,1,1),(13,1469,1,1),(13,1470,1,1),(13,1473,1,1),(13,1478,1,1),(13,1479,1,1),(13,1503,1,1),(13,1504,1,1),(13,1505,1,1),(13,1506,1,1),(13,1508,1,1),(13,1509,1,1),(13,1515,1,1),(13,1516,1,1),(13,1517,1,1),(13,1529,1,1),(13,1530,1,1),(13,1531,1,1),(13,1532,1,1),(13,1533,1,1),(13,1534,1,1),(13,1535,1,1),(13,1536,1,1),(13,1537,1,1),(13,1538,1,1),(13,1543,1,1),(13,1787,1,1),(13,1788,1,1),(13,1793,1,1),(13,1795,1,1),(13,1796,1,1),(13,1803,1,1),(13,1805,1,1),(13,1811,1,1),(13,1814,1,1),(13,1817,1,1),(13,1818,1,1),(13,1819,1,1),(13,1829,1,1),(13,1833,1,1),(13,1837,1,1),(13,1840,1,1),(13,1849,1,1),(13,1859,1,1),(13,1865,1,1),(13,1880,1,1),(13,1881,1,1),(13,1954,1,1),(13,2352,1,1),(13,2353,1,1),(13,2549,1,1),(14,24,1,1),(14,36,1,1),(14,53,1,1),(14,802,1,1),(14,1459,1,1),(15,27,2,1),(15,28,2,1),(15,29,2,1),(15,30,2,1),(15,31,2,1),(15,33,2,1),(15,35,2,1),(15,37,2,1),(15,38,2,1),(15,39,2,1),(16,26,2,1),(16,27,2,1),(16,28,2,1),(16,29,2,1),(16,30,2,1),(16,31,2,1),(16,32,2,1),(16,33,2,1),(16,34,2,1),(16,35,2,1),(16,36,2,1),(16,37,2,1),(16,38,2,1),(16,39,2,1),(17,26,2,1),(17,27,2,1),(17,28,2,1),(17,29,2,1),(17,30,2,1),(17,31,2,1),(17,32,2,1),(17,33,2,1),(17,34,2,1),(17,35,2,1),(17,36,2,1),(17,37,2,1),(17,38,2,1),(17,39,2,1),(18,26,2,1),(18,27,2,1),(18,28,2,1),(18,29,2,1),(18,30,2,1),(18,31,2,1),(18,32,2,1),(18,33,2,1),(18,34,2,1),(18,35,2,1),(18,36,2,1),(18,37,2,1),(18,38,2,1),(18,39,2,1),(19,26,2,1),(19,27,2,1),(19,28,2,1),(19,29,2,1),(19,30,2,1),(19,31,2,1),(19,32,2,1),(19,33,2,1),(19,34,2,1),(19,35,2,1),(19,36,2,1),(19,37,2,1),(19,38,2,1),(19,39,2,1),(20,26,2,1),(20,27,2,1),(20,28,2,1),(20,29,2,1),(20,30,2,1),(20,31,2,1),(20,32,2,1),(20,33,2,1),(20,34,2,1),(20,35,2,1),(20,36,2,1),(20,37,2,1),(20,38,2,1),(20,39,2,1),(21,26,2,1),(21,27,2,1),(21,28,2,1),(21,29,2,1),(21,30,2,1),(21,31,2,1),(21,32,2,1),(21,33,2,1),(21,34,2,1),(21,35,2,1),(21,36,2,1),(21,37,2,1),(21,38,2,1),(21,39,2,1),(21,102,2,1),(22,26,2,1),(22,27,2,1),(22,28,2,1),(22,29,2,1),(22,30,2,1),(22,31,2,1),(22,32,2,1),(22,33,2,1),(22,34,2,1),(22,35,2,1),(22,36,2,1),(22,37,2,1),(22,38,2,1),(22,39,2,1),(24,26,1,1),(24,40,1,1),(24,55,1,1),(24,80,1,1),(24,95,1,1),(24,129,1,1),(24,155,1,1),(24,160,1,1),(24,162,1,1),(24,192,1,1),(24,224,1,1),(24,257,1,1),(24,297,1,1),(24,305,1,1),(24,306,1,1),(24,309,1,1),(24,310,1,1),(24,311,1,1),(24,312,1,1),(24,313,1,1),(24,317,1,1),(24,318,1,1),(24,319,1,1),(24,712,1,1),(24,714,1,1),(24,763,1,1),(24,764,1,1),(24,765,1,1),(24,797,1,1),(24,853,1,1),(24,873,1,1),(24,889,1,1),(24,899,1,1),(24,901,1,1),(24,913,1,1),(24,915,1,1),(24,923,1,1),(24,924,1,1),(24,929,1,1),(24,957,1,1),(24,973,1,1),(24,1009,1,1),(24,1010,1,1),(24,1022,1,1),(24,1028,1,1),(24,1102,1,1),(24,1120,1,1),(24,1121,1,1),(24,1203,1,1),(24,1281,1,1),(24,1283,1,1),(24,1321,1,1),(24,1432,1,1),(24,1433,1,1),(24,1474,1,1),(24,1503,1,1),(24,1508,1,1),(24,1515,1,1),(24,1517,1,1),(24,1526,1,1),(24,1547,1,1),(24,1548,1,1),(24,1573,1,1),(24,1584,1,1),(24,1790,1,1),(24,1791,1,1),(24,1793,1,1),(24,1795,1,1),(24,1796,1,1),(24,1803,1,1),(24,1805,1,1),(24,1806,1,1),(24,1811,1,1),(24,1814,1,1),(24,1821,1,1),(24,1833,1,1),(24,1849,1,1),(24,1851,1,1),(24,1858,1,1),(24,1866,1,1),(24,1867,1,1),(24,1960,1,1),(24,2179,1,1),(24,2196,1,1),(24,2210,1,1),(24,2211,1,1),(24,2212,1,1),(24,2213,1,1),(24,2214,1,1),(24,2215,1,1),(24,2226,1,1),(24,2227,1,1),(24,2374,1,1),(24,2376,1,1),(24,2549,1,1),(24,2551,1,1),(24,2554,1,1),(24,2557,1,1),(24,2560,1,1),(24,2562,1,1),(24,2594,1,1),(25,31,1,1),(25,45,1,1),(25,74,1,1),(25,92,1,1),(25,169,1,1),(25,178,1,1),(25,809,1,1),(25,814,1,1),(25,815,1,1),(25,855,1,1),(25,856,1,1),(25,857,1,1),(25,891,1,1),(25,893,1,1),(25,895,1,1),(25,902,1,1),(25,915,1,1),(25,942,1,1),(25,958,1,1),(25,973,1,1),(25,1483,1,1),(25,1484,1,1),(25,1485,1,1),(25,1486,1,1),(25,1487,1,1),(25,1488,1,1),(25,1489,1,1),(25,1490,1,1),(25,1491,1,1),(25,1492,1,1),(25,1493,1,1),(25,1494,1,1),(25,1495,1,1),(25,1496,1,1),(25,1497,1,1),(25,1797,1,1),(25,1799,1,1),(25,1800,1,1),(25,1801,1,1),(25,1802,1,1),(25,1812,1,1),(25,1852,1,1),(25,2216,1,1),(25,2217,1,1),(25,2218,1,1),(25,2219,1,1),(25,2220,1,1),(25,2221,1,1),(25,2222,1,1),(25,2223,1,1),(25,2224,1,1),(25,2225,1,1),(25,2226,1,1),(25,2227,1,1),(25,2228,1,1),(25,2232,1,1),(25,2234,1,1),(25,2235,1,1),(25,2236,1,1),(25,2557,1,1),(26,32,1,1),(26,46,1,1),(26,258,1,1),(26,809,1,1),(26,814,1,1),(26,815,1,1),(26,818,1,1),(26,832,1,1),(26,855,1,1),(26,856,1,1),(26,857,1,1),(26,889,1,1),(26,891,1,1),(26,893,1,1),(26,895,1,1),(26,899,1,1),(26,902,1,1),(26,942,1,1),(26,958,1,1),(26,1431,1,1),(26,1482,1,1),(26,1484,1,1),(26,1488,1,1),(26,1489,1,1),(26,1490,1,1),(26,1491,1,1),(26,1492,1,1),(26,1493,1,1),(26,1494,1,1),(26,1495,1,1),(26,1496,1,1),(26,1497,1,1),(26,1573,1,1),(26,1797,1,1),(26,1799,1,1),(26,1800,1,1),(26,1801,1,1),(26,1802,1,1),(26,1812,1,1),(26,1830,1,1),(26,1839,1,1),(26,1841,1,1),(26,1852,1,1),(26,2210,1,1),(26,2211,1,1),(26,2212,1,1),(26,2213,1,1),(26,2214,1,1),(26,2215,1,1),(26,2216,1,1),(26,2217,1,1),(26,2218,1,1),(26,2219,1,1),(26,2220,1,1),(26,2221,1,1),(26,2222,1,1),(26,2223,1,1),(26,2224,1,1),(26,2225,1,1),(26,2228,1,1),(26,2232,1,1),(26,2234,1,1),(26,2235,1,1),(26,2236,1,1),(26,2557,1,1),(26,2561,1,1),(26,2579,1,1),(26,2580,1,1),(26,2581,1,1),(26,2582,1,1),(27,33,1,1),(27,48,1,1),(27,1041,1,1),(27,1455,1,1),(27,2551,1,1),(27,2553,1,1),(27,2562,1,1),(27,2586,1,1),(27,2587,1,1),(28,34,1,1),(28,49,1,1),(28,88,1,1),(28,90,1,1),(28,134,1,1),(28,135,1,1),(28,136,1,1),(28,853,1,1),(28,1203,1,1),(28,1280,1,1),(28,1318,1,1),(28,1352,1,1),(28,1372,1,1),(28,1503,1,1),(28,1504,1,1),(28,1505,1,1),(28,1506,1,1),(28,1508,1,1),(28,1511,1,1),(28,1513,1,1),(28,1514,1,1),(28,1515,1,1),(28,1516,1,1),(28,1517,1,1),(28,2550,1,1),(29,37,1,1),(29,52,1,1),(29,93,1,1),(29,885,1,1),(29,1102,1,1),(29,1361,1,1),(29,1363,1,1),(29,1364,1,1),(29,1429,1,1),(29,1577,1,1),(29,1805,1,1),(29,1954,1,1),(29,2372,1,1),(29,2581,1,1),(30,38,1,1),(30,51,1,1),(30,1454,1,1),(30,1467,1,1),(30,2374,1,1),(31,18,1,1),(31,39,1,1),(31,54,1,1),(31,81,1,1),(31,87,1,1),(31,91,1,1),(31,1282,1,1),(31,1503,1,1),(31,1504,1,1),(31,1505,1,1),(31,1506,1,1),(31,1507,1,1),(31,1508,1,1),(31,1509,1,1),(31,1510,1,1),(31,1511,1,1),(31,1512,1,1),(31,1513,1,1),(31,1514,1,1),(31,1515,1,1),(31,1785,1,1),(31,1786,1,1),(31,1787,1,1),(31,1788,1,1),(31,1791,1,1),(31,1793,1,1),(31,1795,1,1),(31,1796,1,1),(31,1835,1,1),(31,1849,1,1),(31,1851,1,1),(31,1931,1,1),(31,1954,1,1),(31,2552,1,1),(31,2586,1,1),(31,2587,1,1),(33,40,2,1),(33,41,2,1),(33,42,2,1),(33,43,2,1),(33,44,2,1),(33,45,2,1),(33,46,2,1),(33,47,2,1),(33,48,2,1),(33,49,2,1),(33,50,2,1),(33,51,2,1),(33,52,2,1),(33,53,2,1),(33,54,2,1),(34,40,2,1),(34,41,2,1),(34,42,2,1),(34,43,2,1),(34,44,2,1),(34,45,2,1),(34,46,2,1),(34,47,2,1),(34,48,2,1),(34,49,2,1),(34,50,2,1),(34,51,2,1),(34,52,2,1),(34,53,2,1),(34,54,2,1),(35,40,2,1),(35,41,2,1),(35,42,2,1),(35,43,2,1),(35,44,2,1),(35,45,2,1),(35,46,2,1),(35,47,2,1),(35,48,2,1),(35,49,2,1),(35,50,2,1),(35,51,2,1),(35,52,2,1),(35,53,2,1),(35,54,2,1),(36,40,2,1),(36,41,2,1),(36,42,2,1),(36,43,2,1),(36,44,2,1),(36,45,2,1),(36,46,2,1),(36,47,2,1),(36,48,2,1),(36,49,2,1),(36,50,2,1),(36,51,2,1),(36,52,2,1),(36,53,2,1),(36,54,2,1),(37,40,2,1),(37,41,2,1),(37,42,2,1),(37,43,2,1),(37,44,2,1),(37,45,2,1),(37,46,2,1),(37,47,2,1),(37,48,2,1),(37,49,2,1),(37,50,2,1),(37,51,2,1),(37,52,2,1),(37,53,2,1),(37,54,2,1),(38,40,2,1),(38,41,2,1),(38,42,2,1),(38,43,2,1),(38,44,2,1),(38,45,2,1),(38,46,2,1),(38,47,2,1),(38,48,2,1),(38,49,2,1),(38,50,2,1),(38,51,2,1),(38,52,2,1),(38,53,2,1),(38,54,2,1),(39,40,2,1),(39,41,2,1),(39,42,2,1),(39,43,2,1),(39,44,2,1),(39,45,2,1),(39,46,2,1),(39,47,2,1),(39,48,2,1),(39,49,2,1),(39,50,2,1),(39,51,2,1),(39,52,2,1),(39,53,2,1),(39,54,2,1),(40,55,2,1),(40,1248,2,1),(40,2141,2,1),(41,19,1,1),(41,55,1,1),(41,56,1,1),(41,58,1,1),(41,60,1,1),(41,62,1,1),(41,300,1,1),(41,311,1,1),(41,312,1,1),(41,313,1,1),(41,317,1,1),(41,318,1,1),(41,712,1,1),(41,714,1,1),(41,763,1,1),(41,764,1,1),(41,765,1,1),(41,778,1,1),(41,812,1,1),(41,887,1,1),(41,897,1,1),(41,1458,1,1),(41,1463,1,1),(41,1473,1,1),(41,1474,1,1),(41,1573,1,1),(41,1587,1,1),(41,1786,1,1),(41,1790,1,1),(41,1821,1,1),(41,1835,1,1),(41,1851,1,1),(41,1931,1,1),(41,2179,1,1),(41,2374,1,1),(41,2376,1,1),(41,2550,1,1),(42,55,1,1),(42,56,1,1),(42,58,1,1),(42,60,1,1),(42,62,1,1),(42,77,1,1),(42,94,1,1),(42,134,1,1),(42,199,1,1),(42,202,1,1),(42,203,1,1),(42,204,1,1),(42,205,1,1),(42,712,1,1),(42,778,1,1),(42,802,1,1),(42,897,1,1),(42,924,1,1),(42,1041,1,1),(42,1083,1,1),(42,1084,1,1),(42,1102,1,1),(42,1120,1,1),(42,1153,1,1),(42,1161,1,1),(42,1281,1,1),(42,1282,1,1),(42,1283,1,1),(42,1292,1,1),(42,1293,1,1),(42,1294,1,1),(42,1295,1,1),(42,1306,1,1),(42,1320,1,1),(42,1352,1,1),(42,1373,1,1),(42,1419,1,1),(42,1421,1,1),(42,1435,1,1),(42,1503,1,1),(42,1504,1,1),(42,1505,1,1),(42,1506,1,1),(42,1507,1,1),(42,1508,1,1),(42,1509,1,1),(42,1510,1,1),(42,1511,1,1),(42,1512,1,1),(42,1513,1,1),(42,1514,1,1),(42,1515,1,1),(42,1517,1,1),(42,1587,1,1),(42,1803,1,1),(42,1811,1,1),(42,1816,1,1),(42,1821,1,1),(42,1835,1,1),(42,1849,1,1),(42,1851,1,1),(42,1866,1,1),(42,2226,1,1),(42,2227,1,1),(42,2228,1,1),(42,2867,1,1),(42,2868,1,1),(42,2874,1,1),(43,56,2,1),(43,57,2,1),(43,1473,2,1),(43,1474,2,1),(44,56,1,1),(44,58,1,1),(44,60,1,1),(44,62,1,1),(44,156,1,1),(44,200,1,1),(44,201,1,1),(44,226,1,1),(44,229,1,1),(44,234,1,1),(44,244,1,1),(44,245,1,1),(44,255,1,1),(44,294,1,1),(44,296,1,1),(44,303,1,1),(44,304,1,1),(44,311,1,1),(44,312,1,1),(44,313,1,1),(44,858,1,1),(44,887,1,1),(44,897,1,1),(44,901,1,1),(44,957,1,1),(44,1022,1,1),(44,1120,1,1),(44,1203,1,1),(44,1322,1,1),(44,1355,1,1),(44,1356,1,1),(44,1359,1,1),(44,1360,1,1),(44,1372,1,1),(44,1373,1,1),(44,1450,1,1),(44,1466,1,1),(44,1473,1,1),(44,1474,1,1),(44,1517,1,1),(44,1573,1,1),(44,1803,1,1),(44,1805,1,1),(44,1811,1,1),(44,1816,1,1),(44,1849,1,1),(44,1960,1,1),(44,2196,1,1),(44,2376,1,1),(44,2549,1,1),(44,2554,1,1),(44,2562,1,1),(45,56,1,1),(45,58,1,1),(45,60,1,1),(45,62,1,1),(45,1297,1,1),(45,1298,1,1),(45,1309,1,1),(45,1329,1,1),(45,1330,1,1),(45,1331,1,1),(45,1332,1,1),(45,1333,1,1),(45,1334,1,1),(45,1343,1,1),(45,1347,1,1),(45,1348,1,1),(45,1452,1,1),(45,1462,1,1),(45,1471,1,1),(45,1472,1,1),(46,56,1,1),(46,58,1,1),(46,60,1,1),(46,62,1,1),(46,64,1,1),(46,65,1,1),(46,73,1,1),(46,176,1,1),(46,326,1,1),(46,887,1,1),(46,957,1,1),(46,1083,1,1),(46,1102,1,1),(46,1161,1,1),(46,1163,1,1),(46,1166,1,1),(46,1453,1,1),(46,1468,1,1),(46,1473,1,1),(46,1526,1,1),(46,1787,1,1),(46,1788,1,1),(46,1805,1,1),(46,1849,1,1),(46,2196,1,1),(46,2551,1,1),(46,2575,1,1),(46,2586,1,1),(46,2587,1,1),(47,57,1,1),(47,59,1,1),(47,61,1,1),(47,63,1,1),(47,1471,1,1),(48,57,1,1),(48,59,1,1),(48,61,1,1),(48,63,1,1),(48,1471,1,1),(49,57,1,1),(49,59,1,1),(49,61,1,1),(49,63,1,1),(50,57,1,1),(50,59,1,1),(50,61,1,1),(50,63,1,1),(51,57,1,1),(51,59,1,1),(51,61,1,1),(51,63,1,1),(52,57,1,1),(52,59,1,1),(52,61,1,1),(52,63,1,1),(53,57,1,1),(53,59,1,1),(53,61,1,1),(53,63,1,1),(53,225,1,1),(53,230,1,1),(53,239,1,1),(53,1471,1,1),(53,1474,1,1),(54,58,2,1),(54,59,2,1),(55,60,2,1),(55,61,2,1),(56,62,2,1),(56,63,2,1),(57,64,2,1),(58,64,1,1),(58,65,1,1),(59,65,2,1),(60,66,1,1),(60,68,1,1),(60,69,1,1),(60,70,1,1),(60,83,1,1),(60,109,1,1),(60,1262,1,1),(60,1263,1,1),(60,1354,1,1),(60,1366,1,1),(60,2210,1,1),(60,2211,1,1),(60,2212,1,1),(60,2213,1,1),(60,2214,1,1),(60,2215,1,1),(61,66,2,1),(61,115,2,1),(61,661,2,1),(61,1015,2,1),(62,66,2,1),(62,67,2,1),(62,97,2,1),(62,695,2,1),(62,696,2,1),(62,769,2,1),(62,839,2,1),(62,869,2,1),(62,877,2,1),(62,886,2,1),(62,899,2,1),(62,901,2,1),(62,902,2,1),(62,908,2,1),(62,923,2,1),(62,956,2,1),(62,958,2,1),(62,1011,2,1),(62,1013,2,1),(62,1019,2,1),(62,1021,2,1),(62,1022,2,1),(62,1025,2,1),(62,1026,2,1),(62,1027,2,1),(62,1041,2,1),(63,66,2,1),(63,67,2,1),(63,121,2,1),(63,122,2,1),(63,818,2,1),(63,867,2,1),(63,904,2,1),(63,905,2,1),(63,906,2,1),(63,907,2,1),(63,957,2,1),(63,960,2,1),(63,965,2,1),(63,973,2,1),(63,1024,2,1),(63,1042,2,1),(64,66,2,1),(64,67,2,1),(64,809,2,1),(64,853,2,1),(64,887,2,1),(64,888,2,1),(64,889,2,1),(64,915,2,1),(64,917,2,1),(64,950,2,1),(64,962,2,1),(64,964,2,1),(64,969,2,1),(64,984,2,1),(64,1031,2,1),(64,1046,2,1),(65,67,2,1),(65,836,2,1),(65,838,2,1),(65,890,2,1),(65,922,2,1),(65,972,2,1),(65,981,2,1),(65,986,2,1),(65,1028,2,1),(65,1088,2,1),(67,68,2,1),(68,68,2,1),(69,73,2,1),(69,246,2,1),(69,247,2,1),(69,288,2,1),(69,296,2,1),(69,319,2,1),(69,320,2,1),(69,321,2,1),(69,322,2,1),(69,323,2,1),(69,324,2,1),(69,325,2,1),(69,326,2,1),(69,327,2,1),(69,1248,2,1),(69,1667,2,1),(69,1787,2,1),(69,1868,2,1),(69,1869,2,1),(69,1870,2,1),(69,1871,2,1),(69,1872,2,1),(69,1873,2,1),(69,1874,2,1),(69,1875,2,1),(69,1876,2,1),(69,2155,2,1),(69,2156,2,1),(70,73,2,1),(70,79,2,1),(70,268,2,1),(70,279,2,1),(70,320,2,1),(70,322,2,1),(71,73,2,1),(71,270,2,1),(71,296,2,1),(72,73,2,1),(72,573,2,1),(73,73,2,1),(74,73,2,1),(75,76,2,1),(76,76,2,1),(77,76,2,1),(78,77,2,1),(78,78,2,1),(78,2204,2,1),(79,77,2,1),(79,78,2,1),(79,217,2,1),(79,218,2,1),(80,79,2,1),(80,1855,2,1),(81,83,2,1),(81,86,2,1),(81,87,2,1),(81,88,2,1),(81,254,2,1),(81,255,2,1),(81,256,2,1),(81,257,2,1),(81,258,2,1),(83,83,2,1),(83,84,2,1),(83,86,2,1),(83,87,2,1),(83,88,2,1),(83,254,2,1),(83,255,2,1),(83,256,2,1),(83,257,2,1),(83,258,2,1),(84,71,1,1),(84,75,1,1),(84,85,1,1),(84,107,1,1),(84,108,1,1),(84,133,1,1),(85,85,2,1),(85,1904,2,1),(85,1905,2,1),(85,1906,2,1),(85,1907,2,1),(85,1908,2,1),(85,1909,2,1),(85,1911,2,1),(86,85,2,1),(87,85,2,1),(88,83,2,1),(88,84,2,1),(88,86,2,1),(88,88,2,1),(88,254,2,1),(88,255,2,1),(88,256,2,1),(88,257,2,1),(88,258,2,1),(89,101,2,1),(89,297,2,1),(89,298,2,1),(89,299,2,1),(89,300,2,1),(89,302,2,1),(89,309,2,1),(90,828,2,1),(91,102,1,1),(92,102,1,1),(93,102,1,1),(93,2216,1,1),(93,2217,1,1),(93,2218,1,1),(93,2219,1,1),(93,2220,1,1),(93,2221,1,1),(93,2222,1,1),(93,2223,1,1),(93,2225,1,1),(93,2561,1,1),(95,108,2,1),(97,1,2,1),(97,18,2,1),(97,19,2,1),(97,855,2,1),(97,856,2,1),(97,988,2,1),(98,2,2,1),(99,3,2,1),(99,934,2,1),(100,4,2,1),(100,934,2,1),(101,5,2,1),(101,1450,2,1),(101,1451,2,1),(101,1452,2,1),(101,1453,2,1),(101,1454,2,1),(101,1455,2,1),(101,1456,2,1),(101,1457,2,1),(101,1458,2,1),(101,1459,2,1),(101,1460,2,1),(102,11,2,1),(102,934,2,1),(103,12,2,1),(103,141,2,1),(103,821,2,1),(103,1039,2,1),(104,13,2,1),(105,14,2,1),(105,118,2,1),(106,15,1,1),(106,16,1,1),(107,15,2,1),(108,16,2,1),(109,17,2,1),(111,69,2,1),(111,970,2,1),(112,72,2,1),(113,80,2,1),(114,81,2,1),(114,82,2,1),(114,413,2,1),(115,89,2,1),(115,90,2,1),(115,91,2,1),(115,130,2,1),(116,93,2,1),(116,934,2,1),(117,94,2,1),(118,103,2,1),(119,104,2,1),(120,105,2,1),(121,106,2,1),(122,107,2,1),(123,109,2,1),(124,110,2,1),(124,921,2,1),(124,942,2,1),(124,959,2,1),(125,111,2,1),(126,112,1,1),(126,172,1,1),(127,112,2,1),(127,113,2,1),(128,114,2,1),(129,119,1,1),(129,120,1,1),(130,119,2,1),(130,143,2,1),(130,845,2,1),(130,849,2,1),(130,860,2,1),(130,863,2,1),(130,864,2,1),(130,974,2,1),(130,1008,2,1),(130,1012,2,1),(130,1033,2,1),(130,1044,2,1),(131,120,2,1),(132,123,2,1),(133,124,2,1),(134,125,2,1),(135,131,2,1),(136,137,2,1),(136,142,2,1),(136,616,2,1),(136,823,2,1),(137,138,2,1),(138,139,2,1),(139,140,2,1),(139,837,2,1),(139,843,2,1),(139,924,2,1),(139,977,2,1),(139,1014,2,1),(140,144,2,1),(142,145,2,1),(143,146,1,1),(143,199,1,1),(143,227,1,1),(143,231,1,1),(143,234,1,1),(143,236,1,1),(143,243,1,1),(143,245,1,1),(143,298,1,1),(143,307,1,1),(144,146,2,1),(144,147,2,1),(144,148,2,1),(144,149,2,1),(144,150,2,1),(144,151,2,1),(144,152,2,1),(144,153,2,1),(144,1855,2,1),(144,1911,2,1),(145,146,2,1),(145,147,2,1),(145,148,2,1),(145,149,2,1),(145,150,2,1),(145,151,2,1),(145,152,2,1),(145,153,2,1),(146,146,2,1),(146,147,2,1),(146,148,2,1),(146,149,2,1),(146,150,2,1),(146,151,2,1),(146,152,2,1),(146,153,2,1),(146,1847,2,1),(146,1854,2,1),(146,1855,2,1),(147,147,1,1),(148,148,1,1),(149,149,1,1),(150,150,1,1),(150,153,1,1),(151,151,1,1),(151,1806,1,1),(152,152,1,1),(153,154,1,1),(153,199,1,1),(153,202,1,1),(153,203,1,1),(153,204,1,1),(153,205,1,1),(153,228,1,1),(153,232,1,1),(153,234,1,1),(153,245,1,1),(153,290,1,1),(153,299,1,1),(153,314,1,1),(153,315,1,1),(153,317,1,1),(153,318,1,1),(153,712,1,1),(153,853,1,1),(153,1009,1,1),(153,1084,1,1),(153,1153,1,1),(153,1281,1,1),(153,1283,1,1),(153,1295,1,1),(153,1319,1,1),(153,1323,1,1),(153,1345,1,1),(153,1372,1,1),(153,1440,1,1),(153,1507,1,1),(153,1509,1,1),(153,1510,1,1),(153,1512,1,1),(153,1513,1,1),(153,1514,1,1),(153,1517,1,1),(153,1587,1,1),(153,1590,1,1),(153,1786,1,1),(153,1793,1,1),(153,1795,1,1),(153,1796,1,1),(153,1811,1,1),(153,1835,1,1),(153,1867,1,1),(153,2867,1,1),(153,2868,1,1),(153,2874,1,1),(154,154,2,1),(154,155,2,1),(154,156,2,1),(154,319,2,1),(154,321,2,1),(154,323,2,1),(154,324,2,1),(154,325,2,1),(154,326,2,1),(154,327,2,1),(154,1667,2,1),(154,1868,2,1),(154,1869,2,1),(154,1870,2,1),(154,1871,2,1),(154,1872,2,1),(154,1873,2,1),(154,1874,2,1),(154,1875,2,1),(154,1876,2,1),(154,1935,2,1),(154,1936,2,1),(154,1937,2,1),(154,1938,2,1),(154,1939,2,1),(154,1940,2,1),(154,1941,2,1),(154,1942,2,1),(154,2155,2,1),(154,2156,2,1),(154,2205,2,1),(157,157,1,1),(158,157,2,1),(159,157,2,1),(159,1860,2,1),(160,160,2,1),(160,161,2,1),(160,162,2,1),(161,160,2,1),(161,161,2,1),(161,162,2,1),(161,822,2,1),(161,844,2,1),(161,846,2,1),(161,847,2,1),(161,861,2,1),(161,963,2,1),(161,1035,2,1),(162,160,2,1),(162,161,2,1),(162,162,2,1),(162,1048,2,1),(163,161,1,1),(163,163,1,1),(164,162,2,1),(164,825,2,1),(164,1018,2,1),(165,162,2,1),(166,163,2,1),(166,806,2,1),(166,857,2,1),(166,883,2,1),(166,892,2,1),(166,896,2,1),(166,926,2,1),(166,927,2,1),(166,928,2,1),(166,929,2,1),(167,163,2,1),(168,163,2,1),(168,812,2,1),(168,894,2,1),(168,1043,2,1),(169,165,1,1),(170,165,2,1),(170,314,2,1),(170,318,2,1),(170,1488,2,1),(171,165,2,1),(171,317,2,1),(172,165,2,1),(172,1531,2,1),(172,1846,2,1),(250,169,2,1),(250,170,2,1),(250,173,2,1),(250,174,2,1),(250,175,2,1),(250,181,2,1),(250,184,2,1),(250,187,2,1),(250,189,2,1),(250,190,2,1),(250,191,2,1),(250,193,2,1),(250,196,2,1),(250,198,2,1),(251,170,1,1),(251,174,1,1),(251,182,1,1),(251,200,1,1),(251,201,1,1),(251,206,1,1),(251,223,1,1),(251,233,1,1),(251,234,1,1),(251,235,1,1),(251,238,1,1),(251,242,1,1),(251,245,1,1),(251,292,1,1),(251,293,1,1),(251,301,1,1),(251,302,1,1),(251,308,1,1),(251,311,1,1),(251,312,1,1),(251,313,1,1),(251,317,1,1),(251,318,1,1),(251,712,1,1),(251,763,1,1),(251,853,1,1),(251,858,1,1),(251,867,1,1),(251,885,1,1),(251,913,1,1),(251,923,1,1),(251,924,1,1),(251,929,1,1),(251,1010,1,1),(251,1028,1,1),(251,1508,1,1),(251,1517,1,1),(251,1577,1,1),(251,1785,1,1),(251,1790,1,1),(251,1803,1,1),(251,1817,1,1),(251,1818,1,1),(251,1819,1,1),(251,1829,1,1),(251,1833,1,1),(251,1835,1,1),(251,1837,1,1),(251,1838,1,1),(251,1840,1,1),(251,1841,1,1),(251,1849,1,1),(251,1851,1,1),(251,1858,1,1),(251,1865,1,1),(251,1867,1,1),(251,1931,1,1),(251,2179,1,1),(251,2352,1,1),(251,2353,1,1),(251,2374,1,1),(251,2549,1,1),(251,2552,1,1),(252,171,2,1),(252,172,2,1),(252,182,2,1),(252,183,2,1),(252,186,2,1),(252,189,2,1),(252,191,2,1),(252,192,2,1),(252,194,2,1),(252,195,2,1),(252,197,2,1),(252,209,2,1),(253,173,1,1),(254,175,1,1),(254,199,1,1),(254,1507,1,1),(255,176,2,1),(256,177,1,1),(256,206,1,1),(257,177,2,1),(257,178,2,1),(257,205,2,1),(257,210,2,1),(258,179,1,1),(259,179,2,1),(259,185,2,1),(259,199,2,1),(259,211,2,1),(260,180,1,1),(260,186,1,1),(260,193,1,1),(260,209,1,1),(260,210,1,1),(260,211,1,1),(260,212,1,1),(261,187,1,1),(261,295,1,1),(261,778,1,1),(261,797,1,1),(261,1083,1,1),(261,1161,1,1),(261,1163,1,1),(261,1166,1,1),(261,1279,1,1),(261,1281,1,1),(261,1282,1,1),(261,1283,1,1),(261,1304,1,1),(261,1305,1,1),(261,1370,1,1),(261,1503,1,1),(261,1504,1,1),(261,1505,1,1),(261,1506,1,1),(261,1507,1,1),(261,1508,1,1),(261,1509,1,1),(261,1510,1,1),(261,1511,1,1),(261,1512,1,1),(261,1513,1,1),(261,1514,1,1),(261,1515,1,1),(261,1526,1,1),(261,1546,1,1),(261,1549,1,1),(261,1550,1,1),(261,1785,1,1),(261,1787,1,1),(261,1788,1,1),(261,1791,1,1),(261,1805,1,1),(261,1835,1,1),(261,1849,1,1),(261,2226,1,1),(261,2227,1,1),(261,2228,1,1),(261,2372,1,1),(261,2551,1,1),(261,2553,1,1),(261,2554,1,1),(261,2557,1,1),(261,2560,1,1),(261,2562,1,1),(261,2575,1,1),(262,188,2,1),(262,208,2,1),(263,194,1,1),(263,195,1,1),(263,197,1,1),(263,198,1,1),(264,196,1,1),(265,199,1,1),(265,208,1,1),(265,237,1,1),(265,240,1,1),(265,241,1,1),(265,323,1,1),(265,1120,1,1),(265,1460,1,1),(265,1503,1,1),(265,1504,1,1),(265,1505,1,1),(265,1506,1,1),(265,1508,1,1),(265,1509,1,1),(265,1511,1,1),(265,1513,1,1),(265,1514,1,1),(265,1515,1,1),(266,199,1,1),(266,206,1,1),(266,316,1,1),(267,199,1,1),(268,200,2,1),(268,202,2,1),(269,201,2,1),(270,203,2,1),(271,204,2,1),(272,207,2,1),(273,212,2,1),(274,213,2,1),(275,214,2,1),(276,215,2,1),(277,216,2,1),(277,303,2,1),(278,217,2,1),(279,220,2,1),(280,221,2,1),(280,1519,2,1),(281,222,2,1),(282,223,2,1),(282,224,2,1),(282,225,2,1),(282,226,2,1),(282,227,2,1),(282,228,2,1),(282,1349,2,1),(283,229,2,1),(283,230,2,1),(283,231,2,1),(283,232,2,1),(283,233,2,1),(283,313,2,1),(284,234,2,1),(284,245,2,1),(285,234,1,1),(285,245,1,1),(286,235,2,1),(287,236,2,1),(288,237,2,1),(288,238,2,1),(288,239,2,1),(289,240,2,1),(290,241,2,1),(290,243,2,1),(290,244,2,1),(291,242,2,1),(292,246,1,1),(292,247,1,1),(292,248,1,1),(292,249,1,1),(292,250,1,1),(292,260,1,1),(292,261,1,1),(292,262,1,1),(292,263,1,1),(292,264,1,1),(292,265,1,1),(292,266,1,1),(292,267,1,1),(292,268,1,1),(292,269,1,1),(292,270,1,1),(292,271,1,1),(292,272,1,1),(292,273,1,1),(292,274,1,1),(292,275,1,1),(292,276,1,1),(292,277,1,1),(292,278,1,1),(292,279,1,1),(292,280,1,1),(292,281,1,1),(292,282,1,1),(292,283,1,1),(292,284,1,1),(292,285,1,1),(292,286,1,1),(292,287,1,1),(292,412,1,1),(292,1248,1,1),(292,1249,1,1),(292,1290,1,1),(292,1291,1,1),(292,1539,1,1),(292,1540,1,1),(292,1541,1,1),(292,1542,1,1),(292,1544,1,1),(293,246,2,1),(293,306,2,1),(293,307,2,1),(293,308,2,1),(293,310,2,1),(293,319,2,1),(293,320,2,1),(293,321,2,1),(293,322,2,1),(293,323,2,1),(293,324,2,1),(293,325,2,1),(293,326,2,1),(293,327,2,1),(293,1249,2,1),(293,1667,2,1),(293,1868,2,1),(293,1869,2,1),(293,1870,2,1),(293,1871,2,1),(293,1872,2,1),(293,1873,2,1),(293,1874,2,1),(293,1875,2,1),(293,1876,2,1),(293,2155,2,1),(293,2156,2,1),(293,2356,2,1),(294,246,2,1),(294,248,2,1),(294,319,2,1),(294,321,2,1),(294,323,2,1),(294,324,2,1),(294,325,2,1),(294,326,2,1),(294,327,2,1),(294,1262,2,1),(294,1478,2,1),(294,1479,2,1),(294,1667,2,1),(294,1868,2,1),(294,1869,2,1),(294,1870,2,1),(294,1871,2,1),(294,1872,2,1),(294,1873,2,1),(294,1874,2,1),(294,1875,2,1),(294,1876,2,1),(294,1935,2,1),(294,1936,2,1),(294,1937,2,1),(294,1938,2,1),(294,1939,2,1),(294,1940,2,1),(294,1941,2,1),(294,1942,2,1),(294,2155,2,1),(294,2156,2,1),(294,2356,2,1),(295,249,2,1),(295,1314,2,1),(295,1317,2,1),(295,1523,2,1),(295,2140,2,1),(295,2157,2,1),(295,2158,2,1),(295,2159,2,1),(295,2160,2,1),(295,2161,2,1),(296,250,2,1),(297,251,2,1),(297,252,2,1),(298,251,2,1),(300,252,2,1),(302,253,2,1),(303,260,2,1),(303,1523,2,1),(303,1527,2,1),(303,2141,2,1),(303,2157,2,1),(303,2158,2,1),(303,2159,2,1),(303,2160,2,1),(303,2161,2,1),(304,261,2,1),(304,1527,2,1),(304,1809,2,1),(305,262,2,1),(305,1546,2,1),(305,1547,2,1),(306,263,2,1),(307,264,2,1),(307,434,2,1),(308,265,2,1),(309,266,2,1),(309,1350,2,1),(310,267,2,1),(311,269,2,1),(311,287,2,1),(311,1426,2,1),(311,1518,2,1),(311,2594,2,1),(312,271,2,1),(313,272,2,1),(313,1255,2,1),(313,1256,2,1),(314,272,2,1),(314,878,2,1),(314,1427,2,1),(315,273,2,1),(315,1292,2,1),(315,1329,2,1),(315,1330,2,1),(315,1331,2,1),(315,1332,2,1),(315,1340,2,1),(315,1546,2,1),(315,1547,2,1),(316,273,2,1),(317,1347,2,1),(318,274,2,1),(318,1422,2,1),(319,275,2,1),(320,275,2,1),(321,276,2,1),(321,279,2,1),(321,280,2,1),(321,2356,2,1),(322,276,2,1),(322,1543,2,1),(323,276,2,1),(324,277,2,1),(324,286,2,1),(324,1349,2,1),(325,277,2,1),(325,1266,2,1),(325,1373,2,1),(325,1792,2,1),(326,278,2,1),(326,279,2,1),(326,1009,2,1),(327,280,2,1),(328,280,2,1),(329,281,2,1),(329,1528,2,1),(329,1995,2,1),(330,282,2,1),(331,282,2,1),(331,320,2,1),(331,322,2,1),(331,1248,2,1),(332,283,2,1),(332,1523,2,1),(332,2157,2,1),(332,2158,2,1),(333,283,2,1),(333,1289,2,1),(333,1322,2,1),(333,1432,2,1),(333,1522,2,1),(334,283,2,1),(336,288,1,1),(336,289,1,1),(336,1516,1,1),(336,1785,1,1),(343,320,1,1),(344,321,1,1),(344,2595,1,1),(345,322,1,1),(347,324,1,1),(347,1811,1,1),(350,325,1,1),(353,327,1,1),(354,285,2,1),(354,1420,2,1),(355,289,2,1),(355,1809,2,1),(355,1842,2,1),(355,1843,2,1),(355,1844,2,1),(355,1845,2,1),(356,290,2,1),(357,291,2,1),(358,292,2,1),(359,293,2,1),(360,219,2,1),(360,294,2,1),(360,2141,2,1),(361,295,2,1),(362,304,2,1),(362,305,2,1),(363,311,2,1),(364,312,2,1),(364,313,2,1),(365,315,2,1),(365,2159,2,1),(365,2160,2,1),(365,2161,2,1),(366,316,2,1),(366,1521,2,1),(366,1883,2,1),(366,1884,2,1),(366,1886,2,1),(366,1887,2,1),(368,348,2,1),(368,349,2,1),(368,350,2,1),(368,351,2,1),(368,352,2,1),(368,353,2,1),(368,354,2,1),(368,355,2,1),(368,356,2,1),(368,357,2,1),(368,358,2,1),(368,359,2,1),(368,360,2,1),(368,361,2,1),(368,362,2,1),(368,365,2,1),(368,366,2,1),(368,367,2,1),(368,368,2,1),(368,369,2,1),(368,370,2,1),(368,371,2,1),(368,372,2,1),(368,373,2,1),(368,374,2,1),(368,375,2,1),(368,376,2,1),(368,377,2,1),(368,378,2,1),(368,379,2,1),(368,380,2,1),(368,381,2,1),(368,382,2,1),(368,383,2,1),(368,384,2,1),(368,385,2,1),(368,386,2,1),(368,387,2,1),(368,388,2,1),(368,389,2,1),(368,390,2,1),(368,391,2,1),(368,392,2,1),(368,393,2,1),(368,394,2,1),(368,395,2,1),(368,396,2,1),(368,397,2,1),(368,398,2,1),(368,399,2,1),(368,400,2,1),(368,401,2,1),(368,402,2,1),(368,403,2,1),(368,404,2,1),(368,405,2,1),(368,406,2,1),(368,407,2,1),(368,408,2,1),(368,409,2,1),(368,410,2,1),(368,411,2,1),(369,363,2,1),(369,364,2,1),(370,412,2,1),(370,1307,2,1),(370,1323,2,1),(371,412,2,1),(371,1320,2,1),(371,1524,2,1),(372,431,2,1),(372,793,2,1),(372,794,2,1),(372,1309,2,1),(373,431,2,1),(373,793,2,1),(373,794,2,1),(374,431,2,1),(374,793,2,1),(374,794,2,1),(375,1532,2,1),(376,1248,2,1),(378,434,2,1),(379,434,2,1),(380,548,2,1),(380,579,2,1),(381,549,2,1),(382,550,2,1),(383,551,2,1),(383,582,2,1),(384,552,2,1),(384,589,2,1),(385,552,2,1),(385,589,2,1),(387,553,2,1),(388,554,2,1),(388,591,2,1),(389,554,2,1),(389,591,2,1),(390,554,2,1),(390,591,2,1),(390,1883,2,1),(390,1884,2,1),(390,1886,2,1),(390,1887,2,1),(391,554,2,1),(391,575,2,1),(391,591,2,1),(391,1248,2,1),(391,1294,2,1),(392,555,2,1),(393,555,2,1),(394,555,2,1),(395,556,2,1),(395,590,2,1),(397,557,2,1),(398,559,2,1),(399,559,2,1),(400,561,2,1),(400,562,2,1),(402,560,2,1),(403,558,2,1),(403,593,2,1),(404,558,2,1),(404,592,2,1),(404,593,2,1),(404,2855,2,1),(405,558,2,1),(405,592,2,1),(405,2855,2,1),(406,569,2,1),(406,587,2,1),(407,563,2,1),(407,584,2,1),(408,570,2,1),(408,1307,2,1),(409,571,2,1),(411,564,2,1),(412,566,2,1),(413,566,2,1),(414,572,2,1),(415,574,2,1),(415,595,2,1),(416,567,2,1),(417,567,2,1),(418,567,2,1),(419,576,2,1),(420,583,2,1),(421,594,2,1),(422,594,2,1),(423,580,2,1),(424,581,2,1),(425,585,2,1),(426,559,2,1),(427,559,2,1),(430,596,2,1),(430,597,2,1),(430,598,2,1),(430,603,2,1),(430,604,2,1),(430,614,2,1),(430,615,2,1),(430,620,2,1),(430,621,2,1),(430,635,2,1),(430,648,2,1),(430,656,2,1),(430,658,2,1),(430,697,2,1),(430,699,2,1),(430,701,2,1),(430,712,2,1),(430,725,2,1),(430,726,2,1),(430,743,2,1),(430,744,2,1),(430,745,2,1),(430,749,2,1),(430,750,2,1),(430,772,2,1),(430,775,2,1),(430,786,2,1),(430,851,2,1),(431,774,2,1),(431,1030,2,1),(433,627,2,1),(433,762,2,1),(434,2142,2,1),(439,599,2,1),(439,624,2,1),(439,662,2,1),(439,724,2,1),(439,770,2,1),(439,771,2,1),(439,776,2,1),(439,777,2,1),(439,782,2,1),(439,785,2,1),(439,787,2,1),(439,897,2,1),(440,600,2,1),(440,607,2,1),(440,608,2,1),(440,609,2,1),(440,623,2,1),(440,646,2,1),(440,647,2,1),(440,657,2,1),(440,659,2,1),(440,660,2,1),(440,663,2,1),(440,667,2,1),(440,668,2,1),(440,673,2,1),(440,675,2,1),(440,679,2,1),(440,717,2,1),(440,718,2,1),(440,719,2,1),(440,720,2,1),(440,721,2,1),(440,722,2,1),(440,740,2,1),(440,741,2,1),(440,742,2,1),(440,779,2,1),(440,780,2,1),(441,602,2,1),(441,610,2,1),(441,611,2,1),(441,613,2,1),(441,617,2,1),(441,618,2,1),(441,619,2,1),(441,652,2,1),(441,664,2,1),(441,665,2,1),(441,666,2,1),(441,669,2,1),(441,670,2,1),(441,671,2,1),(441,672,2,1),(441,674,2,1),(441,676,2,1),(441,677,2,1),(441,678,2,1),(441,715,2,1),(441,716,2,1),(441,729,2,1),(441,781,2,1),(442,601,2,1),(442,605,2,1),(442,606,2,1),(442,612,2,1),(442,622,2,1),(442,625,2,1),(442,626,2,1),(442,632,2,1),(442,633,2,1),(442,634,2,1),(442,636,2,1),(442,637,2,1),(442,638,2,1),(442,639,2,1),(442,640,2,1),(442,641,2,1),(442,642,2,1),(442,643,2,1),(442,644,2,1),(442,645,2,1),(442,682,2,1),(442,735,2,1),(442,736,2,1),(442,737,2,1),(442,738,2,1),(442,824,2,1),(442,826,2,1),(442,827,2,1),(442,832,2,1),(442,835,2,1),(442,840,2,1),(442,841,2,1),(442,842,2,1),(442,870,2,1),(442,1037,2,1),(444,649,2,1),(444,651,2,1),(444,653,2,1),(444,654,2,1),(444,746,2,1),(444,747,2,1),(445,650,2,1),(445,710,2,1),(445,711,2,1),(445,727,2,1),(445,728,2,1),(446,655,2,1),(446,683,2,1),(446,684,2,1),(446,685,2,1),(446,686,2,1),(446,687,2,1),(446,689,2,1),(446,690,2,1),(446,692,2,1),(446,694,2,1),(446,706,2,1),(446,748,2,1),(446,751,2,1),(446,788,2,1),(446,789,2,1),(446,790,2,1),(447,680,2,1),(447,681,2,1),(447,688,2,1),(447,708,2,1),(448,698,2,1),(448,723,2,1),(449,700,2,1),(449,702,2,1),(450,703,2,1),(450,709,2,1),(451,704,2,1),(452,705,2,1),(452,707,2,1),(453,712,1,1),(453,1203,1,1),(453,1344,1,1),(453,1526,1,1),(453,1793,1,1),(453,1795,1,1),(453,1796,1,1),(453,1880,1,1),(453,1881,1,1),(453,2549,1,1),(453,2550,1,1),(453,2554,1,1),(453,2875,1,1),(454,712,1,1),(455,714,1,1),(456,714,1,1),(456,1424,1,1),(456,1806,1,1),(457,714,1,1),(457,867,1,1),(457,885,1,1),(457,1584,1,1),(457,1806,1,1),(457,2376,1,1),(457,2561,1,1),(458,714,1,1),(458,957,1,1),(458,1301,1,1),(458,1302,1,1),(458,1332,1,1),(458,1371,1,1),(458,1373,1,1),(458,1422,1,1),(458,1425,1,1),(458,1475,1,1),(458,1476,1,1),(458,1477,1,1),(458,2210,1,1),(458,2211,1,1),(458,2212,1,1),(458,2213,1,1),(458,2214,1,1),(458,2215,1,1),(459,730,2,1),(459,732,2,1),(459,733,2,1),(459,734,2,1),(459,880,2,1),(459,893,2,1),(459,895,2,1),(459,1006,2,1),(463,2140,2,1),(466,433,2,1),(467,1944,2,1),(467,1946,2,1),(467,1947,2,1),(469,1518,2,1),(470,1518,2,1),(475,433,2,1),(475,627,2,1),(475,762,2,1),(475,1315,2,1),(475,1326,2,1),(475,1536,2,1),(476,627,2,1),(476,762,2,1),(477,627,2,1),(477,762,2,1),(480,766,2,1),(480,767,2,1),(480,768,2,1),(481,766,2,1),(481,767,2,1),(481,768,2,1),(482,763,1,1),(482,764,1,1),(482,765,1,1),(484,773,2,1),(484,848,2,1),(485,792,1,1),(486,792,1,1),(487,792,1,1),(488,792,1,1),(489,792,1,1),(490,792,1,1),(491,795,2,1),(492,795,2,1),(493,795,2,1),(494,796,3,1),(495,796,3,1),(496,796,3,1),(497,800,2,1),(498,806,1,1),(498,892,1,1),(498,931,1,1),(498,956,1,1),(498,1011,1,1),(498,1012,1,1),(498,1025,1,1),(498,1026,1,1),(498,1027,1,1),(498,1068,1,1),(498,1069,1,1),(498,1070,1,1),(498,1071,1,1),(498,1081,1,1),(498,1085,1,1),(498,1089,1,1),(498,1093,1,1),(498,1103,1,1),(498,1104,1,1),(498,1106,1,1),(498,1114,1,1),(498,1123,1,1),(498,1132,1,1),(498,1135,1,1),(498,1136,1,1),(498,1139,1,1),(498,1141,1,1),(498,1142,1,1),(498,1143,1,1),(498,1144,1,1),(498,1145,1,1),(498,1147,1,1),(498,1154,1,1),(498,1157,1,1),(498,1170,1,1),(498,1171,1,1),(498,1172,1,1),(498,1173,1,1),(498,1174,1,1),(498,1175,1,1),(498,1176,1,1),(498,1177,1,1),(498,1178,1,1),(498,1180,1,1),(498,1181,1,1),(498,1196,1,1),(498,1204,1,1),(498,1205,1,1),(498,1206,1,1),(498,1210,1,1),(498,1213,1,1),(498,1214,1,1),(498,1215,1,1),(498,1216,1,1),(498,1217,1,1),(499,943,2,1),(499,1010,2,1),(499,1477,2,1),(500,752,4,1),(500,757,4,1),(500,760,4,1),(500,933,4,1),(500,1351,4,1),(500,2245,4,1),(500,2246,4,1),(500,2249,4,1),(500,2250,4,1),(500,2263,4,1),(500,2264,4,1),(500,2266,4,1),(500,2270,4,1),(500,2272,4,1),(500,2273,4,1),(500,2277,4,1),(500,2279,4,1),(500,2282,4,1),(500,2283,4,1),(500,2284,4,1),(500,2286,4,1),(500,2287,4,1),(500,2288,4,1),(500,2289,4,1),(500,2291,4,1),(500,2294,4,1),(500,2300,4,1),(500,2303,4,1),(500,2304,4,1),(500,2307,4,1),(500,2308,4,1),(500,2309,4,1),(500,2310,4,1),(500,2311,4,1),(500,2313,4,1),(500,2315,4,1),(500,2316,4,1),(500,2320,4,1),(500,2321,4,1),(500,2322,4,1),(500,2323,4,1),(500,2325,4,1),(500,2327,4,1),(500,2328,4,1),(500,2329,4,1),(500,2330,4,1),(500,2332,4,1),(500,2334,4,1),(500,2339,4,1),(500,2341,4,1),(500,2344,4,1),(500,2605,4,1),(500,2606,4,1),(500,2607,4,1),(500,2609,4,1),(500,2611,4,1),(500,2612,4,1),(500,2613,4,1),(500,2616,4,1),(500,2617,4,1),(500,2630,4,1),(500,2631,4,1),(500,2634,4,1),(500,2635,4,1),(500,2642,4,1),(500,2644,4,1),(500,2646,4,1),(500,2647,4,1),(500,2651,4,1),(500,2653,4,1),(500,2655,4,1),(500,2656,4,1),(500,2657,4,1),(500,2660,4,1),(500,2667,4,1),(500,2675,4,1),(501,432,4,1),(501,752,4,1),(501,753,4,1),(501,754,4,1),(501,755,4,1),(501,759,4,1),(501,760,4,1),(501,933,4,1),(501,1351,4,1),(501,2245,4,1),(501,2246,4,1),(501,2247,4,1),(501,2249,4,1),(501,2252,4,1),(501,2261,4,1),(501,2262,4,1),(501,2263,4,1),(501,2265,4,1),(501,2266,4,1),(501,2267,4,1),(501,2270,4,1),(501,2272,4,1),(501,2279,4,1),(501,2282,4,1),(501,2284,4,1),(501,2285,4,1),(501,2286,4,1),(501,2287,4,1),(501,2288,4,1),(501,2291,4,1),(501,2294,4,1),(501,2300,4,1),(501,2304,4,1),(501,2308,4,1),(501,2309,4,1),(501,2313,4,1),(501,2315,4,1),(501,2318,4,1),(501,2319,4,1),(501,2320,4,1),(501,2321,4,1),(501,2322,4,1),(501,2327,4,1),(501,2328,4,1),(501,2329,4,1),(501,2330,4,1),(501,2332,4,1),(501,2334,4,1),(501,2335,4,1),(501,2337,4,1),(501,2338,4,1),(501,2342,4,1),(501,2344,4,1),(501,2598,4,1),(501,2599,4,1),(501,2600,4,1),(501,2602,4,1),(501,2604,4,1),(501,2606,4,1),(501,2607,4,1),(501,2608,4,1),(501,2610,4,1),(501,2611,4,1),(501,2613,4,1),(501,2615,4,1),(501,2616,4,1),(501,2617,4,1),(501,2622,4,1),(501,2624,4,1),(501,2625,4,1),(501,2628,4,1),(501,2630,4,1),(501,2632,4,1),(501,2634,4,1),(501,2638,4,1),(501,2640,4,1),(501,2641,4,1),(501,2642,4,1),(501,2643,4,1),(501,2647,4,1),(501,2648,4,1),(501,2650,4,1),(501,2653,4,1),(501,2654,4,1),(501,2655,4,1),(501,2658,4,1),(501,2661,4,1),(501,2663,4,1),(501,2664,4,1),(501,2667,4,1),(501,2668,4,1),(501,2669,4,1),(501,2670,4,1),(501,2671,4,1),(501,2672,4,1),(501,2673,4,1),(501,2674,4,1),(503,814,2,1),(503,817,2,1),(503,819,2,1),(503,933,2,1),(503,941,2,1),(503,966,2,1),(503,967,2,1),(503,968,2,1),(504,943,2,1),(508,813,2,1),(508,918,2,1),(508,1032,2,1),(508,1045,2,1),(509,918,3,1),(509,1167,3,1),(510,918,3,1),(510,941,3,1),(511,918,3,1),(511,1118,3,1),(512,930,3,1),(513,930,3,1),(514,930,3,1),(515,930,3,1),(516,930,3,1),(517,813,3,1),(517,941,3,1),(517,951,3,1),(517,952,3,1),(517,953,3,1),(517,954,3,1),(517,955,3,1),(517,960,3,1),(517,962,3,1),(517,964,3,1),(517,966,3,1),(517,967,3,1),(517,1137,3,1),(517,1446,3,1),(518,960,3,1),(518,962,3,1),(518,964,3,1),(518,1137,3,1),(519,962,3,1),(520,813,3,1),(520,941,3,1),(520,951,3,1),(520,952,3,1),(520,953,3,1),(520,954,3,1),(520,955,3,1),(520,966,3,1),(520,967,3,1),(520,968,3,1),(521,906,3,1),(522,817,3,1),(522,906,3,1),(523,848,3,1),(524,848,3,1),(525,848,3,1),(526,848,3,1),(527,965,3,1),(528,965,3,1),(530,1048,3,1),(531,1048,3,1),(532,1048,3,1),(534,1048,3,1),(535,1048,3,1),(536,851,3,1),(538,851,3,1),(540,851,3,1),(541,851,3,1),(542,851,3,1),(543,951,3,1),(543,952,3,1),(543,953,3,1),(543,954,3,1),(543,955,3,1),(543,966,3,1),(543,967,3,1),(543,968,3,1),(544,912,2,1),(544,919,2,1),(544,951,2,1),(544,952,2,1),(545,1046,3,1),(546,833,3,1),(546,1046,3,1),(547,833,3,1),(547,1046,3,1),(548,833,3,1),(548,1046,3,1),(550,816,2,1),(550,830,2,1),(550,833,2,1),(550,873,2,1),(550,910,2,1),(550,953,2,1),(550,955,2,1),(550,961,2,1),(551,815,2,1),(551,954,2,1),(552,1042,3,1),(553,1042,3,1),(554,1042,3,1),(555,1031,3,1),(556,1031,3,1),(558,950,3,1),(559,950,3,1),(560,818,1,1),(560,832,1,1),(560,942,1,1),(560,1488,1,1),(560,1489,1,1),(560,1497,1,1),(560,1852,1,1),(560,2216,1,1),(560,2217,1,1),(560,2218,1,1),(560,2219,1,1),(560,2220,1,1),(560,2221,1,1),(560,2222,1,1),(560,2223,1,1),(560,2225,1,1),(560,2232,1,1),(560,2234,1,1),(560,2235,1,1),(560,2236,1,1),(560,2579,1,1),(560,2580,1,1),(560,2581,1,1),(560,2582,1,1),(562,817,3,1),(563,817,3,1),(564,831,3,1),(565,831,3,1),(568,829,3,1),(570,829,3,1),(572,1017,3,1),(573,1017,3,1),(574,1118,3,1),(574,1119,3,1),(575,964,3,1),(575,1119,3,1),(575,1167,3,1),(575,1446,3,1),(576,968,3,1),(577,961,3,1),(577,1045,3,1),(578,1045,3,1),(581,1045,3,1),(582,807,2,1),(583,1023,3,1),(585,1023,3,1),(586,859,3,1),(587,859,3,1),(588,858,2,1),(588,859,2,1),(592,812,1,1),(596,909,2,1),(597,868,2,1),(598,876,2,1),(598,2204,2,1),(599,871,2,1),(602,816,5,1),(602,830,5,1),(603,816,5,1),(603,830,5,1),(604,816,5,1),(604,830,5,1),(605,1075,3,1),(606,1075,3,1),(607,1075,3,1),(608,1095,4,1),(608,1098,4,1),(608,1108,4,1),(608,1110,4,1),(608,1111,4,1),(608,1112,4,1),(608,1113,4,1),(608,1115,4,1),(608,1116,4,1),(608,1126,4,1),(608,1127,4,1),(608,1128,4,1),(608,1129,4,1),(608,1131,4,1),(608,1151,4,1),(608,1152,4,1),(608,1158,4,1),(608,1159,4,1),(608,1160,4,1),(608,1168,4,1),(608,1169,4,1),(608,1192,4,1),(608,1209,4,1),(608,1211,4,1),(608,1212,4,1),(608,1245,4,1),(608,1246,4,1),(609,1095,4,1),(609,1098,4,1),(609,1107,4,1),(609,1110,4,1),(609,1111,4,1),(609,1112,4,1),(609,1113,4,1),(609,1115,4,1),(609,1116,4,1),(609,1126,4,1),(609,1127,4,1),(609,1128,4,1),(609,1129,4,1),(609,1131,4,1),(609,1151,4,1),(609,1152,4,1),(609,1158,4,1),(609,1159,4,1),(609,1160,4,1),(609,1168,4,1),(609,1169,4,1),(609,1192,4,1),(609,1209,4,1),(609,1211,4,1),(609,1212,4,1),(609,1245,4,1),(609,1246,4,1),(611,1153,2,1),(611,2867,2,1),(612,1164,3,1),(613,1164,3,1),(614,1164,3,1),(615,1164,3,1),(616,1164,3,1),(617,1164,3,1),(618,1122,3,1),(619,1032,3,1),(619,1122,3,1),(620,1107,4,1),(620,1108,4,1),(620,1110,4,1),(620,1111,4,1),(620,1112,4,1),(620,1113,4,1),(620,1115,4,1),(620,1116,4,1),(620,1127,4,1),(620,1128,4,1),(620,1129,4,1),(620,1131,4,1),(620,1192,4,1),(620,1209,4,1),(620,1245,4,1),(620,1246,4,1),(621,1110,4,1),(621,1111,4,1),(621,1112,4,1),(621,1113,4,1),(621,1116,4,1),(621,1127,4,1),(621,1128,4,1),(621,1129,4,1),(621,1131,4,1),(621,1209,4,1),(621,1245,4,1),(621,1246,4,1),(622,1109,4,1),(623,1109,4,1),(623,1162,4,1),(624,1109,4,1),(624,1162,4,1),(624,1186,4,1),(625,1162,4,1),(625,1186,4,1),(626,1109,4,1),(627,1109,4,1),(628,1108,4,1),(629,1162,4,1),(633,1155,4,1),(634,1155,4,1),(634,1156,4,1),(634,1182,4,1),(634,1183,4,1),(634,1185,4,1),(635,860,3,1),(636,860,3,1),(637,860,3,1),(638,1182,4,1),(638,1183,4,1),(638,1185,4,1),(639,1184,4,1),(640,1184,4,1),(642,1137,3,1),(644,1137,3,1),(645,1133,3,1),(646,1133,3,1),(647,1133,3,1),(648,1195,3,1),(649,1195,3,1),(652,960,3,1),(653,961,3,1),(654,961,3,1),(655,961,3,1),(656,1156,4,1),(657,1072,3,1),(658,1072,3,1),(659,1074,3,1),(660,1074,3,1),(661,1073,3,1),(662,1073,3,1),(663,1117,3,1),(664,1117,3,1),(665,1117,3,1),(666,1076,3,1),(667,1076,3,1),(668,1076,3,1),(669,1118,3,1),(669,1119,3,1),(669,1167,3,1),(670,1119,3,1),(675,1186,4,1),(676,1186,4,1),(677,1118,3,1),(678,882,3,1),(678,884,3,1),(679,882,3,1),(679,884,3,1),(680,882,3,1),(680,884,3,1),(681,969,3,1),(682,969,3,1),(683,1032,3,1),(684,981,3,1),(685,981,3,1),(686,981,3,1),(687,981,3,1),(688,981,3,1),(689,1250,2,1),(690,1251,2,1),(690,1252,2,1),(691,1253,2,1),(692,1257,2,1),(693,1260,2,1),(693,1261,2,1),(694,1263,2,1),(695,1264,2,1),(695,1428,2,1),(696,1265,2,1),(697,1254,2,1),(697,1258,2,1),(698,1259,2,1),(699,1267,2,1),(700,1278,2,1),(700,1279,2,1),(700,1280,2,1),(701,1278,2,1),(701,1279,2,1),(701,1280,2,1),(702,1281,1,1),(702,1283,1,1),(702,1503,1,1),(702,1504,1,1),(702,1505,1,1),(702,1506,1,1),(702,1511,1,1),(702,1515,1,1),(702,1791,1,1),(702,1793,1,1),(702,1795,1,1),(702,1796,1,1),(702,1875,1,1),(702,1880,1,1),(702,1881,1,1),(702,2226,1,1),(702,2227,1,1),(702,2553,1,1),(702,2554,1,1),(702,2875,1,1),(703,1281,1,1),(703,1282,1,1),(703,1283,1,1),(704,1289,2,1),(705,1289,2,1),(706,1290,2,1),(706,1291,2,1),(706,1321,2,1),(707,1292,2,1),(707,1333,2,1),(708,1292,2,1),(709,1293,2,1),(710,1295,2,1),(710,1296,2,1),(710,1309,2,1),(710,1344,2,1),(710,1345,2,1),(712,1294,2,1),(712,1532,2,1),(713,253,2,1),(713,1294,2,1),(714,1297,2,1),(715,1298,2,1),(716,1299,2,1),(716,1337,2,1),(716,1348,2,1),(716,1430,2,1),(716,1431,2,1),(716,1432,2,1),(716,1433,2,1),(716,1541,2,1),(717,1301,2,1),(718,1300,2,1),(719,1302,2,1),(720,1303,2,1),(722,1305,2,1),(724,1354,2,1),(725,1307,2,1),(726,1325,2,1),(727,1310,2,1),(727,1311,2,1),(728,1310,2,1),(728,1311,2,1),(729,1319,2,1),(729,1325,2,1),(729,1326,2,1),(730,1423,2,1),(730,1430,2,1),(730,1431,2,1),(730,1433,2,1),(731,1347,2,1),(731,1422,2,1),(732,1314,2,1),(732,1334,2,1),(733,1316,2,1),(734,1318,2,1),(735,1318,2,1),(736,1319,2,1),(736,1346,2,1),(736,1525,2,1),(736,1545,2,1),(737,1324,2,1),(739,1327,2,1),(739,1328,2,1),(741,1343,2,1),(742,1343,2,1),(742,1546,2,1),(742,1547,2,1),(742,1549,2,1),(743,1343,2,1),(744,1334,2,1),(744,1532,2,1),(745,1335,2,1),(746,1335,2,1),(747,1336,2,1),(748,1339,2,1),(749,1341,2,1),(749,1342,2,1),(751,1304,3,1),(752,1304,3,1),(753,1306,3,1),(754,1306,3,1),(755,1306,3,1),(756,1308,3,1),(757,1313,3,1),(757,1338,3,1),(758,1308,3,1),(758,1338,3,1),(759,1313,3,1),(760,1313,3,1),(761,1313,3,1),(762,1325,3,1),(763,1325,3,1),(763,1346,3,1),(764,1325,3,1),(765,1332,3,1),(766,1332,3,1),(767,1332,3,1),(768,1338,3,1),(769,1346,3,1),(770,1346,3,1),(771,1347,2,1),(772,1348,2,1),(773,1348,2,1),(773,1424,2,1),(773,1425,2,1),(775,1349,2,1),(776,1349,2,1),(777,1349,2,1),(778,1350,2,1),(779,1350,2,1),(780,1350,2,1),(780,1424,2,1),(780,1425,2,1),(781,1352,2,1),(782,1353,2,1),(783,1358,2,1),(783,1527,2,1),(783,2142,2,1),(784,1355,2,1),(785,1356,2,1),(786,1359,2,1),(787,1360,2,1),(788,1354,2,1),(788,2181,2,1),(789,1354,2,1),(790,1354,2,1),(793,1357,3,1),(793,1368,3,1),(793,1369,3,1),(794,1357,3,1),(794,1368,3,1),(795,1361,2,1),(796,1361,2,1),(797,1363,2,1),(798,1363,2,1),(799,1364,2,1),(800,1364,2,1),(801,1365,2,1),(802,1366,2,1),(803,1366,2,1),(805,1527,2,1),(805,1528,2,1),(810,1370,2,1),(813,1372,2,1),(813,1544,2,1),(818,1376,2,1),(819,1376,2,1),(819,1943,2,1),(819,1944,2,1),(819,1945,2,1),(819,1946,2,1),(819,1947,2,1),(820,1376,2,1),(821,1376,2,1),(822,1371,3,1),(822,1428,3,1),(823,1371,3,1),(824,1374,3,1),(824,1375,3,1),(825,1374,3,1),(825,1375,3,1),(826,1377,2,1),(826,1378,2,1),(826,1380,2,1),(826,1381,2,1),(826,1384,2,1),(826,1387,2,1),(826,1390,2,1),(826,1391,2,1),(827,1379,2,1),(827,1413,2,1),(827,1414,2,1),(828,1382,2,1),(828,1383,2,1),(828,1385,2,1),(828,1386,2,1),(828,1388,2,1),(828,1392,2,1),(828,1407,2,1),(828,1417,2,1),(829,1389,2,1),(830,1393,2,1),(830,1394,2,1),(830,1395,2,1),(830,1396,2,1),(830,1415,2,1),(830,1416,2,1),(831,1397,2,1),(831,1398,2,1),(831,1399,2,1),(831,1400,2,1),(831,1401,2,1),(831,1402,2,1),(831,1403,2,1),(831,1404,2,1),(831,1405,2,1),(831,1406,2,1),(831,1409,2,1),(831,1410,2,1),(831,1411,2,1),(832,1408,2,1),(833,1412,2,1),(834,1418,2,1),(835,1419,2,1),(836,1421,2,1),(837,1421,2,1),(838,1423,2,1),(839,1424,2,1),(839,1425,2,1),(841,1424,2,1),(841,1425,2,1),(843,1427,2,1),(843,2142,2,1),(845,1421,2,1),(845,1429,2,1),(846,1429,2,1),(847,1430,2,1),(847,1431,2,1),(847,1433,2,1),(848,1434,2,1),(848,2595,2,1),(849,1435,2,1),(849,1437,2,1),(850,1435,2,1),(850,1437,2,1),(851,1435,2,1),(851,1437,2,1),(852,1432,2,1),(853,1438,2,1),(853,1439,2,1),(853,1440,2,1),(855,1428,3,1),(856,1428,3,1),(858,1446,2,1),(859,1446,2,1),(860,1447,2,1),(861,1448,2,1),(862,1448,2,1),(863,1448,2,1),(864,1448,2,1),(864,1449,2,1),(866,1446,3,1),(867,1451,1,1),(869,5,2,1),(869,1450,2,1),(869,1451,2,1),(869,1452,2,1),(869,1453,2,1),(869,1454,2,1),(869,1455,2,1),(869,1456,2,1),(869,1457,2,1),(869,1458,2,1),(869,1459,2,1),(869,1460,2,1),(869,1469,2,1),(869,1470,2,1),(871,5,2,1),(871,1450,2,1),(871,1451,2,1),(871,1452,2,1),(871,1453,2,1),(871,1454,2,1),(871,1455,2,1),(871,1456,2,1),(871,1457,2,1),(871,1458,2,1),(871,1459,2,1),(871,1460,2,1),(872,5,2,1),(872,1450,2,1),(872,1451,2,1),(872,1452,2,1),(872,1453,2,1),(872,1454,2,1),(872,1455,2,1),(872,1469,2,1),(872,1470,2,1),(873,5,2,1),(873,1452,2,1),(873,1453,2,1),(873,1454,2,1),(873,1455,2,1),(873,1469,2,1),(873,1470,2,1),(879,1469,2,1),(879,1470,2,1),(882,1471,2,1),(882,1472,2,1),(884,1475,2,1),(885,1476,2,1),(886,1482,2,1),(887,1483,2,1),(888,1485,2,1),(890,1484,2,1),(891,1486,2,1),(892,1487,2,1),(893,1489,2,1),(894,1489,2,1),(894,1490,2,1),(894,1497,2,1),(895,1491,2,1),(896,1497,2,1),(897,1492,2,1),(898,1493,2,1),(898,1521,2,1),(898,2160,2,1),(899,1494,2,1),(900,1495,2,1),(900,1541,2,1),(900,1995,2,1),(901,1496,2,1),(901,1943,2,1),(901,1945,2,1),(902,1483,1,1),(902,1486,1,1),(902,1487,1,1),(902,1489,1,1),(902,1497,1,1),(905,1520,2,1),(906,1523,2,1),(906,2157,2,1),(906,2158,2,1),(906,2159,2,1),(906,2161,2,1),(907,1527,2,1),(908,1529,2,1),(909,1530,2,1),(910,1533,2,1),(911,1534,2,1),(911,1882,2,1),(912,1535,2,1),(913,1537,2,1),(914,1537,3,1),(915,1537,3,1),(916,1538,2,1),(917,1538,2,1),(919,1538,2,1),(920,1539,2,1),(921,1540,2,1),(921,1785,2,1),(922,1541,2,1),(923,1541,2,1),(924,1542,2,1),(925,1544,2,1),(926,1544,2,1),(928,1544,2,1),(929,1546,3,1),(929,1547,3,1),(929,1548,3,1),(929,1549,3,1),(929,1550,3,1),(929,2594,3,1),(930,1546,2,1),(930,1547,2,1),(930,1549,2,1),(931,1546,2,1),(931,1547,2,1),(931,1549,2,1),(932,752,4,1),(932,753,4,1),(932,754,4,1),(932,755,4,1),(932,760,4,1),(932,1351,4,1),(932,2245,4,1),(932,2246,4,1),(932,2247,4,1),(932,2249,4,1),(932,2250,4,1),(932,2252,4,1),(932,2261,4,1),(932,2262,4,1),(932,2263,4,1),(932,2264,4,1),(932,2267,4,1),(932,2270,4,1),(932,2272,4,1),(932,2273,4,1),(932,2277,4,1),(932,2279,4,1),(932,2283,4,1),(932,2284,4,1),(932,2285,4,1),(932,2286,4,1),(932,2287,4,1),(932,2289,4,1),(932,2291,4,1),(932,2294,4,1),(932,2300,4,1),(932,2303,4,1),(932,2304,4,1),(932,2307,4,1),(932,2309,4,1),(932,2310,4,1),(932,2311,4,1),(932,2313,4,1),(932,2315,4,1),(932,2316,4,1),(932,2318,4,1),(932,2319,4,1),(932,2320,4,1),(932,2321,4,1),(932,2322,4,1),(932,2323,4,1),(932,2325,4,1),(932,2327,4,1),(932,2328,4,1),(932,2329,4,1),(932,2330,4,1),(932,2332,4,1),(932,2335,4,1),(932,2337,4,1),(932,2338,4,1),(932,2339,4,1),(932,2341,4,1),(932,2342,4,1),(932,2344,4,1),(932,2600,4,1),(932,2601,4,1),(932,2603,4,1),(932,2604,4,1),(932,2606,4,1),(932,2607,4,1),(932,2608,4,1),(932,2611,4,1),(932,2612,4,1),(932,2613,4,1),(932,2614,4,1),(932,2616,4,1),(932,2621,4,1),(932,2622,4,1),(932,2623,4,1),(932,2624,4,1),(932,2625,4,1),(932,2626,4,1),(932,2628,4,1),(932,2629,4,1),(932,2631,4,1),(932,2633,4,1),(932,2635,4,1),(932,2636,4,1),(932,2637,4,1),(932,2638,4,1),(932,2642,4,1),(932,2643,4,1),(932,2644,4,1),(932,2645,4,1),(932,2646,4,1),(932,2647,4,1),(932,2649,4,1),(932,2651,4,1),(932,2652,4,1),(932,2654,4,1),(932,2656,4,1),(932,2657,4,1),(932,2659,4,1),(932,2661,4,1),(932,2662,4,1),(932,2663,4,1),(932,2664,4,1),(932,2665,4,1),(932,2666,4,1),(934,1571,1,1),(935,1571,1,1),(936,1571,1,1),(937,1571,1,1),(938,1572,1,1),(939,1572,1,1),(940,1573,1,1),(941,1572,1,1),(942,1587,1,1),(943,1587,1,1),(944,1587,1,1),(944,1811,1,1),(945,1590,1,1),(946,1590,1,1),(947,1590,1,1),(948,1786,2,1),(949,1786,1,1),(950,1790,2,1),(951,1791,2,1),(951,1891,2,1),(951,1892,2,1),(952,1792,1,1),(953,1796,2,1),(954,1799,2,1),(954,1800,2,1),(954,1802,2,1),(955,1816,2,1),(956,290,1,1),(956,1820,1,1),(956,1838,1,1),(957,1820,1,1),(958,1821,1,1),(958,1849,1,1),(958,1851,1,1),(958,1866,1,1),(958,2374,1,1),(958,2376,1,1),(959,1838,1,1),(960,1842,2,1),(960,1843,2,1),(960,1844,2,1),(960,1845,2,1),(961,1846,2,1),(962,1847,2,1),(962,1854,2,1),(963,1848,2,1),(964,1848,2,1),(965,1848,2,1),(966,1905,2,1),(966,1906,2,1),(966,1907,2,1),(966,1908,2,1),(966,1909,2,1),(967,1856,2,1),(967,1882,2,1),(967,1888,2,1),(968,1856,2,1),(969,1857,2,1),(969,1890,2,1),(970,1857,2,1),(970,1890,2,1),(970,1891,2,1),(970,1892,2,1),(971,1857,2,1),(972,1860,2,1),(973,1861,2,1),(973,1877,2,1),(974,1861,2,1),(974,1877,2,1),(975,1861,2,1),(975,1877,2,1),(979,1878,2,1),(980,1878,2,1),(981,1879,2,1),(982,1879,2,1),(983,1880,1,1),(983,1881,1,1),(984,1885,1,1),(985,1885,1,1),(986,1890,2,1),(986,1891,2,1),(986,1892,2,1),(987,1815,3,1),(987,1894,3,1),(987,1895,3,1),(987,1896,3,1),(987,1897,3,1),(987,1898,3,1),(987,1899,3,1),(987,1900,3,1),(987,1902,3,1),(987,1903,3,1),(987,1912,3,1),(987,1913,3,1),(987,1914,3,1),(987,1915,3,1),(987,1916,3,1),(987,1918,3,1),(987,1919,3,1),(987,1920,3,1),(987,1921,3,1),(987,1922,3,1),(987,1923,3,1),(987,1924,3,1),(987,1925,3,1),(987,1926,3,1),(987,1927,3,1),(987,1928,3,1),(987,1929,3,1),(987,1930,3,1),(987,1932,3,1),(987,1933,3,1),(987,1934,3,1),(987,1958,3,1),(987,1959,3,1),(987,1975,3,1),(987,1976,3,1),(987,1977,3,1),(987,2229,3,1),(987,2230,3,1),(987,2231,3,1),(987,2237,3,1),(987,2555,3,1),(987,2556,3,1),(987,2798,3,1),(987,2799,3,1),(987,2800,3,1),(987,2816,3,1),(987,2820,3,1),(987,2825,3,1),(987,2832,3,1),(987,2833,3,1),(987,2841,3,1),(987,2842,3,1),(987,2866,3,1),(988,1815,3,1),(988,1894,3,1),(988,1895,3,1),(988,1896,3,1),(988,1897,3,1),(988,1898,3,1),(988,1899,3,1),(988,1900,3,1),(988,1902,3,1),(988,1903,3,1),(988,1912,3,1),(988,1913,3,1),(988,1914,3,1),(988,1915,3,1),(988,1916,3,1),(988,1918,3,1),(988,1919,3,1),(988,1920,3,1),(988,1921,3,1),(988,1922,3,1),(988,1923,3,1),(988,1924,3,1),(988,1925,3,1),(988,1926,3,1),(988,1927,3,1),(988,1928,3,1),(988,1929,3,1),(988,1930,3,1),(988,1932,3,1),(988,1933,3,1),(988,1934,3,1),(988,1958,3,1),(988,1959,3,1),(988,1975,3,1),(988,1976,3,1),(988,1977,3,1),(988,2229,3,1),(988,2230,3,1),(988,2231,3,1),(988,2237,3,1),(988,2555,3,1),(988,2556,3,1),(988,2798,3,1),(988,2799,3,1),(988,2800,3,1),(988,2816,3,1),(988,2820,3,1),(988,2825,3,1),(988,2832,3,1),(988,2833,3,1),(988,2841,3,1),(988,2842,3,1),(988,2866,3,1),(989,1815,3,1),(989,1894,3,1),(989,1895,3,1),(989,1896,3,1),(989,1897,3,1),(989,1898,3,1),(989,1899,3,1),(989,1900,3,1),(989,1902,3,1),(989,1903,3,1),(989,1912,3,1),(989,1913,3,1),(989,1914,3,1),(989,1915,3,1),(989,1916,3,1),(989,1918,3,1),(989,1919,3,1),(989,1920,3,1),(989,1921,3,1),(989,1922,3,1),(989,1923,3,1),(989,1924,3,1),(989,1925,3,1),(989,1926,3,1),(989,1927,3,1),(989,1928,3,1),(989,1929,3,1),(989,1930,3,1),(989,1932,3,1),(989,1933,3,1),(989,1975,3,1),(989,1976,3,1),(989,1977,3,1),(989,2229,3,1),(989,2230,3,1),(989,2231,3,1),(989,2555,3,1),(989,2556,3,1),(989,2800,3,1),(989,2816,3,1),(989,2820,3,1),(989,2825,3,1),(989,2866,3,1),(990,1815,3,1),(990,1894,3,1),(990,1895,3,1),(990,1896,3,1),(990,1897,3,1),(990,1898,3,1),(990,1899,3,1),(990,1900,3,1),(990,1902,3,1),(990,1903,3,1),(990,1912,3,1),(990,1913,3,1),(990,1914,3,1),(990,1915,3,1),(990,1916,3,1),(990,1920,3,1),(990,1921,3,1),(990,1923,3,1),(990,1924,3,1),(990,1925,3,1),(990,1926,3,1),(990,1927,3,1),(990,1928,3,1),(990,1929,3,1),(990,1930,3,1),(990,1932,3,1),(990,1933,3,1),(990,1975,3,1),(990,1976,3,1),(990,1977,3,1),(990,2229,3,1),(990,2555,3,1),(990,2556,3,1),(990,2825,3,1),(990,2866,3,1),(991,1815,3,1),(991,1894,3,1),(991,1895,3,1),(991,1896,3,1),(991,1897,3,1),(991,1898,3,1),(991,1899,3,1),(991,1900,3,1),(991,1902,3,1),(991,1912,3,1),(991,1913,3,1),(991,1914,3,1),(991,1915,3,1),(991,1916,3,1),(991,1920,3,1),(991,1921,3,1),(991,1923,3,1),(991,1924,3,1),(991,1926,3,1),(991,1927,3,1),(991,1928,3,1),(991,1929,3,1),(991,1975,3,1),(991,1976,3,1),(991,1977,3,1),(991,2556,3,1),(991,2825,3,1),(992,1815,3,1),(992,1894,3,1),(992,1895,3,1),(992,1896,3,1),(992,1897,3,1),(992,1898,3,1),(992,1899,3,1),(992,1902,3,1),(992,1912,3,1),(992,1913,3,1),(992,1914,3,1),(992,1915,3,1),(992,1920,3,1),(992,1921,3,1),(992,1924,3,1),(992,1975,3,1),(992,1976,3,1),(992,1977,3,1),(992,2556,3,1),(993,1815,3,1),(993,1894,3,1),(993,1895,3,1),(993,1896,3,1),(993,1897,3,1),(993,1898,3,1),(993,1902,3,1),(993,1913,3,1),(993,1924,3,1),(993,1975,3,1),(993,1976,3,1),(993,1977,3,1),(993,2556,3,1),(994,1894,3,1),(994,1895,3,1),(994,1896,3,1),(994,1897,3,1),(994,1898,3,1),(994,1913,3,1),(995,1894,3,1),(995,1898,3,1),(996,1894,3,1),(998,1904,2,1),(999,1904,2,1),(999,1917,2,1),(1000,1917,2,1),(1001,1544,2,1),(1002,1995,2,1),(1003,284,2,1),(1004,284,2,1),(1005,251,2,1),(1005,252,2,1),(1006,259,2,1),(1007,259,2,1),(1008,2180,2,1),(1009,2180,2,1),(1010,2181,2,1),(1011,2181,2,1),(1012,2196,1,1),(1013,2205,2,1),(1014,2205,2,1),(1015,290,2,1),(1016,290,2,1),(1017,2574,1,1),(1019,2574,1,1),(1020,2574,1,1),(1024,433,2,1),(1025,433,2,1),(1028,1548,2,1),(1028,1550,2,1),(1029,1548,2,1),(1029,1550,2,1),(1030,2594,2,1),(1031,2594,2,1),(1032,2595,2,1),(1033,2595,2,1),(1034,2595,2,1),(1035,2595,2,1),(1036,1452,2,1),(1036,1453,2,1),(1036,1454,2,1),(1037,25,2,1),(1038,25,2,1),(1039,25,2,1),(1040,25,2,1),(1041,25,2,1),(1042,25,2,1),(1043,25,2,1),(1044,25,2,1),(1045,1461,2,1),(1045,1462,2,1),(1045,1463,2,1),(1045,1464,2,1),(1045,1465,2,1),(1045,1466,2,1),(1045,1467,2,1),(1045,1468,2,1),(1046,1461,2,1),(1046,1462,2,1),(1046,1463,2,1),(1046,1464,2,1),(1046,1465,2,1),(1046,1466,2,1),(1046,1467,2,1),(1046,1468,2,1),(1047,1461,2,1),(1047,1462,2,1),(1047,1463,2,1),(1047,1464,2,1),(1047,1465,2,1),(1047,1466,2,1),(1047,1467,2,1),(1047,1468,2,1),(1048,1461,2,1),(1048,1462,2,1),(1048,1463,2,1),(1048,1464,2,1),(1048,1465,2,1),(1048,1466,2,1),(1048,1467,2,1),(1048,1468,2,1),(1049,1461,2,1),(1049,1462,2,1),(1049,1463,2,1),(1049,1464,2,1),(1049,1465,2,1),(1049,1466,2,1),(1049,1467,2,1),(1049,1468,2,1),(1050,1461,2,1),(1050,1462,2,1),(1050,1463,2,1),(1050,1464,2,1),(1050,1465,2,1),(1050,1466,2,1),(1050,1467,2,1),(1050,1468,2,1),(1051,432,4,1),(1051,752,4,1),(1051,753,4,1),(1051,754,4,1),(1051,755,4,1),(1051,759,4,1),(1051,760,4,1),(1051,1351,4,1),(1051,2606,4,1),(1051,2611,4,1),(1051,2625,4,1),(1051,2642,4,1),(1051,2644,4,1),(1051,2647,4,1),(1052,432,4,1),(1052,752,4,1),(1052,753,4,1),(1052,760,4,1),(1055,752,4,1),(1056,1544,2,1),(1058,217,2,1),(1059,1544,2,1),(1060,430,3,1),(1061,430,3,1);

--
